-- Table structure for table `ec_shared_wishlists`
--

CREATE TABLE `ec_shared_wishlists` (
  `id` bigint unsigned NOT NULL AUTO_INCREMENT,
  `code` varchar(191) COLLATE utf8mb4_unicode_ci NOT NULL,
  `product_ids` text COLLATE utf8mb4_unicode_ci,
  `created_at` timestamp NULL DEFAULT NULL,
  `updated_at` timestamp NULL DEFAULT NULL,
  PRIMARY KEY (`id`),
  UNIQUE KEY `ec_shared_wishlists_code_unique` (`code`)
) ENGINE=InnoDB DEFAULT CHARSET=utf8mb4 COLLATE=utf8mb4_unicode_ci;

--
-- Dumping data for table `ec_shared_wishlists`
--


--
-- Table structure for table `ec_shipment_histories`
--

CREATE TABLE `ec_shipment_histories` (
  `id` bigint unsigned NOT NULL AUTO_INCREMENT,
  `action` varchar(120) COLLATE utf8mb4_unicode_ci NOT NULL,
  `description` varchar(400) COLLATE utf8mb4_unicode_ci DEFAULT NULL,
  `user_id` bigint unsigned DEFAULT NULL,
  `shipment_id` bigint unsigned NOT NULL,
  `order_id` bigint unsigned NOT NULL,
  `created_at` timestamp NULL DEFAULT NULL,
  `updated_at` timestamp NULL DEFAULT NULL,
  `user_type` varchar(191) COLLATE utf8mb4_unicode_ci NOT NULL DEFAULT 'Botble\\ACL\\Models\\User',
  PRIMARY KEY (`id`)
) ENGINE=InnoDB DEFAULT CHARSET=utf8mb4 COLLATE=utf8mb4_unicode_ci;

--
-- Dumping data for table `ec_shipment_histories`
--


--
-- Table structure for table `ec_shipments`
--

CREATE TABLE `ec_shipments` (
  `id` bigint unsigned NOT NULL AUTO_INCREMENT,
  `order_id` bigint unsigned NOT NULL,
  `user_id` bigint unsigned DEFAULT NULL,
  `weight` double DEFAULT '0',
  `shipment_id` varchar(120) COLLATE utf8mb4_unicode_ci DEFAULT NULL,
  `rate_id` varchar(120) COLLATE utf8mb4_unicode_ci DEFAULT NULL,
  `note` varchar(120) COLLATE utf8mb4_unicode_ci DEFAULT NULL,
  `status` varchar(120) COLLATE utf8mb4_unicode_ci NOT NULL DEFAULT 'pending',
  `cod_amount` decimal(15,2) DEFAULT '0.00',
  `cod_status` varchar(60) COLLATE utf8mb4_unicode_ci NOT NULL DEFAULT 'pending',
  `cross_checking_status` varchar(60) COLLATE utf8mb4_unicode_ci NOT NULL DEFAULT 'pending',
  `price` decimal(15,2) DEFAULT '0.00',
  `store_id` bigint unsigned DEFAULT NULL,
  `created_at` timestamp NULL DEFAULT NULL,
  `updated_at` timestamp NULL DEFAULT NULL,
  `tracking_id` varchar(191) COLLATE utf8mb4_unicode_ci DEFAULT NULL,
  `shipping_company_name` varchar(191) COLLATE utf8mb4_unicode_ci DEFAULT NULL,
  `tracking_link` varchar(191) COLLATE utf8mb4_unicode_ci DEFAULT NULL,
  `estimate_date_shipped` datetime DEFAULT NULL,
  `date_shipped` datetime DEFAULT NULL,
  `customer_delivered_confirmed_at` timestamp NULL DEFAULT NULL,
  `label_url` text COLLATE utf8mb4_unicode_ci,
  `metadata` mediumtext COLLATE utf8mb4_unicode_ci,
  PRIMARY KEY (`id`)
) ENGINE=InnoDB DEFAULT CHARSET=utf8mb4 COLLATE=utf8mb4_unicode_ci;

--
-- Dumping data for table `ec_shipments`
--


--
-- Table structure for table `ec_shipping`
--

CREATE TABLE `ec_shipping` (
  `id` bigint unsigned NOT NULL AUTO_INCREMENT,
  `title` varchar(191) COLLATE utf8mb4_unicode_ci DEFAULT NULL,
  `country` varchar(120) COLLATE utf8mb4_unicode_ci DEFAULT NULL,
  `created_at` timestamp NULL DEFAULT NULL,
  `updated_at` timestamp NULL DEFAULT NULL,
  PRIMARY KEY (`id`)
) ENGINE=InnoDB AUTO_INCREMENT=2 DEFAULT CHARSET=utf8mb4 COLLATE=utf8mb4_unicode_ci;

--
-- Dumping data for table `ec_shipping`
--

INSERT INTO `ec_shipping` VALUES (1,'All',NULL,'2025-01-21 08:51:21','2025-01-21 08:51:21');

--
-- Table structure for table `ec_shipping_rule_items`
--

CREATE TABLE `ec_shipping_rule_items` (
  `id` bigint unsigned NOT NULL AUTO_INCREMENT,
  `shipping_rule_id` bigint unsigned NOT NULL,
  `country` varchar(120) COLLATE utf8mb4_unicode_ci DEFAULT NULL,
  `state` varchar(120) COLLATE utf8mb4_unicode_ci DEFAULT NULL,
  `city` varchar(120) COLLATE utf8mb4_unicode_ci DEFAULT NULL,
  `zip_code` varchar(20) COLLATE utf8mb4_unicode_ci DEFAULT NULL,
  `adjustment_price` decimal(15,2) DEFAULT '0.00',
  `is_enabled` tinyint(1) NOT NULL DEFAULT '1',
  `created_at` timestamp NULL DEFAULT NULL,
  `updated_at` timestamp NULL DEFAULT NULL,
  PRIMARY KEY (`id`)
) ENGINE=InnoDB DEFAULT CHARSET=utf8mb4 COLLATE=utf8mb4_unicode_ci;

--
-- Dumping data for table `ec_shipping_rule_items`
--


--
-- Table structure for table `ec_shipping_rules`
--

CREATE TABLE `ec_shipping_rules` (
  `id` bigint unsigned NOT NULL AUTO_INCREMENT,
  `name` varchar(120) COLLATE utf8mb4_unicode_ci NOT NULL,
  `shipping_id` bigint unsigned NOT NULL,
  `type` varchar(24) COLLATE utf8mb4_unicode_ci DEFAULT 'based_on_price',
  `from` decimal(15,2) DEFAULT '0.00',
  `to` decimal(15,2) DEFAULT '0.00',
  `price` decimal(15,2) DEFAULT '0.00',
  `created_at` timestamp NULL DEFAULT NULL,
  `updated_at` timestamp NULL DEFAULT NULL,
  PRIMARY KEY (`id`)
) ENGINE=InnoDB AUTO_INCREMENT=4 DEFAULT CHARSET=utf8mb4 COLLATE=utf8mb4_unicode_ci;

--
-- Dumping data for table `ec_shipping_rules`
--

INSERT INTO `ec_shipping_rules` VALUES (1,'Free delivery',1,'based_on_price',1000.00,NULL,0.00,'2025-01-21 08:51:21','2025-01-21 08:51:21'),(2,'Flat Rate',1,'based_on_price',0.00,NULL,20.00,'2025-01-21 08:51:21','2025-01-21 08:51:21'),(3,'Local Pickup',1,'based_on_price',0.00,NULL,0.00,'2025-01-21 08:51:21','2025-01-21 08:51:21');

--
-- Table structure for table `ec_specification_attributes`
--

CREATE TABLE `ec_specification_attributes` (
  `id` bigint unsigned NOT NULL AUTO_INCREMENT,
  `group_id` bigint unsigned NOT NULL,
  `name` varchar(191) COLLATE utf8mb4_unicode_ci NOT NULL,
  `type` varchar(20) COLLATE utf8mb4_unicode_ci NOT NULL,
  `options` text COLLATE utf8mb4_unicode_ci,
  `default_value` varchar(191) COLLATE utf8mb4_unicode_ci DEFAULT NULL,
  `created_at` timestamp NULL DEFAULT NULL,
  `updated_at` timestamp NULL DEFAULT NULL,
  `author_type` varchar(191) COLLATE utf8mb4_unicode_ci DEFAULT NULL,
  `author_id` bigint unsigned DEFAULT NULL,
  PRIMARY KEY (`id`),
  KEY `ec_specification_attributes_author_type_author_id_index` (`author_type`,`author_id`)
) ENGINE=InnoDB AUTO_INCREMENT=9 DEFAULT CHARSET=utf8mb4 COLLATE=utf8mb4_unicode_ci;

--
-- Dumping data for table `ec_specification_attributes`
--

INSERT INTO `ec_specification_attributes` VALUES (1,1,'Height','text',NULL,NULL,'2025-01-21 08:51:24','2025-01-21 08:51:24',NULL,NULL),(2,1,'Width','text',NULL,NULL,'2025-01-21 08:51:24','2025-01-21 08:51:24',NULL,NULL),(3,1,'Weight','text',NULL,NULL,'2025-01-21 08:51:24','2025-01-21 08:51:24',NULL,NULL),(4,2,'Power','text',NULL,NULL,'2025-01-21 08:51:24','2025-01-21 08:51:24',NULL,NULL),(5,2,'Speed','text',NULL,NULL,'2025-01-21 08:51:24','2025-01-21 08:51:24',NULL,NULL),(6,3,'Battery Life','text',NULL,NULL,'2025-01-21 08:51:24','2025-01-21 08:51:24',NULL,NULL),(7,4,'Screen Size','text',NULL,NULL,'2025-01-21 08:51:24','2025-01-21 08:51:24',NULL,NULL),(8,4,'Resolution','select','[\"1920x1080\",\"2560x1440\",\"3840x2160\"]',NULL,'2025-01-21 08:51:24','2025-01-21 08:51:24',NULL,NULL);

--
-- Table structure for table `ec_specification_attributes_translations`
--

CREATE TABLE `ec_specification_attributes_translations` (
  `lang_code` varchar(20) COLLATE utf8mb4_unicode_ci NOT NULL,
  `ec_specification_attributes_id` bigint unsigned NOT NULL,
  `name` varchar(191) COLLATE utf8mb4_unicode_ci DEFAULT NULL,
  `options` text COLLATE utf8mb4_unicode_ci,
  `default_value` varchar(191) COLLATE utf8mb4_unicode_ci DEFAULT NULL,
  PRIMARY KEY (`lang_code`,`ec_specification_attributes_id`)
) ENGINE=InnoDB DEFAULT CHARSET=utf8mb4 COLLATE=utf8mb4_unicode_ci;

--
-- Dumping data for table `ec_specification_attributes_translations`
--


--
-- Table structure for table `ec_specification_groups`
--

CREATE TABLE `ec_specification_groups` (
  `id` bigint unsigned NOT NULL AUTO_INCREMENT,
  `name` varchar(191) COLLATE utf8mb4_unicode_ci NOT NULL,
  `description` varchar(400) COLLATE utf8mb4_unicode_ci DEFAULT NULL,
  `created_at` timestamp NULL DEFAULT NULL,
  `updated_at` timestamp NULL DEFAULT NULL,
  `author_type` varchar(191) COLLATE utf8mb4_unicode_ci DEFAULT NULL,
  `author_id` bigint unsigned DEFAULT NULL,
  PRIMARY KEY (`id`),
  KEY `ec_specification_groups_author_type_author_id_index` (`author_type`,`author_id`)
) ENGINE=InnoDB AUTO_INCREMENT=5 DEFAULT CHARSET=utf8mb4 COLLATE=utf8mb4_unicode_ci;

--
-- Dumping data for table `ec_specification_groups`
--

INSERT INTO `ec_specification_groups` VALUES (1,'Dimensions',NULL,'2025-01-21 08:51:24','2025-01-21 08:51:24',NULL,NULL),(2,'Performance',NULL,'2025-01-21 08:51:24','2025-01-21 08:51:24',NULL,NULL),(3,'Battery',NULL,'2025-01-21 08:51:24','2025-01-21 08:51:24',NULL,NULL),(4,'Display',NULL,'2025-01-21 08:51:24','2025-01-21 08:51:24',NULL,NULL);

--
-- Table structure for table `ec_specification_table_group`
--

CREATE TABLE `ec_specification_table_group` (
  `table_id` bigint unsigned NOT NULL,
  `group_id` bigint unsigned NOT NULL,
  `order` tinyint NOT NULL DEFAULT '0',
  PRIMARY KEY (`table_id`,`group_id`)
) ENGINE=InnoDB DEFAULT CHARSET=utf8mb4 COLLATE=utf8mb4_unicode_ci;

--
-- Dumping data for table `ec_specification_table_group`
--

INSERT INTO `ec_specification_table_group` VALUES (1,1,0),(1,2,0),(2,3,0),(2,4,0);

--
-- Table structure for table `ec_specification_tables`
--

CREATE TABLE `ec_specification_tables` (
  `id` bigint unsigned NOT NULL AUTO_INCREMENT,
  `name` varchar(191) COLLATE utf8mb4_unicode_ci NOT NULL,
  `description` varchar(400) COLLATE utf8mb4_unicode_ci DEFAULT NULL,
  `created_at` timestamp NULL DEFAULT NULL,
  `updated_at` timestamp NULL DEFAULT NULL,
  `author_type` varchar(191) COLLATE utf8mb4_unicode_ci DEFAULT NULL,
  `author_id` bigint unsigned DEFAULT NULL,
  PRIMARY KEY (`id`),
  KEY `ec_specification_tables_author_type_author_id_index` (`author_type`,`author_id`)
) ENGINE=InnoDB AUTO_INCREMENT=3 DEFAULT CHARSET=utf8mb4 COLLATE=utf8mb4_unicode_ci;

--
-- Dumping data for table `ec_specification_tables`
--

INSERT INTO `ec_specification_tables` VALUES (1,'General Specification',NULL,'2025-01-21 08:51:24','2025-01-21 08:51:24',NULL,NULL),(2,'Technical Specification',NULL,'2025-01-21 08:51:24','2025-01-21 08:51:24',NULL,NULL);

--
-- Table structure for table `ec_store_locators`
--

CREATE TABLE `ec_store_locators` (
  `id` bigint unsigned NOT NULL AUTO_INCREMENT,
  `name` varchar(60) COLLATE utf8mb4_unicode_ci NOT NULL,
  `email` varchar(60) COLLATE utf8mb4_unicode_ci DEFAULT NULL,
  `phone` varchar(20) COLLATE utf8mb4_unicode_ci NOT NULL,
  `address` varchar(191) COLLATE utf8mb4_unicode_ci NOT NULL,
  `country` varchar(120) COLLATE utf8mb4_unicode_ci DEFAULT NULL,
  `state` varchar(120) COLLATE utf8mb4_unicode_ci DEFAULT NULL,
  `city` varchar(120) COLLATE utf8mb4_unicode_ci DEFAULT NULL,
  `is_primary` tinyint(1) DEFAULT '0',
  `is_shipping_location` tinyint(1) DEFAULT '1',
  `created_at` timestamp NULL DEFAULT NULL,
  `updated_at` timestamp NULL DEFAULT NULL,
  `zip_code` varchar(20) COLLATE utf8mb4_unicode_ci DEFAULT NULL,
  PRIMARY KEY (`id`)
) ENGINE=InnoDB AUTO_INCREMENT=2 DEFAULT CHARSET=utf8mb4 COLLATE=utf8mb4_unicode_ci;

--
-- Dumping data for table `ec_store_locators`
--

INSERT INTO `ec_store_locators` VALUES (1,'Martfury','sales@botble.com','1800979769','502 New Street','AU','Brighton VIC','Brighton VIC',1,1,'2025-01-21 08:51:24','2025-01-21 08:51:24',NULL);

--
-- Table structure for table `ec_tax_products`
--

CREATE TABLE `ec_tax_products` (
  `tax_id` bigint unsigned NOT NULL,
  `product_id` bigint unsigned NOT NULL,
  PRIMARY KEY (`product_id`,`tax_id`),
  KEY `ec_tax_products_tax_id_index` (`tax_id`),
  KEY `ec_tax_products_product_id_index` (`product_id`)
) ENGINE=InnoDB DEFAULT CHARSET=utf8mb4 COLLATE=utf8mb4_unicode_ci;

--
-- Dumping data for table `ec_tax_products`
--

INSERT INTO `ec_tax_products` VALUES (1,1),(1,2),(1,3),(1,4),(1,5),(1,6),(1,7),(1,8),(1,9),(1,10),(1,11),(1,12),(1,13),(1,14),(1,15),(1,16),(1,17),(1,18),(1,19),(1,20),(1,21),(1,22),(1,23);

--
-- Table structure for table `ec_tax_rules`
--

CREATE TABLE `ec_tax_rules` (
  `id` bigint unsigned NOT NULL AUTO_INCREMENT,
  `tax_id` bigint unsigned NOT NULL,
  `country` varchar(120) COLLATE utf8mb4_unicode_ci DEFAULT NULL,
  `state` varchar(120) COLLATE utf8mb4_unicode_ci DEFAULT NULL,
  `city` varchar(120) COLLATE utf8mb4_unicode_ci DEFAULT NULL,
  `zip_code` varchar(20) COLLATE utf8mb4_unicode_ci DEFAULT NULL,
  `priority` int DEFAULT NULL,
  `is_enabled` tinyint(1) NOT NULL DEFAULT '1',
  `created_at` timestamp NULL DEFAULT NULL,
  `updated_at` timestamp NULL DEFAULT NULL,
  `percentage` float DEFAULT NULL,
  PRIMARY KEY (`id`)
) ENGINE=InnoDB DEFAULT CHARSET=utf8mb4 COLLATE=utf8mb4_unicode_ci;

--
-- Dumping data for table `ec_tax_rules`
--


--
-- Table structure for table `ec_taxes`
--

CREATE TABLE `ec_taxes` (
  `id` bigint unsigned NOT NULL AUTO_INCREMENT,
  `title` varchar(191) COLLATE utf8mb4_unicode_ci DEFAULT NULL,
  `percentage` float DEFAULT NULL,
  `priority` int DEFAULT NULL,
  `status` varchar(60) COLLATE utf8mb4_unicode_ci NOT NULL DEFAULT 'published',
  `created_at` timestamp NULL DEFAULT NULL,
  `updated_at` timestamp NULL DEFAULT NULL,
  PRIMARY KEY (`id`)
) ENGINE=InnoDB AUTO_INCREMENT=4 DEFAULT CHARSET=utf8mb4 COLLATE=utf8mb4_unicode_ci;

--
-- Dumping data for table `ec_taxes`
--

INSERT INTO `ec_taxes` VALUES (1,'VAT',10,1,'published','2025-01-21 08:51:21','2025-01-21 08:51:21'),(2,'None',0,2,'published','2025-01-21 08:51:21','2025-01-21 08:51:21'),(3,'Import Tax',15,3,'published','2025-01-21 08:51:21','2025-01-21 08:51:21');

--
-- Table structure for table `ec_wish_lists`
--

CREATE TABLE `ec_wish_lists` (
  `customer_id` bigint unsigned NOT NULL,
  `product_id` bigint unsigned NOT NULL,
  `created_at` timestamp NULL DEFAULT NULL,
  `updated_at` timestamp NULL DEFAULT NULL,
  PRIMARY KEY (`customer_id`,`product_id`),
  KEY `wishlist_relation_index` (`product_id`,`customer_id`)
) ENGINE=InnoDB DEFAULT CHARSET=utf8mb4 COLLATE=utf8mb4_unicode_ci;

--
-- Dumping data for table `ec_wish_lists`
--


--
-- Table structure for table `failed_jobs`
--

CREATE TABLE `failed_jobs` (
  `id` bigint unsigned NOT NULL AUTO_INCREMENT,
  `uuid` varchar(191) COLLATE utf8mb4_unicode_ci NOT NULL,
  `connection` text COLLATE utf8mb4_unicode_ci NOT NULL,
  `queue` text COLLATE utf8mb4_unicode_ci NOT NULL,
  `payload` longtext COLLATE utf8mb4_unicode_ci NOT NULL,
  `exception` longtext COLLATE utf8mb4_unicode_ci NOT NULL,
  `failed_at` timestamp NOT NULL DEFAULT CURRENT_TIMESTAMP,
  PRIMARY KEY (`id`),
  UNIQUE KEY `failed_jobs_uuid_unique` (`uuid`)
) ENGINE=InnoDB DEFAULT CHARSET=utf8mb4 COLLATE=utf8mb4_unicode_ci;

--
-- Dumping data for table `failed_jobs`
--


--
-- Table structure for table `faq_categories`
--

CREATE TABLE `faq_categories` (
  `id` bigint unsigned NOT NULL AUTO_INCREMENT,
  `name` varchar(120) COLLATE utf8mb4_unicode_ci NOT NULL,
  `order` tinyint NOT NULL DEFAULT '0',
  `status` varchar(60) COLLATE utf8mb4_unicode_ci NOT NULL DEFAULT 'published',
  `created_at` timestamp NULL DEFAULT NULL,
  `updated_at` timestamp NULL DEFAULT NULL,
  `description` varchar(400) COLLATE utf8mb4_unicode_ci DEFAULT NULL,
  PRIMARY KEY (`id`)
) ENGINE=InnoDB AUTO_INCREMENT=4 DEFAULT CHARSET=utf8mb4 COLLATE=utf8mb4_unicode_ci;

--
-- Dumping data for table `faq_categories`
--

INSERT INTO `faq_categories` VALUES (1,'SHIPPING',0,'published','2025-01-21 08:51:24','2025-01-21 08:51:24',NULL),(2,'PAYMENT',1,'published','2025-01-21 08:51:24','2025-01-21 08:51:24',NULL),(3,'ORDER &amp; RETURNS',2,'published','2025-01-21 08:51:24','2025-01-21 08:51:24',NULL);

--
-- Table structure for table `faq_categories_translations`
--

CREATE TABLE `faq_categories_translations` (
  `lang_code` varchar(20) COLLATE utf8mb4_unicode_ci NOT NULL,
  `faq_categories_id` bigint unsigned NOT NULL,
  `name` varchar(120) COLLATE utf8mb4_unicode_ci DEFAULT NULL,
  PRIMARY KEY (`lang_code`,`faq_categories_id`)
) ENGINE=InnoDB DEFAULT CHARSET=utf8mb4 COLLATE=utf8mb4_unicode_ci;

--
-- Dumping data for table `faq_categories_translations`
--


--
-- Table structure for table `faqs`
--

CREATE TABLE `faqs` (
  `id` bigint unsigned NOT NULL AUTO_INCREMENT,
  `question` text COLLATE utf8mb4_unicode_ci NOT NULL,
  `answer` text COLLATE utf8mb4_unicode_ci NOT NULL,
  `category_id` bigint unsigned NOT NULL,
  `status` varchar(60) COLLATE utf8mb4_unicode_ci NOT NULL DEFAULT 'published',
  `created_at` timestamp NULL DEFAULT NULL,
  `updated_at` timestamp NULL DEFAULT NULL,
  PRIMARY KEY (`id`)
) ENGINE=InnoDB AUTO_INCREMENT=11 DEFAULT CHARSET=utf8mb4 COLLATE=utf8mb4_unicode_ci;

--
-- Dumping data for table `faqs`
--

INSERT INTO `faqs` VALUES (1,'What Shipping Methods Are Available?','Ex Portland Pitchfork irure mustache. Eutra fap before they sold out literally. Aliquip ugh bicycle rights actually mlkshk, seitan squid craft beer tempor.',1,'published','2025-01-21 08:51:24','2025-01-21 08:51:24'),(2,'Do You Ship Internationally?','Hoodie tote bag mixtape tofu. Typewriter jean shorts wolf quinoa, messenger bag organic freegan cray.',1,'published','2025-01-21 08:51:24','2025-01-21 08:51:24'),(3,'How Long Will It Take To Get My Package?','Swag slow-carb quinoa VHS typewriter pork belly brunch, paleo single-origin coffee Wes Anderson. Flexitarian Pitchfork forage, literally paleo fap pour-over. Wes Anderson Pinterest YOLO fanny pack meggings, deep v XOXO chambray sustainable slow-carb raw denim church-key fap chillwave Etsy. +1 typewriter kitsch, American Apparel tofu Banksy Vice.',1,'published','2025-01-21 08:51:24','2025-01-21 08:51:24'),(4,'What Payment Methods Are Accepted?','Fashion axe DIY jean shorts, swag kale chips meh polaroid kogi butcher Wes Anderson chambray next level semiotics gentrify yr. Voluptate photo booth fugiat Vice. Austin sed Williamsburg, ea labore raw denim voluptate cred proident mixtape excepteur mustache. Twee chia photo booth readymade food truck, hoodie roof party swag keytar PBR DIY.',2,'published','2025-01-21 08:51:24','2025-01-21 08:51:24'),(5,'Is Buying On-Line Safe?','Art party authentic freegan semiotics jean shorts chia cred. Neutra Austin roof party Brooklyn, synth Thundercats swag 8-bit photo booth. Plaid letterpress leggings craft beer meh ethical Pinterest.',2,'published','2025-01-21 08:51:24','2025-01-21 08:51:24'),(6,'How do I place an Order?','Keytar cray slow-carb, Godard banh mi salvia pour-over. Slow-carb Odd Future seitan normcore. Master cleanse American Apparel gentrify flexitarian beard slow-carb next level. Raw denim polaroid paleo farm-to-table, put a bird on it lo-fi tattooed Wes Anderson Pinterest letterpress. Fingerstache McSweeney’s pour-over, letterpress Schlitz photo booth master cleanse bespoke hashtag chillwave gentrify.',3,'published','2025-01-21 08:51:24','2025-01-21 08:51:24'),(7,'How Can I Cancel Or Change My Order?','Plaid letterpress leggings craft beer meh ethical Pinterest. Art party authentic freegan semiotics jean shorts chia cred. Neutra Austin roof party Brooklyn, synth Thundercats swag 8-bit photo booth.',3,'published','2025-01-21 08:51:24','2025-01-21 08:51:24'),(8,'Do I need an account to place an order?','Thundercats swag 8-bit photo booth. Plaid letterpress leggings craft beer meh ethical Pinterest. Twee chia photo booth readymade food truck, hoodie roof party swag keytar PBR DIY. Cray ugh 3 wolf moon fap, fashion axe irony butcher cornhole typewriter chambray VHS banjo street art.',3,'published','2025-01-21 08:51:24','2025-01-21 08:51:24'),(9,'How Do I Track My Order?','Keytar cray slow-carb, Godard banh mi salvia pour-over. Slow-carb @Odd Future seitan normcore. Master cleanse American Apparel gentrify flexitarian beard slow-carb next level.',3,'published','2025-01-21 08:51:24','2025-01-21 08:51:24'),(10,'How Can I Return a Product?','Kale chips Truffaut Williamsburg, hashtag fixie Pinterest raw denim c hambray drinking vinegar Carles street art Bushwick gastropub. Wolf Tumblr paleo church-key. Plaid food truck Echo Park YOLO bitters hella, direct trade Thundercats leggings quinoa before they sold out. You probably haven’t heard of them wayfarers authentic umami drinking vinegar Pinterest Cosby sweater, fingerstache fap High Life.',3,'published','2025-01-21 08:51:24','2025-01-21 08:51:24');

--
-- Table structure for table `faqs_translations`
--

CREATE TABLE `faqs_translations` (
  `lang_code` varchar(20) COLLATE utf8mb4_unicode_ci NOT NULL,
  `faqs_id` bigint unsigned NOT NULL,
  `question` text COLLATE utf8mb4_unicode_ci,
  `answer` text COLLATE utf8mb4_unicode_ci,
  PRIMARY KEY (`lang_code`,`faqs_id`)
) ENGINE=InnoDB DEFAULT CHARSET=utf8mb4 COLLATE=utf8mb4_unicode_ci;

--
-- Dumping data for table `faqs_translations`
--


--
-- Table structure for table `jobs`
--

CREATE TABLE `jobs` (
  `id` bigint unsigned NOT NULL AUTO_INCREMENT,
  `queue` varchar(191) COLLATE utf8mb4_unicode_ci NOT NULL,
  `payload` longtext COLLATE utf8mb4_unicode_ci NOT NULL,
  `attempts` tinyint unsigned NOT NULL,
  `reserved_at` int unsigned DEFAULT NULL,
  `available_at` int unsigned NOT NULL,
  `created_at` int unsigned NOT NULL,
  PRIMARY KEY (`id`),
  KEY `jobs_queue_index` (`queue`)
) ENGINE=InnoDB DEFAULT CHARSET=utf8mb4 COLLATE=utf8mb4_unicode_ci;

--
-- Dumping data for table `jobs`
--


--
-- Table structure for table `language_meta`
--

CREATE TABLE `language_meta` (
  `lang_meta_id` bigint unsigned NOT NULL AUTO_INCREMENT,
  `lang_meta_code` varchar(20) COLLATE utf8mb4_unicode_ci DEFAULT NULL,
  `lang_meta_origin` varchar(32) COLLATE utf8mb4_unicode_ci NOT NULL,
  `reference_id` bigint unsigned NOT NULL,
  `reference_type` varchar(120) COLLATE utf8mb4_unicode_ci NOT NULL,
  PRIMARY KEY (`lang_meta_id`),
  KEY `language_meta_reference_id_index` (`reference_id`),
  KEY `meta_code_index` (`lang_meta_code`),
  KEY `meta_origin_index` (`lang_meta_origin`),
  KEY `meta_reference_type_index` (`reference_type`)
) ENGINE=InnoDB AUTO_INCREMENT=7 DEFAULT CHARSET=utf8mb4 COLLATE=utf8mb4_unicode_ci;

--
-- Dumping data for table `language_meta`
--

INSERT INTO `language_meta` VALUES (1,'en_US','1b44b32b4ef483439727faf48663de0c',1,'Botble\\SimpleSlider\\Models\\SimpleSlider'),(2,'en_US','0bf0cefc983977a49c5fc28c3306ebdc',1,'Botble\\Menu\\Models\\MenuLocation'),(3,'en_US','1600ecdf01f8674d9164570412b0aa56',1,'Botble\\Menu\\Models\\Menu'),(4,'en_US','ff5d2514b7734ff9d3584bb82e953fb3',2,'Botble\\Menu\\Models\\Menu'),(5,'en_US','b43ecbd567d8c156f71993c3c47646eb',3,'Botble\\Menu\\Models\\Menu'),(6,'en_US','246c866e16b8f940003cfef6da6301b8',4,'Botble\\Menu\\Models\\Menu');

--
-- Table structure for table `languages`
--

CREATE TABLE `languages` (
  `lang_id` bigint unsigned NOT NULL AUTO_INCREMENT,
  `lang_name` varchar(120) COLLATE utf8mb4_unicode_ci NOT NULL,
  `lang_locale` varchar(20) COLLATE utf8mb4_unicode_ci NOT NULL,
  `lang_code` varchar(20) COLLATE utf8mb4_unicode_ci NOT NULL,
  `lang_flag` varchar(20) COLLATE utf8mb4_unicode_ci DEFAULT NULL,
  `lang_is_default` tinyint unsigned NOT NULL DEFAULT '0',
  `lang_order` int NOT NULL DEFAULT '0',
  `lang_is_rtl` tinyint unsigned NOT NULL DEFAULT '0',
  PRIMARY KEY (`lang_id`),
  KEY `lang_locale_index` (`lang_locale`),
  KEY `lang_code_index` (`lang_code`),
  KEY `lang_is_default_index` (`lang_is_default`)
) ENGINE=InnoDB AUTO_INCREMENT=2 DEFAULT CHARSET=utf8mb4 COLLATE=utf8mb4_unicode_ci;

--
-- Dumping data for table `languages`
--

INSERT INTO `languages` VALUES (1,'English','en','en_US','us',1,0,0);

--
-- Table structure for table `media_files`
--

CREATE TABLE `media_files` (
  `id` bigint unsigned NOT NULL AUTO_INCREMENT,
  `user_id` bigint unsigned NOT NULL,
  `name` varchar(191) COLLATE utf8mb4_unicode_ci NOT NULL,
  `alt` varchar(191) COLLATE utf8mb4_unicode_ci DEFAULT NULL,
  `folder_id` bigint unsigned NOT NULL DEFAULT '0',
  `mime_type` varchar(120) COLLATE utf8mb4_unicode_ci NOT NULL,
  `size` int NOT NULL,
  `url` varchar(191) COLLATE utf8mb4_unicode_ci NOT NULL,
  `options` text COLLATE utf8mb4_unicode_ci,
  `created_at` timestamp NULL DEFAULT NULL,
  `updated_at` timestamp NULL DEFAULT NULL,
  `deleted_at` timestamp NULL DEFAULT NULL,
  `visibility` varchar(191) COLLATE utf8mb4_unicode_ci NOT NULL DEFAULT 'public',
  PRIMARY KEY (`id`),
  KEY `media_files_user_id_index` (`user_id`),
  KEY `media_files_index` (`folder_id`,`user_id`,`created_at`)
) ENGINE=InnoDB AUTO_INCREMENT=152 DEFAULT CHARSET=utf8mb4 COLLATE=utf8mb4_unicode_ci;

--
-- Dumping data for table `media_files`
--

INSERT INTO `media_files` VALUES (1,0,'1','1',1,'image/jpeg',1613,'brands/1.jpg','[]','2025-01-21 08:51:10','2025-01-21 08:51:10',NULL,'public'),(2,0,'2','2',1,'image/jpeg',1613,'brands/2.jpg','[]','2025-01-21 08:51:10','2025-01-21 08:51:10',NULL,'public'),(3,0,'3','3',1,'image/jpeg',1613,'brands/3.jpg','[]','2025-01-21 08:51:10','2025-01-21 08:51:10',NULL,'public'),(4,0,'4','4',1,'image/jpeg',1613,'brands/4.jpg','[]','2025-01-21 08:51:10','2025-01-21 08:51:10',NULL,'public'),(5,0,'5','5',1,'image/jpeg',1613,'brands/5.jpg','[]','2025-01-21 08:51:10','2025-01-21 08:51:10',NULL,'public'),(6,0,'6','6',1,'image/jpeg',1613,'brands/6.jpg','[]','2025-01-21 08:51:10','2025-01-21 08:51:10',NULL,'public'),(7,0,'7','7',1,'image/jpeg',1613,'brands/7.jpg','[]','2025-01-21 08:51:10','2025-01-21 08:51:10',NULL,'public'),(8,0,'1','1',2,'image/jpeg',9803,'product-categories/1.jpg','[]','2025-01-21 08:51:10','2025-01-21 08:51:10',NULL,'public'),(9,0,'2','2',2,'image/jpeg',9803,'product-categories/2.jpg','[]','2025-01-21 08:51:10','2025-01-21 08:51:10',NULL,'public'),(10,0,'3','3',2,'image/jpeg',9803,'product-categories/3.jpg','[]','2025-01-21 08:51:11','2025-01-21 08:51:11',NULL,'public'),(11,0,'4','4',2,'image/jpeg',9803,'product-categories/4.jpg','[]','2025-01-21 08:51:11','2025-01-21 08:51:11',NULL,'public'),(12,0,'5','5',2,'image/jpeg',9803,'product-categories/5.jpg','[]','2025-01-21 08:51:11','2025-01-21 08:51:11',NULL,'public'),(13,0,'6','6',2,'image/jpeg',9803,'product-categories/6.jpg','[]','2025-01-21 08:51:11','2025-01-21 08:51:11',NULL,'public'),(14,0,'7','7',2,'image/jpeg',9803,'product-categories/7.jpg','[]','2025-01-21 08:51:11','2025-01-21 08:51:11',NULL,'public'),(15,0,'8','8',2,'image/jpeg',9803,'product-categories/8.jpg','[]','2025-01-21 08:51:11','2025-01-21 08:51:11',NULL,'public'),(16,0,'1','1',3,'image/jpeg',9803,'products/1.jpg','[]','2025-01-21 08:51:12','2025-01-21 08:51:12',NULL,'public'),(17,0,'10-1','10-1',3,'image/jpeg',9803,'products/10-1.jpg','[]','2025-01-21 08:51:12','2025-01-21 08:51:12',NULL,'public'),(18,0,'10-2','10-2',3,'image/jpeg',9803,'products/10-2.jpg','[]','2025-01-21 08:51:12','2025-01-21 08:51:12',NULL,'public'),(19,0,'10','10',3,'image/jpeg',9803,'products/10.jpg','[]','2025-01-21 08:51:12','2025-01-21 08:51:12',NULL,'public'),(20,0,'11-1','11-1',3,'image/jpeg',9803,'products/11-1.jpg','[]','2025-01-21 08:51:12','2025-01-21 08:51:12',NULL,'public'),(21,0,'11-2','11-2',3,'image/jpeg',9803,'products/11-2.jpg','[]','2025-01-21 08:51:12','2025-01-21 08:51:12',NULL,'public'),(22,0,'11-3','11-3',3,'image/jpeg',9803,'products/11-3.jpg','[]','2025-01-21 08:51:12','2025-01-21 08:51:12',NULL,'public'),(23,0,'11','11',3,'image/jpeg',9803,'products/11.jpg','[]','2025-01-21 08:51:12','2025-01-21 08:51:12',NULL,'public'),(24,0,'12-1','12-1',3,'image/jpeg',9803,'products/12-1.jpg','[]','2025-01-21 08:51:12','2025-01-21 08:51:12',NULL,'public'),(25,0,'12-2','12-2',3,'image/jpeg',9803,'products/12-2.jpg','[]','2025-01-21 08:51:12','2025-01-21 08:51:12',NULL,'public'),(26,0,'12-3','12-3',3,'image/jpeg',9803,'products/12-3.jpg','[]','2025-01-21 08:51:12','2025-01-21 08:51:12',NULL,'public'),(27,0,'12','12',3,'image/jpeg',9803,'products/12.jpg','[]','2025-01-21 08:51:12','2025-01-21 08:51:12',NULL,'public'),(28,0,'13-1','13-1',3,'image/jpeg',9803,'products/13-1.jpg','[]','2025-01-21 08:51:12','2025-01-21 08:51:12',NULL,'public'),(29,0,'13','13',3,'image/jpeg',9803,'products/13.jpg','[]','2025-01-21 08:51:12','2025-01-21 08:51:12',NULL,'public'),(30,0,'14','14',3,'image/jpeg',9803,'products/14.jpg','[]','2025-01-21 08:51:13','2025-01-21 08:51:13',NULL,'public'),(31,0,'15-1','15-1',3,'image/jpeg',9803,'products/15-1.jpg','[]','2025-01-21 08:51:13','2025-01-21 08:51:13',NULL,'public'),(32,0,'15','15',3,'image/jpeg',9803,'products/15.jpg','[]','2025-01-21 08:51:13','2025-01-21 08:51:13',NULL,'public'),(33,0,'16','16',3,'image/jpeg',9803,'products/16.jpg','[]','2025-01-21 08:51:13','2025-01-21 08:51:13',NULL,'public'),(34,0,'17-1','17-1',3,'image/jpeg',9803,'products/17-1.jpg','[]','2025-01-21 08:51:13','2025-01-21 08:51:13',NULL,'public'),(35,0,'17-2','17-2',3,'image/jpeg',9803,'products/17-2.jpg','[]','2025-01-21 08:51:13','2025-01-21 08:51:13',NULL,'public'),(36,0,'17-3','17-3',3,'image/jpeg',9803,'products/17-3.jpg','[]','2025-01-21 08:51:13','2025-01-21 08:51:13',NULL,'public'),(37,0,'17','17',3,'image/jpeg',9803,'products/17.jpg','[]','2025-01-21 08:51:13','2025-01-21 08:51:13',NULL,'public'),(38,0,'18-1','18-1',3,'image/jpeg',9803,'products/18-1.jpg','[]','2025-01-21 08:51:13','2025-01-21 08:51:13',NULL,'public'),(39,0,'18-2','18-2',3,'image/jpeg',9803,'products/18-2.jpg','[]','2025-01-21 08:51:13','2025-01-21 08:51:13',NULL,'public'),(40,0,'18-3','18-3',3,'image/jpeg',9803,'products/18-3.jpg','[]','2025-01-21 08:51:13','2025-01-21 08:51:13',NULL,'public'),(41,0,'18','18',3,'image/jpeg',9803,'products/18.jpg','[]','2025-01-21 08:51:13','2025-01-21 08:51:13',NULL,'public'),(42,0,'19-1','19-1',3,'image/jpeg',9803,'products/19-1.jpg','[]','2025-01-21 08:51:13','2025-01-21 08:51:13',NULL,'public'),(43,0,'19-2','19-2',3,'image/jpeg',9803,'products/19-2.jpg','[]','2025-01-21 08:51:13','2025-01-21 08:51:13',NULL,'public'),(44,0,'19-3','19-3',3,'image/jpeg',9803,'products/19-3.jpg','[]','2025-01-21 08:51:14','2025-01-21 08:51:14',NULL,'public'),(45,0,'19','19',3,'image/jpeg',9803,'products/19.jpg','[]','2025-01-21 08:51:14','2025-01-21 08:51:14',NULL,'public'),(46,0,'2-1','2-1',3,'image/jpeg',9803,'products/2-1.jpg','[]','2025-01-21 08:51:14','2025-01-21 08:51:14',NULL,'public'),(47,0,'2-2','2-2',3,'image/jpeg',9803,'products/2-2.jpg','[]','2025-01-21 08:51:14','2025-01-21 08:51:14',NULL,'public'),(48,0,'2-3','2-3',3,'image/jpeg',9803,'products/2-3.jpg','[]','2025-01-21 08:51:14','2025-01-21 08:51:14',NULL,'public'),(49,0,'2','2',3,'image/jpeg',9803,'products/2.jpg','[]','2025-01-21 08:51:14','2025-01-21 08:51:14',NULL,'public'),(50,0,'20-1','20-1',3,'image/jpeg',9803,'products/20-1.jpg','[]','2025-01-21 08:51:14','2025-01-21 08:51:14',NULL,'public'),(51,0,'20-2','20-2',3,'image/jpeg',9803,'products/20-2.jpg','[]','2025-01-21 08:51:14','2025-01-21 08:51:14',NULL,'public'),(52,0,'20-3','20-3',3,'image/jpeg',9803,'products/20-3.jpg','[]','2025-01-21 08:51:14','2025-01-21 08:51:14',NULL,'public'),(53,0,'20','20',3,'image/jpeg',9803,'products/20.jpg','[]','2025-01-21 08:51:14','2025-01-21 08:51:14',NULL,'public'),(54,0,'21-1','21-1',3,'image/jpeg',9803,'products/21-1.jpg','[]','2025-01-21 08:51:14','2025-01-21 08:51:14',NULL,'public'),(55,0,'21-2','21-2',3,'image/jpeg',9803,'products/21-2.jpg','[]','2025-01-21 08:51:14','2025-01-21 08:51:14',NULL,'public'),(56,0,'21','21',3,'image/jpeg',9803,'products/21.jpg','[]','2025-01-21 08:51:14','2025-01-21 08:51:14',NULL,'public'),(57,0,'22-1','22-1',3,'image/jpeg',9803,'products/22-1.jpg','[]','2025-01-21 08:51:15','2025-01-21 08:51:15',NULL,'public'),(58,0,'22-2','22-2',3,'image/jpeg',9803,'products/22-2.jpg','[]','2025-01-21 08:51:15','2025-01-21 08:51:15',NULL,'public'),(59,0,'22-3','22-3',3,'image/jpeg',9803,'products/22-3.jpg','[]','2025-01-21 08:51:15','2025-01-21 08:51:15',NULL,'public'),(60,0,'22','22',3,'image/jpeg',9803,'products/22.jpg','[]','2025-01-21 08:51:15','2025-01-21 08:51:15',NULL,'public'),(61,0,'23-1','23-1',3,'image/jpeg',9803,'products/23-1.jpg','[]','2025-01-21 08:51:15','2025-01-21 08:51:15',NULL,'public'),(62,0,'23-2','23-2',3,'image/jpeg',9803,'products/23-2.jpg','[]','2025-01-21 08:51:15','2025-01-21 08:51:15',NULL,'public'),(63,0,'23-3','23-3',3,'image/jpeg',9803,'products/23-3.jpg','[]','2025-01-21 08:51:15','2025-01-21 08:51:15',NULL,'public'),(64,0,'23','23',3,'image/jpeg',9803,'products/23.jpg','[]','2025-01-21 08:51:15','2025-01-21 08:51:15',NULL,'public'),(65,0,'3','3',3,'image/jpeg',9803,'products/3.jpg','[]','2025-01-21 08:51:15','2025-01-21 08:51:15',NULL,'public'),(66,0,'4-1','4-1',3,'image/jpeg',9803,'products/4-1.jpg','[]','2025-01-21 08:51:15','2025-01-21 08:51:15',NULL,'public'),(67,0,'4-2','4-2',3,'image/jpeg',9803,'products/4-2.jpg','[]','2025-01-21 08:51:15','2025-01-21 08:51:15',NULL,'public'),(68,0,'4-3','4-3',3,'image/jpeg',9803,'products/4-3.jpg','[]','2025-01-21 08:51:15','2025-01-21 08:51:15',NULL,'public'),(69,0,'4','4',3,'image/jpeg',9803,'products/4.jpg','[]','2025-01-21 08:51:15','2025-01-21 08:51:15',NULL,'public'),(70,0,'5-1','5-1',3,'image/jpeg',9803,'products/5-1.jpg','[]','2025-01-21 08:51:16','2025-01-21 08:51:16',NULL,'public'),(71,0,'5-2','5-2',3,'image/jpeg',9803,'products/5-2.jpg','[]','2025-01-21 08:51:16','2025-01-21 08:51:16',NULL,'public'),(72,0,'5-3','5-3',3,'image/jpeg',9803,'products/5-3.jpg','[]','2025-01-21 08:51:16','2025-01-21 08:51:16',NULL,'public'),(73,0,'5','5',3,'image/jpeg',9803,'products/5.jpg','[]','2025-01-21 08:51:16','2025-01-21 08:51:16',NULL,'public'),(74,0,'6','6',3,'image/jpeg',9803,'products/6.jpg','[]','2025-01-21 08:51:16','2025-01-21 08:51:16',NULL,'public'),(75,0,'7','7',3,'image/jpeg',9803,'products/7.jpg','[]','2025-01-21 08:51:16','2025-01-21 08:51:16',NULL,'public'),(76,0,'8-1','8-1',3,'image/jpeg',9803,'products/8-1.jpg','[]','2025-01-21 08:51:16','2025-01-21 08:51:16',NULL,'public'),(77,0,'8-2','8-2',3,'image/jpeg',9803,'products/8-2.jpg','[]','2025-01-21 08:51:16','2025-01-21 08:51:16',NULL,'public'),(78,0,'8-3','8-3',3,'image/jpeg',9803,'products/8-3.jpg','[]','2025-01-21 08:51:16','2025-01-21 08:51:16',NULL,'public'),(79,0,'8','8',3,'image/jpeg',9803,'products/8.jpg','[]','2025-01-21 08:51:16','2025-01-21 08:51:16',NULL,'public'),(80,0,'9-1','9-1',3,'image/jpeg',9803,'products/9-1.jpg','[]','2025-01-21 08:51:16','2025-01-21 08:51:16',NULL,'public'),(81,0,'9-2','9-2',3,'image/jpeg',9803,'products/9-2.jpg','[]','2025-01-21 08:51:16','2025-01-21 08:51:16',NULL,'public'),(82,0,'9','9',3,'image/jpeg',9803,'products/9.jpg','[]','2025-01-21 08:51:16','2025-01-21 08:51:16',NULL,'public'),(83,0,'1','1',4,'image/jpeg',9803,'customers/1.jpg','[]','2025-01-21 08:51:17','2025-01-21 08:51:17',NULL,'public'),(84,0,'10','10',4,'image/jpeg',9803,'customers/10.jpg','[]','2025-01-21 08:51:17','2025-01-21 08:51:17',NULL,'public'),(85,0,'2','2',4,'image/jpeg',9803,'customers/2.jpg','[]','2025-01-21 08:51:17','2025-01-21 08:51:17',NULL,'public'),(86,0,'3','3',4,'image/jpeg',9803,'customers/3.jpg','[]','2025-01-21 08:51:17','2025-01-21 08:51:17',NULL,'public'),(87,0,'4','4',4,'image/jpeg',9803,'customers/4.jpg','[]','2025-01-21 08:51:18','2025-01-21 08:51:18',NULL,'public'),(88,0,'5','5',4,'image/jpeg',9803,'customers/5.jpg','[]','2025-01-21 08:51:18','2025-01-21 08:51:18',NULL,'public'),(89,0,'6','6',4,'image/jpeg',9803,'customers/6.jpg','[]','2025-01-21 08:51:18','2025-01-21 08:51:18',NULL,'public'),(90,0,'7','7',4,'image/jpeg',9803,'customers/7.jpg','[]','2025-01-21 08:51:18','2025-01-21 08:51:18',NULL,'public'),(91,0,'8','8',4,'image/jpeg',9803,'customers/8.jpg','[]','2025-01-21 08:51:18','2025-01-21 08:51:18',NULL,'public'),(92,0,'9','9',4,'image/jpeg',9803,'customers/9.jpg','[]','2025-01-21 08:51:18','2025-01-21 08:51:18',NULL,'public'),(93,0,'1','1',5,'image/jpeg',9803,'news/1.jpg','[]','2025-01-21 08:51:21','2025-01-21 08:51:21',NULL,'public'),(94,0,'10','10',5,'image/jpeg',9803,'news/10.jpg','[]','2025-01-21 08:51:21','2025-01-21 08:51:21',NULL,'public'),(95,0,'11','11',5,'image/jpeg',9803,'news/11.jpg','[]','2025-01-21 08:51:21','2025-01-21 08:51:21',NULL,'public'),(96,0,'2','2',5,'image/jpeg',9803,'news/2.jpg','[]','2025-01-21 08:51:21','2025-01-21 08:51:21',NULL,'public'),(97,0,'3','3',5,'image/jpeg',9803,'news/3.jpg','[]','2025-01-21 08:51:21','2025-01-21 08:51:21',NULL,'public'),(98,0,'4','4',5,'image/jpeg',9803,'news/4.jpg','[]','2025-01-21 08:51:21','2025-01-21 08:51:21',NULL,'public'),(99,0,'5','5',5,'image/jpeg',9803,'news/5.jpg','[]','2025-01-21 08:51:22','2025-01-21 08:51:22',NULL,'public'),(100,0,'6','6',5,'image/jpeg',9803,'news/6.jpg','[]','2025-01-21 08:51:22','2025-01-21 08:51:22',NULL,'public'),(101,0,'7','7',5,'image/jpeg',9803,'news/7.jpg','[]','2025-01-21 08:51:22','2025-01-21 08:51:22',NULL,'public'),(102,0,'8','8',5,'image/jpeg',9803,'news/8.jpg','[]','2025-01-21 08:51:22','2025-01-21 08:51:22',NULL,'public'),(103,0,'9','9',5,'image/jpeg',9803,'news/9.jpg','[]','2025-01-21 08:51:22','2025-01-21 08:51:22',NULL,'public'),(104,0,'1-lg','1-lg',6,'image/jpeg',8828,'sliders/1-lg.jpg','[]','2025-01-21 08:51:22','2025-01-21 08:51:22',NULL,'public'),(105,0,'1-md','1-md',6,'image/jpeg',8828,'sliders/1-md.jpg','[]','2025-01-21 08:51:22','2025-01-21 08:51:22',NULL,'public'),(106,0,'1-sm','1-sm',6,'image/jpeg',8828,'sliders/1-sm.jpg','[]','2025-01-21 08:51:22','2025-01-21 08:51:22',NULL,'public'),(107,0,'2-lg','2-lg',6,'image/jpeg',8828,'sliders/2-lg.jpg','[]','2025-01-21 08:51:22','2025-01-21 08:51:22',NULL,'public'),(108,0,'2-md','2-md',6,'image/jpeg',8828,'sliders/2-md.jpg','[]','2025-01-21 08:51:22','2025-01-21 08:51:22',NULL,'public'),(109,0,'2-sm','2-sm',6,'image/jpeg',8828,'sliders/2-sm.jpg','[]','2025-01-21 08:51:23','2025-01-21 08:51:23',NULL,'public'),(110,0,'3-lg','3-lg',6,'image/jpeg',8828,'sliders/3-lg.jpg','[]','2025-01-21 08:51:23','2025-01-21 08:51:23',NULL,'public'),(111,0,'3-md','3-md',6,'image/jpeg',8828,'sliders/3-md.jpg','[]','2025-01-21 08:51:23','2025-01-21 08:51:23',NULL,'public'),(112,0,'3-sm','3-sm',6,'image/jpeg',8828,'sliders/3-sm.jpg','[]','2025-01-21 08:51:23','2025-01-21 08:51:23',NULL,'public'),(113,0,'1','1',7,'image/jpeg',3613,'promotion/1.jpg','[]','2025-01-21 08:51:23','2025-01-21 08:51:23',NULL,'public'),(114,0,'2','2',7,'image/jpeg',3613,'promotion/2.jpg','[]','2025-01-21 08:51:23','2025-01-21 08:51:23',NULL,'public'),(115,0,'3','3',7,'image/jpeg',5391,'promotion/3.jpg','[]','2025-01-21 08:51:23','2025-01-21 08:51:23',NULL,'public'),(116,0,'4','4',7,'image/jpeg',5391,'promotion/4.jpg','[]','2025-01-21 08:51:23','2025-01-21 08:51:23',NULL,'public'),(117,0,'5','5',7,'image/jpeg',5391,'promotion/5.jpg','[]','2025-01-21 08:51:23','2025-01-21 08:51:23',NULL,'public'),(118,0,'6','6',7,'image/jpeg',5391,'promotion/6.jpg','[]','2025-01-21 08:51:23','2025-01-21 08:51:23',NULL,'public'),(119,0,'7','7',7,'image/jpeg',5391,'promotion/7.jpg','[]','2025-01-21 08:51:24','2025-01-21 08:51:24',NULL,'public'),(120,0,'8','8',7,'image/jpeg',5391,'promotion/8.jpg','[]','2025-01-21 08:51:24','2025-01-21 08:51:24',NULL,'public'),(121,0,'9','9',7,'image/jpeg',5391,'promotion/9.jpg','[]','2025-01-21 08:51:24','2025-01-21 08:51:24',NULL,'public'),(122,0,'app','app',8,'image/png',8667,'general/app.png','[]','2025-01-21 08:51:24','2025-01-21 08:51:24',NULL,'public'),(123,0,'coming-soon','coming-soon',8,'image/jpeg',22253,'general/coming-soon.jpg','[]','2025-01-21 08:51:24','2025-01-21 08:51:24',NULL,'public'),(124,0,'favicon','favicon',8,'image/png',5047,'general/favicon.png','[]','2025-01-21 08:51:24','2025-01-21 08:51:24',NULL,'public'),(125,0,'logo-dark','logo-dark',8,'image/png',1562,'general/logo-dark.png','[]','2025-01-21 08:51:24','2025-01-21 08:51:24',NULL,'public'),(126,0,'logo-light','logo-light',8,'image/png',1529,'general/logo-light.png','[]','2025-01-21 08:51:24','2025-01-21 08:51:24',NULL,'public'),(127,0,'logo','logo',8,'image/png',1441,'general/logo.png','[]','2025-01-21 08:51:24','2025-01-21 08:51:24',NULL,'public'),(128,0,'newsletter','newsletter',8,'image/jpeg',9778,'general/newsletter.jpg','[]','2025-01-21 08:51:24','2025-01-21 08:51:24',NULL,'public'),(129,0,'payment-method-1','payment-method-1',8,'image/jpeg',1128,'general/payment-method-1.jpg','[]','2025-01-21 08:51:24','2025-01-21 08:51:24',NULL,'public'),(130,0,'payment-method-2','payment-method-2',8,'image/jpeg',1184,'general/payment-method-2.jpg','[]','2025-01-21 08:51:24','2025-01-21 08:51:24',NULL,'public'),(131,0,'payment-method-3','payment-method-3',8,'image/jpeg',1109,'general/payment-method-3.jpg','[]','2025-01-21 08:51:24','2025-01-21 08:51:24',NULL,'public'),(132,0,'payment-method-4','payment-method-4',8,'image/jpeg',944,'general/payment-method-4.jpg','[]','2025-01-21 08:51:24','2025-01-21 08:51:24',NULL,'public'),(133,0,'payment-method-5','payment-method-5',8,'image/jpeg',964,'general/payment-method-5.jpg','[]','2025-01-21 08:51:24','2025-01-21 08:51:24',NULL,'public'),(134,0,'placeholder','placeholder',8,'image/png',12344,'general/placeholder.png','[]','2025-01-21 08:51:24','2025-01-21 08:51:24',NULL,'public'),(135,0,'1','1',9,'image/png',9022,'stores/1.png','[]','2025-01-21 08:51:25','2025-01-21 08:51:25',NULL,'public'),(136,0,'10','10',9,'image/png',4384,'stores/10.png','[]','2025-01-21 08:51:25','2025-01-21 08:51:25',NULL,'public'),(137,0,'11','11',9,'image/png',4706,'stores/11.png','[]','2025-01-21 08:51:25','2025-01-21 08:51:25',NULL,'public'),(138,0,'12','12',9,'image/png',5075,'stores/12.png','[]','2025-01-21 08:51:25','2025-01-21 08:51:25',NULL,'public'),(139,0,'13','13',9,'image/png',3700,'stores/13.png','[]','2025-01-21 08:51:25','2025-01-21 08:51:25',NULL,'public'),(140,0,'14','14',9,'image/png',4239,'stores/14.png','[]','2025-01-21 08:51:25','2025-01-21 08:51:25',NULL,'public'),(141,0,'15','15',9,'image/png',5304,'stores/15.png','[]','2025-01-21 08:51:25','2025-01-21 08:51:25',NULL,'public'),(142,0,'16','16',9,'image/png',4796,'stores/16.png','[]','2025-01-21 08:51:25','2025-01-21 08:51:25',NULL,'public'),(143,0,'17','17',9,'image/png',4919,'stores/17.png','[]','2025-01-21 08:51:25','2025-01-21 08:51:25',NULL,'public'),(144,0,'2','2',9,'image/png',8598,'stores/2.png','[]','2025-01-21 08:51:25','2025-01-21 08:51:25',NULL,'public'),(145,0,'3','3',9,'image/png',7888,'stores/3.png','[]','2025-01-21 08:51:25','2025-01-21 08:51:25',NULL,'public'),(146,0,'4','4',9,'image/png',8393,'stores/4.png','[]','2025-01-21 08:51:25','2025-01-21 08:51:25',NULL,'public'),(147,0,'5','5',9,'image/png',10159,'stores/5.png','[]','2025-01-21 08:51:25','2025-01-21 08:51:25',NULL,'public'),(148,0,'6','6',9,'image/png',10312,'stores/6.png','[]','2025-01-21 08:51:25','2025-01-21 08:51:25',NULL,'public'),(149,0,'7','7',9,'image/png',3764,'stores/7.png','[]','2025-01-21 08:51:25','2025-01-21 08:51:25',NULL,'public'),(150,0,'8','8',9,'image/png',4237,'stores/8.png','[]','2025-01-21 08:51:25','2025-01-21 08:51:25',NULL,'public'),(151,0,'9','9',9,'image/png',4096,'stores/9.png','[]','2025-01-21 08:51:25','2025-01-21 08:51:25',NULL,'public');

--
-- Table structure for table `media_folders`
--

CREATE TABLE `media_folders` (
  `id` bigint unsigned NOT NULL AUTO_INCREMENT,
  `user_id` bigint unsigned NOT NULL,
  `name` varchar(191) COLLATE utf8mb4_unicode_ci DEFAULT NULL,
  `color` varchar(191) COLLATE utf8mb4_unicode_ci DEFAULT NULL,
  `slug` varchar(191) COLLATE utf8mb4_unicode_ci DEFAULT NULL,
  `parent_id` bigint unsigned NOT NULL DEFAULT '0',
  `created_at` timestamp NULL DEFAULT NULL,
  `updated_at` timestamp NULL DEFAULT NULL,
  `deleted_at` timestamp NULL DEFAULT NULL,
  PRIMARY KEY (`id`),
  KEY `media_folders_user_id_index` (`user_id`),
  KEY `media_folders_index` (`parent_id`,`user_id`,`created_at`)
) ENGINE=InnoDB AUTO_INCREMENT=10 DEFAULT CHARSET=utf8mb4 COLLATE=utf8mb4_unicode_ci;

--
-- Dumping data for table `media_folders`
--

INSERT INTO `media_folders` VALUES (1,0,'brands',NULL,'brands',0,'2025-01-21 08:51:10','2025-01-21 08:51:10',NULL),(2,0,'product-categories',NULL,'product-categories',0,'2025-01-21 08:51:10','2025-01-21 08:51:10',NULL),(3,0,'products',NULL,'products',0,'2025-01-21 08:51:12','2025-01-21 08:51:12',NULL),(4,0,'customers',NULL,'customers',0,'2025-01-21 08:51:17','2025-01-21 08:51:17',NULL),(5,0,'news',NULL,'news',0,'2025-01-21 08:51:21','2025-01-21 08:51:21',NULL),(6,0,'sliders',NULL,'sliders',0,'2025-01-21 08:51:22','2025-01-21 08:51:22',NULL),(7,0,'promotion',NULL,'promotion',0,'2025-01-21 08:51:23','2025-01-21 08:51:23',NULL),(8,0,'general',NULL,'general',0,'2025-01-21 08:51:24','2025-01-21 08:51:24',NULL),(9,0,'stores',NULL,'stores',0,'2025-01-21 08:51:25','2025-01-21 08:51:25',NULL);

--
-- Table structure for table `media_settings`
--

CREATE TABLE `media_settings` (
  `id` bigint unsigned NOT NULL AUTO_INCREMENT,
  `key` varchar(120) COLLATE utf8mb4_unicode_ci NOT NULL,
  `value` text COLLATE utf8mb4_unicode_ci,
  `media_id` bigint unsigned DEFAULT NULL,
  `user_id` bigint unsigned DEFAULT NULL,
  `created_at` timestamp NULL DEFAULT NULL,
  `updated_at` timestamp NULL DEFAULT NULL,
  PRIMARY KEY (`id`)
) ENGINE=InnoDB DEFAULT CHARSET=utf8mb4 COLLATE=utf8mb4_unicode_ci;

--
-- Dumping data for table `media_settings`
--


--
-- Table structure for table `menu_locations`
--

CREATE TABLE `menu_locations` (
  `id` bigint unsigned NOT NULL AUTO_INCREMENT,
  `menu_id` bigint unsigned NOT NULL,
  `location` varchar(191) COLLATE utf8mb4_unicode_ci NOT NULL,
  `created_at` timestamp NULL DEFAULT NULL,
  `updated_at` timestamp NULL DEFAULT NULL,
  PRIMARY KEY (`id`),
  KEY `menu_locations_menu_id_created_at_index` (`menu_id`,`created_at`)
) ENGINE=InnoDB AUTO_INCREMENT=2 DEFAULT CHARSET=utf8mb4 COLLATE=utf8mb4_unicode_ci;

--
-- Dumping data for table `menu_locations`
--

INSERT INTO `menu_locations` VALUES (1,1,'main-menu','2025-01-21 08:51:24','2025-01-21 08:51:24');

--
-- Table structure for table `menu_nodes`
--

CREATE TABLE `menu_nodes` (
  `id` bigint unsigned NOT NULL AUTO_INCREMENT,
  `menu_id` bigint unsigned NOT NULL,
  `parent_id` bigint unsigned NOT NULL DEFAULT '0',
  `reference_id` bigint unsigned DEFAULT NULL,
  `reference_type` varchar(191) COLLATE utf8mb4_unicode_ci DEFAULT NULL,
  `url` varchar(191) COLLATE utf8mb4_unicode_ci DEFAULT NULL,
  `icon_font` varchar(191) COLLATE utf8mb4_unicode_ci DEFAULT NULL,
  `position` tinyint unsigned NOT NULL DEFAULT '0',
  `title` varchar(191) COLLATE utf8mb4_unicode_ci DEFAULT NULL,
  `css_class` varchar(191) COLLATE utf8mb4_unicode_ci DEFAULT NULL,
  `target` varchar(20) COLLATE utf8mb4_unicode_ci NOT NULL DEFAULT '_self',
  `has_child` tinyint unsigned NOT NULL DEFAULT '0',
  `created_at` timestamp NULL DEFAULT NULL,
  `updated_at` timestamp NULL DEFAULT NULL,
  PRIMARY KEY (`id`),
  KEY `menu_nodes_menu_id_index` (`menu_id`),
  KEY `menu_nodes_parent_id_index` (`parent_id`),
  KEY `reference_id` (`reference_id`),
  KEY `reference_type` (`reference_type`)
) ENGINE=InnoDB AUTO_INCREMENT=29 DEFAULT CHARSET=utf8mb4 COLLATE=utf8mb4_unicode_ci;

--
-- Dumping data for table `menu_nodes`
--

INSERT INTO `menu_nodes` VALUES (1,1,0,NULL,NULL,'/',NULL,0,'Home',NULL,'_self',0,'2025-01-21 08:51:24','2025-01-21 08:51:24'),(2,1,0,NULL,NULL,'#',NULL,0,'Pages',NULL,'_self',1,'2025-01-21 08:51:24','2025-01-21 08:51:24'),(3,1,2,2,'Botble\\Page\\Models\\Page','/about-us',NULL,0,'About us',NULL,'_self',0,'2025-01-21 08:51:24','2025-01-21 08:51:24'),(4,1,2,3,'Botble\\Page\\Models\\Page','/terms-of-use',NULL,0,'Terms Of Use',NULL,'_self',0,'2025-01-21 08:51:24','2025-01-21 08:51:24'),(5,1,2,4,'Botble\\Page\\Models\\Page','/terms-conditions',NULL,0,'Terms & Conditions',NULL,'_self',0,'2025-01-21 08:51:24','2025-01-21 08:51:24'),(6,1,2,5,'Botble\\Page\\Models\\Page','/refund-policy',NULL,0,'Refund Policy',NULL,'_self',0,'2025-01-21 08:51:24','2025-01-21 08:51:24'),(7,1,2,12,'Botble\\Page\\Models\\Page','/coming-soon',NULL,0,'Coming soon',NULL,'_self',0,'2025-01-21 08:51:24','2025-01-21 08:51:24'),(8,1,0,NULL,NULL,'/products',NULL,0,'Products',NULL,'_self',1,'2025-01-21 08:51:24','2025-01-21 08:51:24'),(9,1,8,NULL,NULL,'/products',NULL,0,'All products',NULL,'_self',0,'2025-01-21 08:51:24','2025-01-21 08:51:24'),(10,1,8,15,'Botble\\Ecommerce\\Models\\ProductCategory',NULL,NULL,0,'Products Of Category',NULL,'_self',0,'2025-01-21 08:51:24','2025-01-21 08:51:24'),(11,1,8,NULL,NULL,'/products/beat-headphone',NULL,0,'Product Single',NULL,'_self',0,'2025-01-21 08:51:24','2025-01-21 08:51:24'),(12,1,0,NULL,NULL,'/stores',NULL,0,'Stores',NULL,'_self',0,'2025-01-21 08:51:24','2025-01-21 08:51:24'),(13,1,0,6,'Botble\\Page\\Models\\Page',NULL,NULL,0,'Blog',NULL,'_self',0,'2025-01-21 08:51:24','2025-01-21 08:51:24'),(14,1,0,7,'Botble\\Page\\Models\\Page',NULL,NULL,0,'FAQs',NULL,'_self',0,'2025-01-21 08:51:24','2025-01-21 08:51:24'),(15,1,0,8,'Botble\\Page\\Models\\Page',NULL,NULL,0,'Contact',NULL,'_self',0,'2025-01-21 08:51:24','2025-01-21 08:51:24'),(16,2,0,3,'Botble\\Page\\Models\\Page',NULL,NULL,0,'Terms Of Use',NULL,'_self',0,'2025-01-21 08:51:24','2025-01-21 08:51:24'),(17,2,0,4,'Botble\\Page\\Models\\Page',NULL,NULL,0,'Terms & Conditions',NULL,'_self',0,'2025-01-21 08:51:24','2025-01-21 08:51:24'),(18,2,0,5,'Botble\\Page\\Models\\Page',NULL,NULL,0,'Refund Policy',NULL,'_self',0,'2025-01-21 08:51:24','2025-01-21 08:51:24'),(19,2,0,7,'Botble\\Page\\Models\\Page',NULL,NULL,0,'FAQs',NULL,'_self',0,'2025-01-21 08:51:24','2025-01-21 08:51:24'),(20,2,0,NULL,NULL,'/nothing',NULL,0,'404 Page',NULL,'_self',0,'2025-01-21 08:51:24','2025-01-21 08:51:24'),(21,3,0,2,'Botble\\Page\\Models\\Page',NULL,NULL,0,'About us',NULL,'_self',0,'2025-01-21 08:51:24','2025-01-21 08:51:24'),(22,3,0,10,'Botble\\Page\\Models\\Page',NULL,NULL,0,'Affiliate',NULL,'_self',0,'2025-01-21 08:51:24','2025-01-21 08:51:24'),(23,3,0,11,'Botble\\Page\\Models\\Page',NULL,NULL,0,'Career',NULL,'_self',0,'2025-01-21 08:51:24','2025-01-21 08:51:24'),(24,3,0,8,'Botble\\Page\\Models\\Page',NULL,NULL,0,'Contact us',NULL,'_self',0,'2025-01-21 08:51:24','2025-01-21 08:51:24'),(25,4,0,6,'Botble\\Page\\Models\\Page',NULL,NULL,0,'Our blog',NULL,'_self',0,'2025-01-21 08:51:24','2025-01-21 08:51:24'),(26,4,0,NULL,NULL,'/cart',NULL,0,'Cart',NULL,'_self',0,'2025-01-21 08:51:24','2025-01-21 08:51:24'),(27,4,0,NULL,NULL,'/customer/overview',NULL,0,'My account',NULL,'_self',0,'2025-01-21 08:51:24','2025-01-21 08:51:24'),(28,4,0,NULL,NULL,'/products',NULL,0,'Shop',NULL,'_self',0,'2025-01-21 08:51:24','2025-01-21 08:51:24');

--
-- Table structure for table `menus`
--

CREATE TABLE `menus` (
  `id` bigint unsigned NOT NULL AUTO_INCREMENT,
  `name` varchar(120) COLLATE utf8mb4_unicode_ci NOT NULL,
  `slug` varchar(120) COLLATE utf8mb4_unicode_ci DEFAULT NULL,
  `status` varchar(60) COLLATE utf8mb4_unicode_ci NOT NULL DEFAULT 'published',
  `created_at` timestamp NULL DEFAULT NULL,
  `updated_at` timestamp NULL DEFAULT NULL,
  PRIMARY KEY (`id`),
  UNIQUE KEY `menus_slug_unique` (`slug`)
) ENGINE=InnoDB AUTO_INCREMENT=5 DEFAULT CHARSET=utf8mb4 COLLATE=utf8mb4_unicode_ci;

--
-- Dumping data for table `menus`
--

INSERT INTO `menus` VALUES (1,'Main menu','main-menu','published','2025-01-21 08:51:24','2025-01-21 08:51:24'),(2,'Quick links','quick-links','published','2025-01-21 08:51:24','2025-01-21 08:51:24'),(3,'Company','company','published','2025-01-21 08:51:24','2025-01-21 08:51:24'),(4,'Business','business','published','2025-01-21 08:51:24','2025-01-21 08:51:24');

--
-- Table structure for table `meta_boxes`
--

CREATE TABLE `meta_boxes` (
  `id` bigint unsigned NOT NULL AUTO_INCREMENT,
  `meta_key` varchar(191) COLLATE utf8mb4_unicode_ci NOT NULL,
  `meta_value` text COLLATE utf8mb4_unicode_ci,
  `reference_id` bigint unsigned NOT NULL,
  `reference_type` varchar(120) COLLATE utf8mb4_unicode_ci NOT NULL,
  `created_at` timestamp NULL DEFAULT NULL,
  `updated_at` timestamp NULL DEFAULT NULL,
  PRIMARY KEY (`id`),
  KEY `meta_boxes_reference_id_index` (`reference_id`)
) ENGINE=InnoDB AUTO_INCREMENT=44 DEFAULT CHARSET=utf8mb4 COLLATE=utf8mb4_unicode_ci;

--
-- Dumping data for table `meta_boxes`
--

INSERT INTO `meta_boxes` VALUES (1,'icon','[\"icon-star\"]',1,'Botble\\Ecommerce\\Models\\ProductCategory','2025-01-21 08:51:11','2025-01-21 08:51:11'),(2,'icon','[\"icon-laundry\"]',2,'Botble\\Ecommerce\\Models\\ProductCategory','2025-01-21 08:51:11','2025-01-21 08:51:11'),(3,'icon','[\"icon-shirt\"]',16,'Botble\\Ecommerce\\Models\\ProductCategory','2025-01-21 08:51:11','2025-01-21 08:51:11'),(4,'icon','[\"icon-desktop\"]',17,'Botble\\Ecommerce\\Models\\ProductCategory','2025-01-21 08:51:11','2025-01-21 08:51:11'),(5,'icon','[\"icon-lampshade\"]',28,'Botble\\Ecommerce\\Models\\ProductCategory','2025-01-21 08:51:11','2025-01-21 08:51:11'),(6,'icon','[\"icon-heart-pulse\"]',29,'Botble\\Ecommerce\\Models\\ProductCategory','2025-01-21 08:51:11','2025-01-21 08:51:11'),(7,'icon','[\"icon-diamond2\"]',30,'Botble\\Ecommerce\\Models\\ProductCategory','2025-01-21 08:51:11','2025-01-21 08:51:11'),(8,'icon','[\"icon-desktop\"]',31,'Botble\\Ecommerce\\Models\\ProductCategory','2025-01-21 08:51:11','2025-01-21 08:51:11'),(9,'icon','[\"icon-smartphone\"]',32,'Botble\\Ecommerce\\Models\\ProductCategory','2025-01-21 08:51:11','2025-01-21 08:51:11'),(10,'icon','[\"icon-baby-bottle\"]',33,'Botble\\Ecommerce\\Models\\ProductCategory','2025-01-21 08:51:11','2025-01-21 08:51:11'),(11,'icon','[\"icon-baseball\"]',34,'Botble\\Ecommerce\\Models\\ProductCategory','2025-01-21 08:51:11','2025-01-21 08:51:11'),(12,'icon','[\"icon-book2\"]',35,'Botble\\Ecommerce\\Models\\ProductCategory','2025-01-21 08:51:11','2025-01-21 08:51:11'),(13,'icon','[\"icon-car-siren\"]',36,'Botble\\Ecommerce\\Models\\ProductCategory','2025-01-21 08:51:11','2025-01-21 08:51:11'),(14,'icon','[\"icon-wrench\"]',37,'Botble\\Ecommerce\\Models\\ProductCategory','2025-01-21 08:51:11','2025-01-21 08:51:11'),(15,'faq_schema_config','[[[{\"key\":\"question\",\"value\":\"What Shipping Methods Are Available?\"},{\"key\":\"answer\",\"value\":\"Ex Portland Pitchfork irure mustache. Eutra fap before they sold out literally. Aliquip ugh bicycle rights actually mlkshk, seitan squid craft beer tempor.\"}],[{\"key\":\"question\",\"value\":\"Do You Ship Internationally?\"},{\"key\":\"answer\",\"value\":\"Hoodie tote bag mixtape tofu. Typewriter jean shorts wolf quinoa, messenger bag organic freegan cray.\"}],[{\"key\":\"question\",\"value\":\"How Long Will It Take To Get My Package?\"},{\"key\":\"answer\",\"value\":\"Swag slow-carb quinoa VHS typewriter pork belly brunch, paleo single-origin coffee Wes Anderson. Flexitarian Pitchfork forage, literally paleo fap pour-over. Wes Anderson Pinterest YOLO fanny pack meggings, deep v XOXO chambray sustainable slow-carb raw denim church-key fap chillwave Etsy. +1 typewriter kitsch, American Apparel tofu Banksy Vice.\"}],[{\"key\":\"question\",\"value\":\"What Payment Methods Are Accepted?\"},{\"key\":\"answer\",\"value\":\"Fashion axe DIY jean shorts, swag kale chips meh polaroid kogi butcher Wes Anderson chambray next level semiotics gentrify yr. Voluptate photo booth fugiat Vice. Austin sed Williamsburg, ea labore raw denim voluptate cred proident mixtape excepteur mustache. Twee chia photo booth readymade food truck, hoodie roof party swag keytar PBR DIY.\"}],[{\"key\":\"question\",\"value\":\"Is Buying On-Line Safe?\"},{\"key\":\"answer\",\"value\":\"Art party authentic freegan semiotics jean shorts chia cred. Neutra Austin roof party Brooklyn, synth Thundercats swag 8-bit photo booth. Plaid letterpress leggings craft beer meh ethical Pinterest.\"}]]]',1,'Botble\\Ecommerce\\Models\\Product','2025-01-21 08:51:17','2025-01-21 08:51:17'),(16,'faq_schema_config','[[[{\"key\":\"question\",\"value\":\"What Shipping Methods Are Available?\"},{\"key\":\"answer\",\"value\":\"Ex Portland Pitchfork irure mustache. Eutra fap before they sold out literally. Aliquip ugh bicycle rights actually mlkshk, seitan squid craft beer tempor.\"}],[{\"key\":\"question\",\"value\":\"Do You Ship Internationally?\"},{\"key\":\"answer\",\"value\":\"Hoodie tote bag mixtape tofu. Typewriter jean shorts wolf quinoa, messenger bag organic freegan cray.\"}],[{\"key\":\"question\",\"value\":\"How Long Will It Take To Get My Package?\"},{\"key\":\"answer\",\"value\":\"Swag slow-carb quinoa VHS typewriter pork belly brunch, paleo single-origin coffee Wes Anderson. Flexitarian Pitchfork forage, literally paleo fap pour-over. Wes Anderson Pinterest YOLO fanny pack meggings, deep v XOXO chambray sustainable slow-carb raw denim church-key fap chillwave Etsy. +1 typewriter kitsch, American Apparel tofu Banksy Vice.\"}],[{\"key\":\"question\",\"value\":\"What Payment Methods Are Accepted?\"},{\"key\":\"answer\",\"value\":\"Fashion axe DIY jean shorts, swag kale chips meh polaroid kogi butcher Wes Anderson chambray next level semiotics gentrify yr. Voluptate photo booth fugiat Vice. Austin sed Williamsburg, ea labore raw denim voluptate cred proident mixtape excepteur mustache. Twee chia photo booth readymade food truck, hoodie roof party swag keytar PBR DIY.\"}],[{\"key\":\"question\",\"value\":\"Is Buying On-Line Safe?\"},{\"key\":\"answer\",\"value\":\"Art party authentic freegan semiotics jean shorts chia cred. Neutra Austin roof party Brooklyn, synth Thundercats swag 8-bit photo booth. Plaid letterpress leggings craft beer meh ethical Pinterest.\"}]]]',2,'Botble\\Ecommerce\\Models\\Product','2025-01-21 08:51:17','2025-01-21 08:51:17'),(17,'faq_schema_config','[[[{\"key\":\"question\",\"value\":\"What Shipping Methods Are Available?\"},{\"key\":\"answer\",\"value\":\"Ex Portland Pitchfork irure mustache. Eutra fap before they sold out literally. Aliquip ugh bicycle rights actually mlkshk, seitan squid craft beer tempor.\"}],[{\"key\":\"question\",\"value\":\"Do You Ship Internationally?\"},{\"key\":\"answer\",\"value\":\"Hoodie tote bag mixtape tofu. Typewriter jean shorts wolf quinoa, messenger bag organic freegan cray.\"}],[{\"key\":\"question\",\"value\":\"How Long Will It Take To Get My Package?\"},{\"key\":\"answer\",\"value\":\"Swag slow-carb quinoa VHS typewriter pork belly brunch, paleo single-origin coffee Wes Anderson. Flexitarian Pitchfork forage, literally paleo fap pour-over. Wes Anderson Pinterest YOLO fanny pack meggings, deep v XOXO chambray sustainable slow-carb raw denim church-key fap chillwave Etsy. +1 typewriter kitsch, American Apparel tofu Banksy Vice.\"}],[{\"key\":\"question\",\"value\":\"What Payment Methods Are Accepted?\"},{\"key\":\"answer\",\"value\":\"Fashion axe DIY jean shorts, swag kale chips meh polaroid kogi butcher Wes Anderson chambray next level semiotics gentrify yr. Voluptate photo booth fugiat Vice. Austin sed Williamsburg, ea labore raw denim voluptate cred proident mixtape excepteur mustache. Twee chia photo booth readymade food truck, hoodie roof party swag keytar PBR DIY.\"}],[{\"key\":\"question\",\"value\":\"Is Buying On-Line Safe?\"},{\"key\":\"answer\",\"value\":\"Art party authentic freegan semiotics jean shorts chia cred. Neutra Austin roof party Brooklyn, synth Thundercats swag 8-bit photo booth. Plaid letterpress leggings craft beer meh ethical Pinterest.\"}]]]',3,'Botble\\Ecommerce\\Models\\Product','2025-01-21 08:51:17','2025-01-21 08:51:17'),(18,'faq_schema_config','[[[{\"key\":\"question\",\"value\":\"What Shipping Methods Are Available?\"},{\"key\":\"answer\",\"value\":\"Ex Portland Pitchfork irure mustache. Eutra fap before they sold out literally. Aliquip ugh bicycle rights actually mlkshk, seitan squid craft beer tempor.\"}],[{\"key\":\"question\",\"value\":\"Do You Ship Internationally?\"},{\"key\":\"answer\",\"value\":\"Hoodie tote bag mixtape tofu. Typewriter jean shorts wolf quinoa, messenger bag organic freegan cray.\"}],[{\"key\":\"question\",\"value\":\"How Long Will It Take To Get My Package?\"},{\"key\":\"answer\",\"value\":\"Swag slow-carb quinoa VHS typewriter pork belly brunch, paleo single-origin coffee Wes Anderson. Flexitarian Pitchfork forage, literally paleo fap pour-over. Wes Anderson Pinterest YOLO fanny pack meggings, deep v XOXO chambray sustainable slow-carb raw denim church-key fap chillwave Etsy. +1 typewriter kitsch, American Apparel tofu Banksy Vice.\"}],[{\"key\":\"question\",\"value\":\"What Payment Methods Are Accepted?\"},{\"key\":\"answer\",\"value\":\"Fashion axe DIY jean shorts, swag kale chips meh polaroid kogi butcher Wes Anderson chambray next level semiotics gentrify yr. Voluptate photo booth fugiat Vice. Austin sed Williamsburg, ea labore raw denim voluptate cred proident mixtape excepteur mustache. Twee chia photo booth readymade food truck, hoodie roof party swag keytar PBR DIY.\"}],[{\"key\":\"question\",\"value\":\"Is Buying On-Line Safe?\"},{\"key\":\"answer\",\"value\":\"Art party authentic freegan semiotics jean shorts chia cred. Neutra Austin roof party Brooklyn, synth Thundercats swag 8-bit photo booth. Plaid letterpress leggings craft beer meh ethical Pinterest.\"}]]]',4,'Botble\\Ecommerce\\Models\\Product','2025-01-21 08:51:17','2025-01-21 08:51:17'),(19,'faq_schema_config','[[[{\"key\":\"question\",\"value\":\"What Shipping Methods Are Available?\"},{\"key\":\"answer\",\"value\":\"Ex Portland Pitchfork irure mustache. Eutra fap before they sold out literally. Aliquip ugh bicycle rights actually mlkshk, seitan squid craft beer tempor.\"}],[{\"key\":\"question\",\"value\":\"Do You Ship Internationally?\"},{\"key\":\"answer\",\"value\":\"Hoodie tote bag mixtape tofu. Typewriter jean shorts wolf quinoa, messenger bag organic freegan cray.\"}],[{\"key\":\"question\",\"value\":\"How Long Will It Take To Get My Package?\"},{\"key\":\"answer\",\"value\":\"Swag slow-carb quinoa VHS typewriter pork belly brunch, paleo single-origin coffee Wes Anderson. Flexitarian Pitchfork forage, literally paleo fap pour-over. Wes Anderson Pinterest YOLO fanny pack meggings, deep v XOXO chambray sustainable slow-carb raw denim church-key fap chillwave Etsy. +1 typewriter kitsch, American Apparel tofu Banksy Vice.\"}],[{\"key\":\"question\",\"value\":\"What Payment Methods Are Accepted?\"},{\"key\":\"answer\",\"value\":\"Fashion axe DIY jean shorts, swag kale chips meh polaroid kogi butcher Wes Anderson chambray next level semiotics gentrify yr. Voluptate photo booth fugiat Vice. Austin sed Williamsburg, ea labore raw denim voluptate cred proident mixtape excepteur mustache. Twee chia photo booth readymade food truck, hoodie roof party swag keytar PBR DIY.\"}],[{\"key\":\"question\",\"value\":\"Is Buying On-Line Safe?\"},{\"key\":\"answer\",\"value\":\"Art party authentic freegan semiotics jean shorts chia cred. Neutra Austin roof party Brooklyn, synth Thundercats swag 8-bit photo booth. Plaid letterpress leggings craft beer meh ethical Pinterest.\"}]]]',5,'Botble\\Ecommerce\\Models\\Product','2025-01-21 08:51:17','2025-01-21 08:51:17'),(20,'faq_schema_config','[[[{\"key\":\"question\",\"value\":\"What Shipping Methods Are Available?\"},{\"key\":\"answer\",\"value\":\"Ex Portland Pitchfork irure mustache. Eutra fap before they sold out literally. Aliquip ugh bicycle rights actually mlkshk, seitan squid craft beer tempor.\"}],[{\"key\":\"question\",\"value\":\"Do You Ship Internationally?\"},{\"key\":\"answer\",\"value\":\"Hoodie tote bag mixtape tofu. Typewriter jean shorts wolf quinoa, messenger bag organic freegan cray.\"}],[{\"key\":\"question\",\"value\":\"How Long Will It Take To Get My Package?\"},{\"key\":\"answer\",\"value\":\"Swag slow-carb quinoa VHS typewriter pork belly brunch, paleo single-origin coffee Wes Anderson. Flexitarian Pitchfork forage, literally paleo fap pour-over. Wes Anderson Pinterest YOLO fanny pack meggings, deep v XOXO chambray sustainable slow-carb raw denim church-key fap chillwave Etsy. +1 typewriter kitsch, American Apparel tofu Banksy Vice.\"}],[{\"key\":\"question\",\"value\":\"What Payment Methods Are Accepted?\"},{\"key\":\"answer\",\"value\":\"Fashion axe DIY jean shorts, swag kale chips meh polaroid kogi butcher Wes Anderson chambray next level semiotics gentrify yr. Voluptate photo booth fugiat Vice. Austin sed Williamsburg, ea labore raw denim voluptate cred proident mixtape excepteur mustache. Twee chia photo booth readymade food truck, hoodie roof party swag keytar PBR DIY.\"}],[{\"key\":\"question\",\"value\":\"Is Buying On-Line Safe?\"},{\"key\":\"answer\",\"value\":\"Art party authentic freegan semiotics jean shorts chia cred. Neutra Austin roof party Brooklyn, synth Thundercats swag 8-bit photo booth. Plaid letterpress leggings craft beer meh ethical Pinterest.\"}]]]',6,'Botble\\Ecommerce\\Models\\Product','2025-01-21 08:51:17','2025-01-21 08:51:17'),(21,'faq_schema_config','[[[{\"key\":\"question\",\"value\":\"What Shipping Methods Are Available?\"},{\"key\":\"answer\",\"value\":\"Ex Portland Pitchfork irure mustache. Eutra fap before they sold out literally. Aliquip ugh bicycle rights actually mlkshk, seitan squid craft beer tempor.\"}],[{\"key\":\"question\",\"value\":\"Do You Ship Internationally?\"},{\"key\":\"answer\",\"value\":\"Hoodie tote bag mixtape tofu. Typewriter jean shorts wolf quinoa, messenger bag organic freegan cray.\"}],[{\"key\":\"question\",\"value\":\"How Long Will It Take To Get My Package?\"},{\"key\":\"answer\",\"value\":\"Swag slow-carb quinoa VHS typewriter pork belly brunch, paleo single-origin coffee Wes Anderson. Flexitarian Pitchfork forage, literally paleo fap pour-over. Wes Anderson Pinterest YOLO fanny pack meggings, deep v XOXO chambray sustainable slow-carb raw denim church-key fap chillwave Etsy. +1 typewriter kitsch, American Apparel tofu Banksy Vice.\"}],[{\"key\":\"question\",\"value\":\"What Payment Methods Are Accepted?\"},{\"key\":\"answer\",\"value\":\"Fashion axe DIY jean shorts, swag kale chips meh polaroid kogi butcher Wes Anderson chambray next level semiotics gentrify yr. Voluptate photo booth fugiat Vice. Austin sed Williamsburg, ea labore raw denim voluptate cred proident mixtape excepteur mustache. Twee chia photo booth readymade food truck, hoodie roof party swag keytar PBR DIY.\"}],[{\"key\":\"question\",\"value\":\"Is Buying On-Line Safe?\"},{\"key\":\"answer\",\"value\":\"Art party authentic freegan semiotics jean shorts chia cred. Neutra Austin roof party Brooklyn, synth Thundercats swag 8-bit photo booth. Plaid letterpress leggings craft beer meh ethical Pinterest.\"}]]]',7,'Botble\\Ecommerce\\Models\\Product','2025-01-21 08:51:17','2025-01-21 08:51:17'),(22,'faq_schema_config','[[[{\"key\":\"question\",\"value\":\"What Shipping Methods Are Available?\"},{\"key\":\"answer\",\"value\":\"Ex Portland Pitchfork irure mustache. Eutra fap before they sold out literally. Aliquip ugh bicycle rights actually mlkshk, seitan squid craft beer tempor.\"}],[{\"key\":\"question\",\"value\":\"Do You Ship Internationally?\"},{\"key\":\"answer\",\"value\":\"Hoodie tote bag mixtape tofu. Typewriter jean shorts wolf quinoa, messenger bag organic freegan cray.\"}],[{\"key\":\"question\",\"value\":\"How Long Will It Take To Get My Package?\"},{\"key\":\"answer\",\"value\":\"Swag slow-carb quinoa VHS typewriter pork belly brunch, paleo single-origin coffee Wes Anderson. Flexitarian Pitchfork forage, literally paleo fap pour-over. Wes Anderson Pinterest YOLO fanny pack meggings, deep v XOXO chambray sustainable slow-carb raw denim church-key fap chillwave Etsy. +1 typewriter kitsch, American Apparel tofu Banksy Vice.\"}],[{\"key\":\"question\",\"value\":\"What Payment Methods Are Accepted?\"},{\"key\":\"answer\",\"value\":\"Fashion axe DIY jean shorts, swag kale chips meh polaroid kogi butcher Wes Anderson chambray next level semiotics gentrify yr. Voluptate photo booth fugiat Vice. Austin sed Williamsburg, ea labore raw denim voluptate cred proident mixtape excepteur mustache. Twee chia photo booth readymade food truck, hoodie roof party swag keytar PBR DIY.\"}],[{\"key\":\"question\",\"value\":\"Is Buying On-Line Safe?\"},{\"key\":\"answer\",\"value\":\"Art party authentic freegan semiotics jean shorts chia cred. Neutra Austin roof party Brooklyn, synth Thundercats swag 8-bit photo booth. Plaid letterpress leggings craft beer meh ethical Pinterest.\"}]]]',8,'Botble\\Ecommerce\\Models\\Product','2025-01-21 08:51:17','2025-01-21 08:51:17'),(23,'faq_schema_config','[[[{\"key\":\"question\",\"value\":\"What Shipping Methods Are Available?\"},{\"key\":\"answer\",\"value\":\"Ex Portland Pitchfork irure mustache. Eutra fap before they sold out literally. Aliquip ugh bicycle rights actually mlkshk, seitan squid craft beer tempor.\"}],[{\"key\":\"question\",\"value\":\"Do You Ship Internationally?\"},{\"key\":\"answer\",\"value\":\"Hoodie tote bag mixtape tofu. Typewriter jean shorts wolf quinoa, messenger bag organic freegan cray.\"}],[{\"key\":\"question\",\"value\":\"How Long Will It Take To Get My Package?\"},{\"key\":\"answer\",\"value\":\"Swag slow-carb quinoa VHS typewriter pork belly brunch, paleo single-origin coffee Wes Anderson. Flexitarian Pitchfork forage, literally paleo fap pour-over. Wes Anderson Pinterest YOLO fanny pack meggings, deep v XOXO chambray sustainable slow-carb raw denim church-key fap chillwave Etsy. +1 typewriter kitsch, American Apparel tofu Banksy Vice.\"}],[{\"key\":\"question\",\"value\":\"What Payment Methods Are Accepted?\"},{\"key\":\"answer\",\"value\":\"Fashion axe DIY jean shorts, swag kale chips meh polaroid kogi butcher Wes Anderson chambray next level semiotics gentrify yr. Voluptate photo booth fugiat Vice. Austin sed Williamsburg, ea labore raw denim voluptate cred proident mixtape excepteur mustache. Twee chia photo booth readymade food truck, hoodie roof party swag keytar PBR DIY.\"}],[{\"key\":\"question\",\"value\":\"Is Buying On-Line Safe?\"},{\"key\":\"answer\",\"value\":\"Art party authentic freegan semiotics jean shorts chia cred. Neutra Austin roof party Brooklyn, synth Thundercats swag 8-bit photo booth. Plaid letterpress leggings craft beer meh ethical Pinterest.\"}]]]',9,'Botble\\Ecommerce\\Models\\Product','2025-01-21 08:51:17','2025-01-21 08:51:17'),(24,'faq_schema_config','[[[{\"key\":\"question\",\"value\":\"What Shipping Methods Are Available?\"},{\"key\":\"answer\",\"value\":\"Ex Portland Pitchfork irure mustache. Eutra fap before they sold out literally. Aliquip ugh bicycle rights actually mlkshk, seitan squid craft beer tempor.\"}],[{\"key\":\"question\",\"value\":\"Do You Ship Internationally?\"},{\"key\":\"answer\",\"value\":\"Hoodie tote bag mixtape tofu. Typewriter jean shorts wolf quinoa, messenger bag organic freegan cray.\"}],[{\"key\":\"question\",\"value\":\"How Long Will It Take To Get My Package?\"},{\"key\":\"answer\",\"value\":\"Swag slow-carb quinoa VHS typewriter pork belly brunch, paleo single-origin coffee Wes Anderson. Flexitarian Pitchfork forage, literally paleo fap pour-over. Wes Anderson Pinterest YOLO fanny pack meggings, deep v XOXO chambray sustainable slow-carb raw denim church-key fap chillwave Etsy. +1 typewriter kitsch, American Apparel tofu Banksy Vice.\"}],[{\"key\":\"question\",\"value\":\"What Payment Methods Are Accepted?\"},{\"key\":\"answer\",\"value\":\"Fashion axe DIY jean shorts, swag kale chips meh polaroid kogi butcher Wes Anderson chambray next level semiotics gentrify yr. Voluptate photo booth fugiat Vice. Austin sed Williamsburg, ea labore raw denim voluptate cred proident mixtape excepteur mustache. Twee chia photo booth readymade food truck, hoodie roof party swag keytar PBR DIY.\"}],[{\"key\":\"question\",\"value\":\"Is Buying On-Line Safe?\"},{\"key\":\"answer\",\"value\":\"Art party authentic freegan semiotics jean shorts chia cred. Neutra Austin roof party Brooklyn, synth Thundercats swag 8-bit photo booth. Plaid letterpress leggings craft beer meh ethical Pinterest.\"}]]]',10,'Botble\\Ecommerce\\Models\\Product','2025-01-21 08:51:17','2025-01-21 08:51:17'),(25,'faq_schema_config','[[[{\"key\":\"question\",\"value\":\"What Shipping Methods Are Available?\"},{\"key\":\"answer\",\"value\":\"Ex Portland Pitchfork irure mustache. Eutra fap before they sold out literally. Aliquip ugh bicycle rights actually mlkshk, seitan squid craft beer tempor.\"}],[{\"key\":\"question\",\"value\":\"Do You Ship Internationally?\"},{\"key\":\"answer\",\"value\":\"Hoodie tote bag mixtape tofu. Typewriter jean shorts wolf quinoa, messenger bag organic freegan cray.\"}],[{\"key\":\"question\",\"value\":\"How Long Will It Take To Get My Package?\"},{\"key\":\"answer\",\"value\":\"Swag slow-carb quinoa VHS typewriter pork belly brunch, paleo single-origin coffee Wes Anderson. Flexitarian Pitchfork forage, literally paleo fap pour-over. Wes Anderson Pinterest YOLO fanny pack meggings, deep v XOXO chambray sustainable slow-carb raw denim church-key fap chillwave Etsy. +1 typewriter kitsch, American Apparel tofu Banksy Vice.\"}],[{\"key\":\"question\",\"value\":\"What Payment Methods Are Accepted?\"},{\"key\":\"answer\",\"value\":\"Fashion axe DIY jean shorts, swag kale chips meh polaroid kogi butcher Wes Anderson chambray next level semiotics gentrify yr. Voluptate photo booth fugiat Vice. Austin sed Williamsburg, ea labore raw denim voluptate cred proident mixtape excepteur mustache. Twee chia photo booth readymade food truck, hoodie roof party swag keytar PBR DIY.\"}],[{\"key\":\"question\",\"value\":\"Is Buying On-Line Safe?\"},{\"key\":\"answer\",\"value\":\"Art party authentic freegan semiotics jean shorts chia cred. Neutra Austin roof party Brooklyn, synth Thundercats swag 8-bit photo booth. Plaid letterpress leggings craft beer meh ethical Pinterest.\"}]]]',11,'Botble\\Ecommerce\\Models\\Product','2025-01-21 08:51:17','2025-01-21 08:51:17'),(26,'faq_schema_config','[[[{\"key\":\"question\",\"value\":\"What Shipping Methods Are Available?\"},{\"key\":\"answer\",\"value\":\"Ex Portland Pitchfork irure mustache. Eutra fap before they sold out literally. Aliquip ugh bicycle rights actually mlkshk, seitan squid craft beer tempor.\"}],[{\"key\":\"question\",\"value\":\"Do You Ship Internationally?\"},{\"key\":\"answer\",\"value\":\"Hoodie tote bag mixtape tofu. Typewriter jean shorts wolf quinoa, messenger bag organic freegan cray.\"}],[{\"key\":\"question\",\"value\":\"How Long Will It Take To Get My Package?\"},{\"key\":\"answer\",\"value\":\"Swag slow-carb quinoa VHS typewriter pork belly brunch, paleo single-origin coffee Wes Anderson. Flexitarian Pitchfork forage, literally paleo fap pour-over. Wes Anderson Pinterest YOLO fanny pack meggings, deep v XOXO chambray sustainable slow-carb raw denim church-key fap chillwave Etsy. +1 typewriter kitsch, American Apparel tofu Banksy Vice.\"}],[{\"key\":\"question\",\"value\":\"What Payment Methods Are Accepted?\"},{\"key\":\"answer\",\"value\":\"Fashion axe DIY jean shorts, swag kale chips meh polaroid kogi butcher Wes Anderson chambray next level semiotics gentrify yr. Voluptate photo booth fugiat Vice. Austin sed Williamsburg, ea labore raw denim voluptate cred proident mixtape excepteur mustache. Twee chia photo booth readymade food truck, hoodie roof party swag keytar PBR DIY.\"}],[{\"key\":\"question\",\"value\":\"Is Buying On-Line Safe?\"},{\"key\":\"answer\",\"value\":\"Art party authentic freegan semiotics jean shorts chia cred. Neutra Austin roof party Brooklyn, synth Thundercats swag 8-bit photo booth. Plaid letterpress leggings craft beer meh ethical Pinterest.\"}]]]',12,'Botble\\Ecommerce\\Models\\Product','2025-01-21 08:51:17','2025-01-21 08:51:17'),(27,'faq_schema_config','[[[{\"key\":\"question\",\"value\":\"What Shipping Methods Are Available?\"},{\"key\":\"answer\",\"value\":\"Ex Portland Pitchfork irure mustache. Eutra fap before they sold out literally. Aliquip ugh bicycle rights actually mlkshk, seitan squid craft beer tempor.\"}],[{\"key\":\"question\",\"value\":\"Do You Ship Internationally?\"},{\"key\":\"answer\",\"value\":\"Hoodie tote bag mixtape tofu. Typewriter jean shorts wolf quinoa, messenger bag organic freegan cray.\"}],[{\"key\":\"question\",\"value\":\"How Long Will It Take To Get My Package?\"},{\"key\":\"answer\",\"value\":\"Swag slow-carb quinoa VHS typewriter pork belly brunch, paleo single-origin coffee Wes Anderson. Flexitarian Pitchfork forage, literally paleo fap pour-over. Wes Anderson Pinterest YOLO fanny pack meggings, deep v XOXO chambray sustainable slow-carb raw denim church-key fap chillwave Etsy. +1 typewriter kitsch, American Apparel tofu Banksy Vice.\"}],[{\"key\":\"question\",\"value\":\"What Payment Methods Are Accepted?\"},{\"key\":\"answer\",\"value\":\"Fashion axe DIY jean shorts, swag kale chips meh polaroid kogi butcher Wes Anderson chambray next level semiotics gentrify yr. Voluptate photo booth fugiat Vice. Austin sed Williamsburg, ea labore raw denim voluptate cred proident mixtape excepteur mustache. Twee chia photo booth readymade food truck, hoodie roof party swag keytar PBR DIY.\"}],[{\"key\":\"question\",\"value\":\"Is Buying On-Line Safe?\"},{\"key\":\"answer\",\"value\":\"Art party authentic freegan semiotics jean shorts chia cred. Neutra Austin roof party Brooklyn, synth Thundercats swag 8-bit photo booth. Plaid letterpress leggings craft beer meh ethical Pinterest.\"}]]]',13,'Botble\\Ecommerce\\Models\\Product','2025-01-21 08:51:17','2025-01-21 08:51:17'),(28,'faq_schema_config','[[[{\"key\":\"question\",\"value\":\"What Shipping Methods Are Available?\"},{\"key\":\"answer\",\"value\":\"Ex Portland Pitchfork irure mustache. Eutra fap before they sold out literally. Aliquip ugh bicycle rights actually mlkshk, seitan squid craft beer tempor.\"}],[{\"key\":\"question\",\"value\":\"Do You Ship Internationally?\"},{\"key\":\"answer\",\"value\":\"Hoodie tote bag mixtape tofu. Typewriter jean shorts wolf quinoa, messenger bag organic freegan cray.\"}],[{\"key\":\"question\",\"value\":\"How Long Will It Take To Get My Package?\"},{\"key\":\"answer\",\"value\":\"Swag slow-carb quinoa VHS typewriter pork belly brunch, paleo single-origin coffee Wes Anderson. Flexitarian Pitchfork forage, literally paleo fap pour-over. Wes Anderson Pinterest YOLO fanny pack meggings, deep v XOXO chambray sustainable slow-carb raw denim church-key fap chillwave Etsy. +1 typewriter kitsch, American Apparel tofu Banksy Vice.\"}],[{\"key\":\"question\",\"value\":\"What Payment Methods Are Accepted?\"},{\"key\":\"answer\",\"value\":\"Fashion axe DIY jean shorts, swag kale chips meh polaroid kogi butcher Wes Anderson chambray next level semiotics gentrify yr. Voluptate photo booth fugiat Vice. Austin sed Williamsburg, ea labore raw denim voluptate cred proident mixtape excepteur mustache. Twee chia photo booth readymade food truck, hoodie roof party swag keytar PBR DIY.\"}],[{\"key\":\"question\",\"value\":\"Is Buying On-Line Safe?\"},{\"key\":\"answer\",\"value\":\"Art party authentic freegan semiotics jean shorts chia cred. Neutra Austin roof party Brooklyn, synth Thundercats swag 8-bit photo booth. Plaid letterpress leggings craft beer meh ethical Pinterest.\"}]]]',14,'Botble\\Ecommerce\\Models\\Product','2025-01-21 08:51:17','2025-01-21 08:51:17'),(29,'faq_schema_config','[[[{\"key\":\"question\",\"value\":\"What Shipping Methods Are Available?\"},{\"key\":\"answer\",\"value\":\"Ex Portland Pitchfork irure mustache. Eutra fap before they sold out literally. Aliquip ugh bicycle rights actually mlkshk, seitan squid craft beer tempor.\"}],[{\"key\":\"question\",\"value\":\"Do You Ship Internationally?\"},{\"key\":\"answer\",\"value\":\"Hoodie tote bag mixtape tofu. Typewriter jean shorts wolf quinoa, messenger bag organic freegan cray.\"}],[{\"key\":\"question\",\"value\":\"How Long Will It Take To Get My Package?\"},{\"key\":\"answer\",\"value\":\"Swag slow-carb quinoa VHS typewriter pork belly brunch, paleo single-origin coffee Wes Anderson. Flexitarian Pitchfork forage, literally paleo fap pour-over. Wes Anderson Pinterest YOLO fanny pack meggings, deep v XOXO chambray sustainable slow-carb raw denim church-key fap chillwave Etsy. +1 typewriter kitsch, American Apparel tofu Banksy Vice.\"}],[{\"key\":\"question\",\"value\":\"What Payment Methods Are Accepted?\"},{\"key\":\"answer\",\"value\":\"Fashion axe DIY jean shorts, swag kale chips meh polaroid kogi butcher Wes Anderson chambray next level semiotics gentrify yr. Voluptate photo booth fugiat Vice. Austin sed Williamsburg, ea labore raw denim voluptate cred proident mixtape excepteur mustache. Twee chia photo booth readymade food truck, hoodie roof party swag keytar PBR DIY.\"}],[{\"key\":\"question\",\"value\":\"Is Buying On-Line Safe?\"},{\"key\":\"answer\",\"value\":\"Art party authentic freegan semiotics jean shorts chia cred. Neutra Austin roof party Brooklyn, synth Thundercats swag 8-bit photo booth. Plaid letterpress leggings craft beer meh ethical Pinterest.\"}]]]',15,'Botble\\Ecommerce\\Models\\Product','2025-01-21 08:51:17','2025-01-21 08:51:17'),(30,'faq_schema_config','[[[{\"key\":\"question\",\"value\":\"What Shipping Methods Are Available?\"},{\"key\":\"answer\",\"value\":\"Ex Portland Pitchfork irure mustache. Eutra fap before they sold out literally. Aliquip ugh bicycle rights actually mlkshk, seitan squid craft beer tempor.\"}],[{\"key\":\"question\",\"value\":\"Do You Ship Internationally?\"},{\"key\":\"answer\",\"value\":\"Hoodie tote bag mixtape tofu. Typewriter jean shorts wolf quinoa, messenger bag organic freegan cray.\"}],[{\"key\":\"question\",\"value\":\"How Long Will It Take To Get My Package?\"},{\"key\":\"answer\",\"value\":\"Swag slow-carb quinoa VHS typewriter pork belly brunch, paleo single-origin coffee Wes Anderson. Flexitarian Pitchfork forage, literally paleo fap pour-over. Wes Anderson Pinterest YOLO fanny pack meggings, deep v XOXO chambray sustainable slow-carb raw denim church-key fap chillwave Etsy. +1 typewriter kitsch, American Apparel tofu Banksy Vice.\"}],[{\"key\":\"question\",\"value\":\"What Payment Methods Are Accepted?\"},{\"key\":\"answer\",\"value\":\"Fashion axe DIY jean shorts, swag kale chips meh polaroid kogi butcher Wes Anderson chambray next level semiotics gentrify yr. Voluptate photo booth fugiat Vice. Austin sed Williamsburg, ea labore raw denim voluptate cred proident mixtape excepteur mustache. Twee chia photo booth readymade food truck, hoodie roof party swag keytar PBR DIY.\"}],[{\"key\":\"question\",\"value\":\"Is Buying On-Line Safe?\"},{\"key\":\"answer\",\"value\":\"Art party authentic freegan semiotics jean shorts chia cred. Neutra Austin roof party Brooklyn, synth Thundercats swag 8-bit photo booth. Plaid letterpress leggings craft beer meh ethical Pinterest.\"}]]]',16,'Botble\\Ecommerce\\Models\\Product','2025-01-21 08:51:17','2025-01-21 08:51:17'),(31,'faq_schema_config','[[[{\"key\":\"question\",\"value\":\"What Shipping Methods Are Available?\"},{\"key\":\"answer\",\"value\":\"Ex Portland Pitchfork irure mustache. Eutra fap before they sold out literally. Aliquip ugh bicycle rights actually mlkshk, seitan squid craft beer tempor.\"}],[{\"key\":\"question\",\"value\":\"Do You Ship Internationally?\"},{\"key\":\"answer\",\"value\":\"Hoodie tote bag mixtape tofu. Typewriter jean shorts wolf quinoa, messenger bag organic freegan cray.\"}],[{\"key\":\"question\",\"value\":\"How Long Will It Take To Get My Package?\"},{\"key\":\"answer\",\"value\":\"Swag slow-carb quinoa VHS typewriter pork belly brunch, paleo single-origin coffee Wes Anderson. Flexitarian Pitchfork forage, literally paleo fap pour-over. Wes Anderson Pinterest YOLO fanny pack meggings, deep v XOXO chambray sustainable slow-carb raw denim church-key fap chillwave Etsy. +1 typewriter kitsch, American Apparel tofu Banksy Vice.\"}],[{\"key\":\"question\",\"value\":\"What Payment Methods Are Accepted?\"},{\"key\":\"answer\",\"value\":\"Fashion axe DIY jean shorts, swag kale chips meh polaroid kogi butcher Wes Anderson chambray next level semiotics gentrify yr. Voluptate photo booth fugiat Vice. Austin sed Williamsburg, ea labore raw denim voluptate cred proident mixtape excepteur mustache. Twee chia photo booth readymade food truck, hoodie roof party swag keytar PBR DIY.\"}],[{\"key\":\"question\",\"value\":\"Is Buying On-Line Safe?\"},{\"key\":\"answer\",\"value\":\"Art party authentic freegan semiotics jean shorts chia cred. Neutra Austin roof party Brooklyn, synth Thundercats swag 8-bit photo booth. Plaid letterpress leggings craft beer meh ethical Pinterest.\"}]]]',17,'Botble\\Ecommerce\\Models\\Product','2025-01-21 08:51:17','2025-01-21 08:51:17'),(32,'faq_schema_config','[[[{\"key\":\"question\",\"value\":\"What Shipping Methods Are Available?\"},{\"key\":\"answer\",\"value\":\"Ex Portland Pitchfork irure mustache. Eutra fap before they sold out literally. Aliquip ugh bicycle rights actually mlkshk, seitan squid craft beer tempor.\"}],[{\"key\":\"question\",\"value\":\"Do You Ship Internationally?\"},{\"key\":\"answer\",\"value\":\"Hoodie tote bag mixtape tofu. Typewriter jean shorts wolf quinoa, messenger bag organic freegan cray.\"}],[{\"key\":\"question\",\"value\":\"How Long Will It Take To Get My Package?\"},{\"key\":\"answer\",\"value\":\"Swag slow-carb quinoa VHS typewriter pork belly brunch, paleo single-origin coffee Wes Anderson. Flexitarian Pitchfork forage, literally paleo fap pour-over. Wes Anderson Pinterest YOLO fanny pack meggings, deep v XOXO chambray sustainable slow-carb raw denim church-key fap chillwave Etsy. +1 typewriter kitsch, American Apparel tofu Banksy Vice.\"}],[{\"key\":\"question\",\"value\":\"What Payment Methods Are Accepted?\"},{\"key\":\"answer\",\"value\":\"Fashion axe DIY jean shorts, swag kale chips meh polaroid kogi butcher Wes Anderson chambray next level semiotics gentrify yr. Voluptate photo booth fugiat Vice. Austin sed Williamsburg, ea labore raw denim voluptate cred proident mixtape excepteur mustache. Twee chia photo booth readymade food truck, hoodie roof party swag keytar PBR DIY.\"}],[{\"key\":\"question\",\"value\":\"Is Buying On-Line Safe?\"},{\"key\":\"answer\",\"value\":\"Art party authentic freegan semiotics jean shorts chia cred. Neutra Austin roof party Brooklyn, synth Thundercats swag 8-bit photo booth. Plaid letterpress leggings craft beer meh ethical Pinterest.\"}]]]',18,'Botble\\Ecommerce\\Models\\Product','2025-01-21 08:51:17','2025-01-21 08:51:17'),(33,'faq_schema_config','[[[{\"key\":\"question\",\"value\":\"What Shipping Methods Are Available?\"},{\"key\":\"answer\",\"value\":\"Ex Portland Pitchfork irure mustache. Eutra fap before they sold out literally. Aliquip ugh bicycle rights actually mlkshk, seitan squid craft beer tempor.\"}],[{\"key\":\"question\",\"value\":\"Do You Ship Internationally?\"},{\"key\":\"answer\",\"value\":\"Hoodie tote bag mixtape tofu. Typewriter jean shorts wolf quinoa, messenger bag organic freegan cray.\"}],[{\"key\":\"question\",\"value\":\"How Long Will It Take To Get My Package?\"},{\"key\":\"answer\",\"value\":\"Swag slow-carb quinoa VHS typewriter pork belly brunch, paleo single-origin coffee Wes Anderson. Flexitarian Pitchfork forage, literally paleo fap pour-over. Wes Anderson Pinterest YOLO fanny pack meggings, deep v XOXO chambray sustainable slow-carb raw denim church-key fap chillwave Etsy. +1 typewriter kitsch, American Apparel tofu Banksy Vice.\"}],[{\"key\":\"question\",\"value\":\"What Payment Methods Are Accepted?\"},{\"key\":\"answer\",\"value\":\"Fashion axe DIY jean shorts, swag kale chips meh polaroid kogi butcher Wes Anderson chambray next level semiotics gentrify yr. Voluptate photo booth fugiat Vice. Austin sed Williamsburg, ea labore raw denim voluptate cred proident mixtape excepteur mustache. Twee chia photo booth readymade food truck, hoodie roof party swag keytar PBR DIY.\"}],[{\"key\":\"question\",\"value\":\"Is Buying On-Line Safe?\"},{\"key\":\"answer\",\"value\":\"Art party authentic freegan semiotics jean shorts chia cred. Neutra Austin roof party Brooklyn, synth Thundercats swag 8-bit photo booth. Plaid letterpress leggings craft beer meh ethical Pinterest.\"}]]]',19,'Botble\\Ecommerce\\Models\\Product','2025-01-21 08:51:17','2025-01-21 08:51:17'),(34,'faq_schema_config','[[[{\"key\":\"question\",\"value\":\"What Shipping Methods Are Available?\"},{\"key\":\"answer\",\"value\":\"Ex Portland Pitchfork irure mustache. Eutra fap before they sold out literally. Aliquip ugh bicycle rights actually mlkshk, seitan squid craft beer tempor.\"}],[{\"key\":\"question\",\"value\":\"Do You Ship Internationally?\"},{\"key\":\"answer\",\"value\":\"Hoodie tote bag mixtape tofu. Typewriter jean shorts wolf quinoa, messenger bag organic freegan cray.\"}],[{\"key\":\"question\",\"value\":\"How Long Will It Take To Get My Package?\"},{\"key\":\"answer\",\"value\":\"Swag slow-carb quinoa VHS typewriter pork belly brunch, paleo single-origin coffee Wes Anderson. Flexitarian Pitchfork forage, literally paleo fap pour-over. Wes Anderson Pinterest YOLO fanny pack meggings, deep v XOXO chambray sustainable slow-carb raw denim church-key fap chillwave Etsy. +1 typewriter kitsch, American Apparel tofu Banksy Vice.\"}],[{\"key\":\"question\",\"value\":\"What Payment Methods Are Accepted?\"},{\"key\":\"answer\",\"value\":\"Fashion axe DIY jean shorts, swag kale chips meh polaroid kogi butcher Wes Anderson chambray next level semiotics gentrify yr. Voluptate photo booth fugiat Vice. Austin sed Williamsburg, ea labore raw denim voluptate cred proident mixtape excepteur mustache. Twee chia photo booth readymade food truck, hoodie roof party swag keytar PBR DIY.\"}],[{\"key\":\"question\",\"value\":\"Is Buying On-Line Safe?\"},{\"key\":\"answer\",\"value\":\"Art party authentic freegan semiotics jean shorts chia cred. Neutra Austin roof party Brooklyn, synth Thundercats swag 8-bit photo booth. Plaid letterpress leggings craft beer meh ethical Pinterest.\"}]]]',20,'Botble\\Ecommerce\\Models\\Product','2025-01-21 08:51:17','2025-01-21 08:51:17'),(35,'faq_schema_config','[[[{\"key\":\"question\",\"value\":\"What Shipping Methods Are Available?\"},{\"key\":\"answer\",\"value\":\"Ex Portland Pitchfork irure mustache. Eutra fap before they sold out literally. Aliquip ugh bicycle rights actually mlkshk, seitan squid craft beer tempor.\"}],[{\"key\":\"question\",\"value\":\"Do You Ship Internationally?\"},{\"key\":\"answer\",\"value\":\"Hoodie tote bag mixtape tofu. Typewriter jean shorts wolf quinoa, messenger bag organic freegan cray.\"}],[{\"key\":\"question\",\"value\":\"How Long Will It Take To Get My Package?\"},{\"key\":\"answer\",\"value\":\"Swag slow-carb quinoa VHS typewriter pork belly brunch, paleo single-origin coffee Wes Anderson. Flexitarian Pitchfork forage, literally paleo fap pour-over. Wes Anderson Pinterest YOLO fanny pack meggings, deep v XOXO chambray sustainable slow-carb raw denim church-key fap chillwave Etsy. +1 typewriter kitsch, American Apparel tofu Banksy Vice.\"}],[{\"key\":\"question\",\"value\":\"What Payment Methods Are Accepted?\"},{\"key\":\"answer\",\"value\":\"Fashion axe DIY jean shorts, swag kale chips meh polaroid kogi butcher Wes Anderson chambray next level semiotics gentrify yr. Voluptate photo booth fugiat Vice. Austin sed Williamsburg, ea labore raw denim voluptate cred proident mixtape excepteur mustache. Twee chia photo booth readymade food truck, hoodie roof party swag keytar PBR DIY.\"}],[{\"key\":\"question\",\"value\":\"Is Buying On-Line Safe?\"},{\"key\":\"answer\",\"value\":\"Art party authentic freegan semiotics jean shorts chia cred. Neutra Austin roof party Brooklyn, synth Thundercats swag 8-bit photo booth. Plaid letterpress leggings craft beer meh ethical Pinterest.\"}]]]',21,'Botble\\Ecommerce\\Models\\Product','2025-01-21 08:51:17','2025-01-21 08:51:17'),(36,'faq_schema_config','[[[{\"key\":\"question\",\"value\":\"What Shipping Methods Are Available?\"},{\"key\":\"answer\",\"value\":\"Ex Portland Pitchfork irure mustache. Eutra fap before they sold out literally. Aliquip ugh bicycle rights actually mlkshk, seitan squid craft beer tempor.\"}],[{\"key\":\"question\",\"value\":\"Do You Ship Internationally?\"},{\"key\":\"answer\",\"value\":\"Hoodie tote bag mixtape tofu. Typewriter jean shorts wolf quinoa, messenger bag organic freegan cray.\"}],[{\"key\":\"question\",\"value\":\"How Long Will It Take To Get My Package?\"},{\"key\":\"answer\",\"value\":\"Swag slow-carb quinoa VHS typewriter pork belly brunch, paleo single-origin coffee Wes Anderson. Flexitarian Pitchfork forage, literally paleo fap pour-over. Wes Anderson Pinterest YOLO fanny pack meggings, deep v XOXO chambray sustainable slow-carb raw denim church-key fap chillwave Etsy. +1 typewriter kitsch, American Apparel tofu Banksy Vice.\"}],[{\"key\":\"question\",\"value\":\"What Payment Methods Are Accepted?\"},{\"key\":\"answer\",\"value\":\"Fashion axe DIY jean shorts, swag kale chips meh polaroid kogi butcher Wes Anderson chambray next level semiotics gentrify yr. Voluptate photo booth fugiat Vice. Austin sed Williamsburg, ea labore raw denim voluptate cred proident mixtape excepteur mustache. Twee chia photo booth readymade food truck, hoodie roof party swag keytar PBR DIY.\"}],[{\"key\":\"question\",\"value\":\"Is Buying On-Line Safe?\"},{\"key\":\"answer\",\"value\":\"Art party authentic freegan semiotics jean shorts chia cred. Neutra Austin roof party Brooklyn, synth Thundercats swag 8-bit photo booth. Plaid letterpress leggings craft beer meh ethical Pinterest.\"}]]]',22,'Botble\\Ecommerce\\Models\\Product','2025-01-21 08:51:17','2025-01-21 08:51:17'),(37,'faq_schema_config','[[[{\"key\":\"question\",\"value\":\"What Shipping Methods Are Available?\"},{\"key\":\"answer\",\"value\":\"Ex Portland Pitchfork irure mustache. Eutra fap before they sold out literally. Aliquip ugh bicycle rights actually mlkshk, seitan squid craft beer tempor.\"}],[{\"key\":\"question\",\"value\":\"Do You Ship Internationally?\"},{\"key\":\"answer\",\"value\":\"Hoodie tote bag mixtape tofu. Typewriter jean shorts wolf quinoa, messenger bag organic freegan cray.\"}],[{\"key\":\"question\",\"value\":\"How Long Will It Take To Get My Package?\"},{\"key\":\"answer\",\"value\":\"Swag slow-carb quinoa VHS typewriter pork belly brunch, paleo single-origin coffee Wes Anderson. Flexitarian Pitchfork forage, literally paleo fap pour-over. Wes Anderson Pinterest YOLO fanny pack meggings, deep v XOXO chambray sustainable slow-carb raw denim church-key fap chillwave Etsy. +1 typewriter kitsch, American Apparel tofu Banksy Vice.\"}],[{\"key\":\"question\",\"value\":\"What Payment Methods Are Accepted?\"},{\"key\":\"answer\",\"value\":\"Fashion axe DIY jean shorts, swag kale chips meh polaroid kogi butcher Wes Anderson chambray next level semiotics gentrify yr. Voluptate photo booth fugiat Vice. Austin sed Williamsburg, ea labore raw denim voluptate cred proident mixtape excepteur mustache. Twee chia photo booth readymade food truck, hoodie roof party swag keytar PBR DIY.\"}],[{\"key\":\"question\",\"value\":\"Is Buying On-Line Safe?\"},{\"key\":\"answer\",\"value\":\"Art party authentic freegan semiotics jean shorts chia cred. Neutra Austin roof party Brooklyn, synth Thundercats swag 8-bit photo booth. Plaid letterpress leggings craft beer meh ethical Pinterest.\"}]]]',23,'Botble\\Ecommerce\\Models\\Product','2025-01-21 08:51:17','2025-01-21 08:51:17'),(38,'tablet_image','[\"sliders\\/1-md.jpg\"]',1,'Botble\\SimpleSlider\\Models\\SimpleSliderItem','2025-01-21 08:51:23','2025-01-21 08:51:23'),(39,'mobile_image','[\"sliders\\/1-sm.jpg\"]',1,'Botble\\SimpleSlider\\Models\\SimpleSliderItem','2025-01-21 08:51:23','2025-01-21 08:51:23'),(40,'tablet_image','[\"sliders\\/2-md.jpg\"]',2,'Botble\\SimpleSlider\\Models\\SimpleSliderItem','2025-01-21 08:51:23','2025-01-21 08:51:23'),(41,'mobile_image','[\"sliders\\/2-sm.jpg\"]',2,'Botble\\SimpleSlider\\Models\\SimpleSliderItem','2025-01-21 08:51:23','2025-01-21 08:51:23'),(42,'tablet_image','[\"sliders\\/3-md.jpg\"]',3,'Botble\\SimpleSlider\\Models\\SimpleSliderItem','2025-01-21 08:51:23','2025-01-21 08:51:23'),(43,'mobile_image','[\"sliders\\/3-sm.jpg\"]',3,'Botble\\SimpleSlider\\Models\\SimpleSliderItem','2025-01-21 08:51:23','2025-01-21 08:51:23');

--
-- Table structure for table `migrations`
--

CREATE TABLE `migrations` (
  `id` int unsigned NOT NULL AUTO_INCREMENT,
  `migration` varchar(191) COLLATE utf8mb4_unicode_ci NOT NULL,
  `batch` int NOT NULL,
  PRIMARY KEY (`id`)
) ENGINE=InnoDB AUTO_INCREMENT=214 DEFAULT CHARSET=utf8mb4 COLLATE=utf8mb4_unicode_ci;

--
-- Dumping data for table `migrations`
--

INSERT INTO `migrations` VALUES (1,'0001_01_01_000001_create_cache_table',1),(2,'2013_04_09_032329_create_base_tables',1),(3,'2013_04_09_062329_create_revisions_table',1),(4,'2014_10_12_000000_create_users_table',1),(5,'2014_10_12_100000_create_password_reset_tokens_table',1),(6,'2016_06_10_230148_create_acl_tables',1),(7,'2016_06_14_230857_create_menus_table',1),(8,'2016_06_28_221418_create_pages_table',1),(9,'2016_10_05_074239_create_setting_table',1),(10,'2016_11_28_032840_create_dashboard_widget_tables',1),(11,'2016_12_16_084601_create_widgets_table',1),(12,'2017_05_09_070343_create_media_tables',1),(13,'2017_11_03_070450_create_slug_table',1),(14,'2019_01_05_053554_create_jobs_table',1),(15,'2019_08_19_000000_create_failed_jobs_table',1),(16,'2019_12_14_000001_create_personal_access_tokens_table',1),(17,'2021_08_02_084121_fix_old_shortcode',1),(18,'2022_04_20_100851_add_index_to_media_table',1),(19,'2022_04_20_101046_add_index_to_menu_table',1),(20,'2022_07_10_034813_move_lang_folder_to_root',1),(21,'2022_08_04_051940_add_missing_column_expires_at',1),(22,'2022_09_01_000001_create_admin_notifications_tables',1),(23,'2022_10_14_024629_drop_column_is_featured',1),(24,'2022_11_18_063357_add_missing_timestamp_in_table_settings',1),(25,'2022_12_02_093615_update_slug_index_columns',1),(26,'2023_01_30_024431_add_alt_to_media_table',1),(27,'2023_02_16_042611_drop_table_password_resets',1),(28,'2023_04_23_005903_add_column_permissions_to_admin_notifications',1),(29,'2023_05_10_075124_drop_column_id_in_role_users_table',1),(30,'2023_08_21_090810_make_page_content_nullable',1),(31,'2023_09_14_021936_update_index_for_slugs_table',1),(32,'2023_12_07_095130_add_color_column_to_media_folders_table',1),(33,'2023_12_17_162208_make_sure_column_color_in_media_folders_nullable',1),(34,'2024_04_04_110758_update_value_column_in_user_meta_table',1),(35,'2024_05_04_030654_improve_social_links',1),(36,'2024_05_12_091229_add_column_visibility_to_table_media_files',1),(37,'2024_07_07_091316_fix_column_url_in_menu_nodes_table',1),(38,'2024_07_12_100000_change_random_hash_for_media',1),(39,'2024_09_30_024515_create_sessions_table',1),(40,'2020_11_18_150916_ads_create_ads_table',2),(41,'2021_12_02_035301_add_ads_translations_table',2),(42,'2023_04_17_062645_add_open_in_new_tab',2),(43,'2023_11_07_023805_add_tablet_mobile_image',2),(44,'2024_04_01_043317_add_google_adsense_slot_id_to_ads_table',2),(45,'2024_04_27_100730_improve_analytics_setting',3),(46,'2015_06_29_025744_create_audit_history',4),(47,'2023_11_14_033417_change_request_column_in_table_audit_histories',4),(48,'2015_06_18_033822_create_blog_table',5),(49,'2021_02_16_092633_remove_default_value_for_author_type',5),(50,'2021_12_03_030600_create_blog_translations',5),(51,'2022_04_19_113923_add_index_to_table_posts',5),(52,'2023_08_29_074620_make_column_author_id_nullable',5),(53,'2024_07_30_091615_fix_order_column_in_categories_table',5),(54,'2025_01_06_033807_add_default_value_for_categories_author_type',5),(55,'2016_06_17_091537_create_contacts_table',6),(56,'2023_11_10_080225_migrate_contact_blacklist_email_domains_to_core',6),(57,'2024_03_20_080001_migrate_change_attribute_email_to_nullable_form_contacts_table',6),(58,'2024_03_25_000001_update_captcha_settings_for_contact',6),(59,'2024_04_19_063914_create_custom_fields_table',6),(60,'2020_03_05_041139_create_ecommerce_tables',7),(61,'2021_01_01_044147_ecommerce_create_flash_sale_table',7),(62,'2021_01_17_082713_add_column_is_featured_to_product_collections_table',7),(63,'2021_01_18_024333_add_zip_code_into_table_customer_addresses',7),(64,'2021_02_18_073505_update_table_ec_reviews',7),(65,'2021_03_10_024419_add_column_confirmed_at_to_table_ec_customers',7),(66,'2021_03_10_025153_change_column_tax_amount',7),(67,'2021_03_20_033103_add_column_availability_to_table_ec_products',7),(68,'2021_04_28_074008_ecommerce_create_product_label_table',7),(69,'2021_05_31_173037_ecommerce_create_ec_products_translations',7),(70,'2021_08_17_105016_remove_column_currency_id_in_some_tables',7),(71,'2021_08_30_142128_add_images_column_to_ec_reviews_table',7),(72,'2021_10_04_030050_add_column_created_by_to_table_ec_products',7),(73,'2021_10_05_122616_add_status_column_to_ec_customers_table',7),(74,'2021_11_03_025806_nullable_phone_number_in_ec_customer_addresses',7),(75,'2021_11_23_071403_correct_languages_for_product_variations',7),(76,'2021_11_28_031808_add_product_tags_translations',7),(77,'2021_12_01_031123_add_featured_image_to_ec_products',7),(78,'2022_01_01_033107_update_table_ec_shipments',7),(79,'2022_02_16_042457_improve_product_attribute_sets',7),(80,'2022_03_22_075758_correct_product_name',7),(81,'2022_04_19_113334_add_index_to_ec_products',7),(82,'2022_04_28_144405_remove_unused_table',7),(83,'2022_05_05_115015_create_ec_customer_recently_viewed_products_table',7),(84,'2022_05_18_143720_add_index_to_table_ec_product_categories',7),(85,'2022_06_16_095633_add_index_to_some_tables',7),(86,'2022_06_30_035148_create_order_referrals_table',7),(87,'2022_07_24_153815_add_completed_at_to_ec_orders_table',7),(88,'2022_08_14_032836_create_ec_order_returns_table',7),(89,'2022_08_14_033554_create_ec_order_return_items_table',7),(90,'2022_08_15_040324_add_billing_address',7),(91,'2022_08_30_091114_support_digital_products_table',7),(92,'2022_09_13_095744_create_options_table',7),(93,'2022_09_13_104347_create_option_value_table',7),(94,'2022_10_05_163518_alter_table_ec_order_product',7),(95,'2022_10_12_041517_create_invoices_table',7),(96,'2022_10_12_142226_update_orders_table',7),(97,'2022_10_13_024916_update_table_order_returns',7),(98,'2022_10_21_030830_update_columns_in_ec_shipments_table',7),(99,'2022_10_28_021046_update_columns_in_ec_shipments_table',7),(100,'2022_11_16_034522_update_type_column_in_ec_shipping_rules_table',7),(101,'2022_11_19_041643_add_ec_tax_product_table',7),(102,'2022_12_12_063830_update_tax_defadult_in_ec_tax_products_table',7),(103,'2022_12_17_041532_fix_address_in_order_invoice',7),(104,'2022_12_26_070329_create_ec_product_views_table',7),(105,'2023_01_04_033051_fix_product_categories',7),(106,'2023_01_09_050400_add_ec_global_options_translations_table',7),(107,'2023_01_10_093754_add_missing_option_value_id',7),(108,'2023_01_17_082713_add_column_barcode_and_cost_per_item_to_product_table',7),(109,'2023_01_26_021854_add_ec_customer_used_coupons_table',7),(110,'2023_02_08_015900_update_options_column_in_ec_order_product_table',7),(111,'2023_02_27_095752_remove_duplicate_reviews',7),(112,'2023_03_20_115757_add_user_type_column_to_ec_shipment_histories_table',7),(113,'2023_04_21_082427_create_ec_product_categorizables_table',7),(114,'2023_05_03_011331_add_missing_column_price_into_invoice_items_table',7),(115,'2023_05_17_025812_fix_invoice_issue',7),(116,'2023_05_26_073140_move_option_make_phone_field_optional_at_checkout_page_to_mandatory_fields',7),(117,'2023_05_27_144611_fix_exchange_rate_setting',7),(118,'2023_06_22_084331_add_generate_license_code_to_ec_products_table',7),(119,'2023_06_30_042512_create_ec_order_tax_information_table',7),(120,'2023_07_14_022724_remove_column_id_from_ec_product_collection_products',7),(121,'2023_08_09_012940_remove_column_status_in_ec_product_attributes',7),(122,'2023_08_15_064505_create_ec_tax_rules_table',7),(123,'2023_08_21_021819_make_column_address_in_ec_customer_addresses_nullable',7),(124,'2023_08_22_094114_drop_unique_for_barcode',7),(125,'2023_08_30_031811_add_apply_via_url_column_to_ec_discounts_table',7),(126,'2023_09_07_094312_add_index_to_product_sku_and_translations',7),(127,'2023_09_19_024955_create_discount_product_categories_table',7),(128,'2023_10_17_070728_add_icon_and_icon_image_to_product_categories_table',7),(129,'2023_11_22_154643_add_unique_in_table_ec_products_variations',7),(130,'2023_11_27_032313_add_price_columns_to_ec_product_cross_sale_relations_table',7),(131,'2023_12_06_023945_add_display_on_checkout_column_to_ec_discounts_table',7),(132,'2023_12_25_040604_ec_create_review_replies_table',7),(133,'2023_12_26_090340_add_private_notes_column_to_ec_customers_table',7),(134,'2024_01_16_070706_fix_translation_tables',7),(135,'2024_01_23_075227_add_proof_file_to_ec_orders_table',7),(136,'2024_03_26_041531_add_cancel_reason_to_ec_orders_table',7),(137,'2024_03_27_062402_create_ec_customer_deletion_requests_table',7),(138,'2024_03_29_042242_migrate_old_captcha_settings',7),(139,'2024_03_29_093946_create_ec_order_return_histories_table',7),(140,'2024_04_01_063523_add_customer_columns_to_ec_reviews_table',7),(141,'2024_04_15_092654_migrate_ecommerce_google_tag_manager_code_setting',7),(142,'2024_04_16_035713_add_min_max_order_quantity_columns_to_products_table',7),(143,'2024_05_07_073153_improve_table_wishlist',7),(144,'2024_05_07_093703_add_missing_zip_code_into_table_store_locators',7),(145,'2024_05_15_021503_fix_invoice_path',7),(146,'2024_06_20_160724_create_ec_shared_wishlists_table',7),(147,'2024_06_28_025104_add_notify_attachment_updated_column_to_ec_products_table',7),(148,'2024_07_03_030900_add_downloaded_at_column_to_ec_order_product_table',7),(149,'2024_07_14_071826_make_customer_email_nullable',7),(150,'2024_07_15_104916_add_video_media_column_to_ec_products_table',7),(151,'2024_07_26_052530_add_percentage_to_tax_rules_table',7),(152,'2024_08_14_123028_add_customer_delivered_confirmed_at_column_to_ec_shipments_table',7),(153,'2024_08_19_132849_create_specification_tables',7),(154,'2024_09_07_060744_add_author_column_to_specification_tables',7),(155,'2024_09_14_064023_add_can_use_with_flash_sale_column_to_ec_discounts_table',7),(156,'2024_09_25_073928_remove_wrong_product_slugs',7),(157,'2025_01_03_044641_migrate_old_country_data',7),(158,'2025_01_15_050230_migrate_old_theme_options',7),(159,'2025_01_17_082713_correct_column_barcode_and_cost_per_item_to_product_table',7),(160,'2018_07_09_221238_create_faq_table',8),(161,'2021_12_03_082134_create_faq_translations',8),(162,'2023_11_17_063408_add_description_column_to_faq_categories_table',8),(163,'2016_10_03_032336_create_languages_table',9),(164,'2023_09_14_022423_add_index_for_language_table',9),(165,'2021_10_25_021023_fix-priority-load-for-language-advanced',10),(166,'2021_12_03_075608_create_page_translations',10),(167,'2023_07_06_011444_create_slug_translations_table',10),(168,'2019_11_18_061011_create_country_table',11),(169,'2021_12_03_084118_create_location_translations',11),(170,'2021_12_03_094518_migrate_old_location_data',11),(171,'2021_12_10_034440_switch_plugin_location_to_use_language_advanced',11),(172,'2022_01_16_085908_improve_plugin_location',11),(173,'2022_08_04_052122_delete_location_backup_tables',11),(174,'2023_04_23_061847_increase_state_translations_abbreviation_column',11),(175,'2023_07_26_041451_add_more_columns_to_location_table',11),(176,'2023_07_27_041451_add_more_columns_to_location_translation_table',11),(177,'2023_08_15_073307_drop_unique_in_states_cities_translations',11),(178,'2023_10_21_065016_make_state_id_in_table_cities_nullable',11),(179,'2024_08_17_094600_add_image_into_countries',11),(180,'2025_01_08_093652_add_zip_code_to_cities',11),(181,'2021_07_06_030002_create_marketplace_table',12),(182,'2021_09_04_150137_add_vendor_verified_at_to_ec_customers_table',12),(183,'2021_10_04_033903_add_column_approved_by_into_table_ec_products',12),(184,'2021_10_06_124943_add_transaction_id_column_to_mp_customer_withdrawals_table',12),(185,'2021_10_10_054216_add_columns_to_mp_customer_revenues_table',12),(186,'2021_12_06_031304_update_table_mp_customer_revenues',12),(187,'2022_10_19_152916_add_columns_to_mp_stores_table',12),(188,'2022_10_20_062849_create_mp_category_sale_commissions_table',12),(189,'2022_11_02_071413_add_more_info_for_store',12),(190,'2022_11_02_080444_add_tax_info',12),(191,'2023_02_01_062030_add_store_translations',12),(192,'2023_02_13_032133_update_fee_column_mp_customer_revenues_table',12),(193,'2023_02_17_023648_fix_store_prefix',12),(194,'2024_04_03_062451_add_cover_image_to_table_mp_stores',12),(195,'2024_05_07_082630_create_mp_messages_table',12),(196,'2024_07_19_131849_add_documents_to_mp_stores_table',12),(197,'2024_08_18_083119_add_tax_id_column_to_mp_stores_table',12),(198,'2024_08_27_141244_add_block_reason_to_ec_customers_table',12),(199,'2024_09_17_125408_add_square_logo_to_stores_table',12),(200,'2017_10_24_154832_create_newsletter_table',13),(201,'2024_03_25_000001_update_captcha_settings_for_newsletter',13),(202,'2017_05_18_080441_create_payment_tables',14),(203,'2021_03_27_144913_add_customer_type_into_table_payments',14),(204,'2021_05_24_034720_make_column_currency_nullable',14),(205,'2021_08_09_161302_add_metadata_column_to_payments_table',14),(206,'2021_10_19_020859_update_metadata_field',14),(207,'2022_06_28_151901_activate_paypal_stripe_plugin',14),(208,'2022_07_07_153354_update_charge_id_in_table_payments',14),(209,'2024_07_04_083133_create_payment_logs_table',14),(210,'2017_07_11_140018_create_simple_slider_table',15),(211,'2024_09_14_100108_add_stripe_connect_details_to_ec_customers_table',16),(212,'2016_10_07_193005_create_translations_table',17),(213,'2023_12_12_105220_drop_translations_table',17);

--
-- Table structure for table `mp_category_sale_commissions`
--

CREATE TABLE `mp_category_sale_commissions` (
  `id` bigint unsigned NOT NULL AUTO_INCREMENT,
  `product_category_id` bigint unsigned NOT NULL,
  `commission_percentage` decimal(8,2) NOT NULL DEFAULT '0.00',
  PRIMARY KEY (`id`),
  UNIQUE KEY `mp_category_sale_commissions_product_category_id_unique` (`product_category_id`)
) ENGINE=InnoDB DEFAULT CHARSET=utf8mb4 COLLATE=utf8mb4_unicode_ci;

--
-- Dumping data for table `mp_category_sale_commissions`
--


--
-- Table structure for table `mp_customer_revenues`
--

CREATE TABLE `mp_customer_revenues` (
  `id` bigint unsigned NOT NULL AUTO_INCREMENT,
  `customer_id` bigint unsigned DEFAULT NULL,
  `order_id` bigint unsigned DEFAULT NULL,
  `sub_amount` decimal(15,2) DEFAULT '0.00',
  `fee` decimal(15,2) DEFAULT '0.00',
  `amount` decimal(15,2) DEFAULT '0.00',
  `current_balance` decimal(15,2) DEFAULT '0.00',
  `currency` varchar(120) COLLATE utf8mb4_unicode_ci DEFAULT NULL,
  `description` text COLLATE utf8mb4_unicode_ci,
  `created_at` timestamp NULL DEFAULT NULL,
  `updated_at` timestamp NULL DEFAULT NULL,
  `user_id` bigint unsigned NOT NULL DEFAULT '0',
  `type` varchar(60) COLLATE utf8mb4_unicode_ci DEFAULT NULL,
  PRIMARY KEY (`id`)
) ENGINE=InnoDB DEFAULT CHARSET=utf8mb4 COLLATE=utf8mb4_unicode_ci;

--
-- Dumping data for table `mp_customer_revenues`
--


--
-- Table structure for table `mp_customer_withdrawals`
--

CREATE TABLE `mp_customer_withdrawals` (
  `id` bigint unsigned NOT NULL AUTO_INCREMENT,
  `customer_id` bigint unsigned DEFAULT NULL,
  `fee` decimal(15,2) unsigned DEFAULT '0.00',
  `amount` decimal(15,2) unsigned DEFAULT '0.00',
  `current_balance` decimal(15,2) unsigned DEFAULT '0.00',
  `currency` varchar(120) COLLATE utf8mb4_unicode_ci DEFAULT NULL,
  `description` text COLLATE utf8mb4_unicode_ci,
  `bank_info` text COLLATE utf8mb4_unicode_ci,
  `payment_channel` varchar(60) COLLATE utf8mb4_unicode_ci DEFAULT NULL,
  `user_id` bigint unsigned NOT NULL DEFAULT '0',
  `status` varchar(60) COLLATE utf8mb4_unicode_ci NOT NULL DEFAULT 'pending',
  `images` text COLLATE utf8mb4_unicode_ci,
  `created_at` timestamp NULL DEFAULT NULL,
  `updated_at` timestamp NULL DEFAULT NULL,
  `transaction_id` varchar(60) COLLATE utf8mb4_unicode_ci DEFAULT NULL,
  PRIMARY KEY (`id`)
) ENGINE=InnoDB DEFAULT CHARSET=utf8mb4 COLLATE=utf8mb4_unicode_ci;

--
-- Dumping data for table `mp_customer_withdrawals`
--


--
-- Table structure for table `mp_messages`
--

CREATE TABLE `mp_messages` (
  `id` bigint unsigned NOT NULL AUTO_INCREMENT,
  `store_id` bigint unsigned NOT NULL,
  `customer_id` bigint unsigned DEFAULT NULL,
  `name` varchar(60) COLLATE utf8mb4_unicode_ci NOT NULL,
  `email` varchar(60) COLLATE utf8mb4_unicode_ci NOT NULL,
  `content` longtext COLLATE utf8mb4_unicode_ci NOT NULL,
  `created_at` timestamp NULL DEFAULT NULL,
  `updated_at` timestamp NULL DEFAULT NULL,
  PRIMARY KEY (`id`)
) ENGINE=InnoDB DEFAULT CHARSET=utf8mb4 COLLATE=utf8mb4_unicode_ci;

--
-- Dumping data for table `mp_messages`
--


--
-- Table structure for table `mp_stores`
--

CREATE TABLE `mp_stores` (
  `id` bigint unsigned NOT NULL AUTO_INCREMENT,
  `name` varchar(191) COLLATE utf8mb4_unicode_ci NOT NULL,
  `email` varchar(60) COLLATE utf8mb4_unicode_ci DEFAULT NULL,
  `phone` varchar(20) COLLATE utf8mb4_unicode_ci DEFAULT NULL,
  `address` varchar(191) COLLATE utf8mb4_unicode_ci DEFAULT NULL,
  `country` varchar(120) COLLATE utf8mb4_unicode_ci DEFAULT NULL,
  `state` varchar(120) COLLATE utf8mb4_unicode_ci DEFAULT NULL,
  `city` varchar(120) COLLATE utf8mb4_unicode_ci DEFAULT NULL,
  `customer_id` bigint unsigned DEFAULT NULL,
  `logo` varchar(191) COLLATE utf8mb4_unicode_ci DEFAULT NULL,
  `logo_square` varchar(255) COLLATE utf8mb4_unicode_ci DEFAULT NULL,
  `cover_image` varchar(191) COLLATE utf8mb4_unicode_ci DEFAULT NULL,
  `description` varchar(400) COLLATE utf8mb4_unicode_ci DEFAULT NULL,
  `content` longtext COLLATE utf8mb4_unicode_ci,
  `status` varchar(60) COLLATE utf8mb4_unicode_ci NOT NULL DEFAULT 'published',
  `vendor_verified_at` datetime DEFAULT NULL,
  `created_at` timestamp NULL DEFAULT NULL,
  `updated_at` timestamp NULL DEFAULT NULL,
  `zip_code` varchar(20) COLLATE utf8mb4_unicode_ci DEFAULT NULL,
  `company` varchar(191) COLLATE utf8mb4_unicode_ci DEFAULT NULL,
  `tax_id` varchar(191) COLLATE utf8mb4_unicode_ci DEFAULT NULL,
  `certificate_file` varchar(191) COLLATE utf8mb4_unicode_ci DEFAULT NULL,
  `government_id_file` varchar(191) COLLATE utf8mb4_unicode_ci DEFAULT NULL,
  PRIMARY KEY (`id`)
) ENGINE=InnoDB AUTO_INCREMENT=5 DEFAULT CHARSET=utf8mb4 COLLATE=utf8mb4_unicode_ci;

--
-- Dumping data for table `mp_stores`
--

INSERT INTO `mp_stores` VALUES (1,'GoPro','vlarkin@example.net','+19796681621','75177 Theodora Branch Apt. 971','AQ','Washington','North Lucius',2,'stores/1.png',NULL,NULL,'Eum harum est in distinctio assumenda error.','Tenetur voluptas est atque natus odit suscipit aut. Exercitationem assumenda repellat sunt cum occaecati nam. Minima in alias voluptatem aut.','published',NULL,'2025-01-21 08:51:26','2025-01-21 08:51:26',NULL,NULL,NULL,NULL,NULL),(2,'Global Office','fabian34@example.com','+13369985683','13945 Jeffrey Courts','EE','Georgia','West Marietta',6,'stores/2.png',NULL,NULL,'Ratione corrupti molestiae vel dolor natus.','Velit praesentium nesciunt quis eaque doloribus et voluptatibus. Eligendi repellat error soluta. Magni provident iusto quidem ducimus asperiores nam.','published',NULL,'2025-01-21 08:51:26','2025-01-21 08:51:26',NULL,NULL,NULL,NULL,NULL),(3,'Young Shop','fbeahan@example.com','+17247989465','325 Reichel Grove','MX','Oklahoma','Hintzfurt',7,'stores/3.png',NULL,NULL,'Iusto impedit ullam qui.','Beatae et et in non. Harum ullam et delectus consequatur eum. Nisi quasi aliquid eos voluptates molestiae iusto illo. Ipsa non quos quo.','published',NULL,'2025-01-21 08:51:26','2025-01-21 08:51:26',NULL,NULL,NULL,NULL,NULL),(4,'Global Store','zromaguera@example.org','+13854219550','91225 Catharine Field','LU','Nebraska','New Pearlfurt',8,'stores/4.png',NULL,NULL,'Quod necessitatibus sit sed provident in nihil.','Dolor quidem dolore minima et quam laudantium. Sit non qui quas illo animi. Et dolorem sunt ducimus deleniti.','published',NULL,'2025-01-21 08:51:26','2025-01-21 08:51:26',NULL,NULL,NULL,NULL,NULL);

--
-- Table structure for table `mp_stores_translations`
--

CREATE TABLE `mp_stores_translations` (
  `lang_code` varchar(191) COLLATE utf8mb4_unicode_ci NOT NULL,
  `mp_stores_id` bigint unsigned NOT NULL,
  `name` varchar(191) COLLATE utf8mb4_unicode_ci DEFAULT NULL,
  `description` varchar(400) COLLATE utf8mb4_unicode_ci DEFAULT NULL,
  `content` longtext COLLATE utf8mb4_unicode_ci,
  `address` varchar(191) COLLATE utf8mb4_unicode_ci DEFAULT NULL,
  `company` varchar(191) COLLATE utf8mb4_unicode_ci DEFAULT NULL,
  `cover_image` varchar(191) COLLATE utf8mb4_unicode_ci DEFAULT NULL,
  PRIMARY KEY (`lang_code`,`mp_stores_id`)
) ENGINE=InnoDB DEFAULT CHARSET=utf8mb4 COLLATE=utf8mb4_unicode_ci;

--
-- Dumping data for table `mp_stores_translations`
--


--
-- Table structure for table `mp_vendor_info`
--

CREATE TABLE `mp_vendor_info` (
  `id` bigint unsigned NOT NULL AUTO_INCREMENT,
  `customer_id` bigint unsigned NOT NULL DEFAULT '0',
  `balance` decimal(15,2) NOT NULL DEFAULT '0.00',
  `total_fee` decimal(15,2) NOT NULL DEFAULT '0.00',
  `total_revenue` decimal(15,2) NOT NULL DEFAULT '0.00',
  `signature` varchar(191) COLLATE utf8mb4_unicode_ci DEFAULT NULL,
  `bank_info` text COLLATE utf8mb4_unicode_ci,
  `created_at` timestamp NULL DEFAULT NULL,
  `updated_at` timestamp NULL DEFAULT NULL,
  `payout_payment_method` varchar(120) COLLATE utf8mb4_unicode_ci DEFAULT 'bank_transfer',
  `tax_info` text COLLATE utf8mb4_unicode_ci,
  PRIMARY KEY (`id`)
) ENGINE=InnoDB AUTO_INCREMENT=5 DEFAULT CHARSET=utf8mb4 COLLATE=utf8mb4_unicode_ci;

--
-- Dumping data for table `mp_vendor_info`
--

INSERT INTO `mp_vendor_info` VALUES (1,2,0.00,0.00,0.00,'$2y$12$/2r/ymB4iGmgOqNzyyWZgeJ34OjOVeeTKpaHRJ1el1CAKc/4WZk/i','{\"name\":\"Prof. Lelah Bayer\",\"number\":\"+14256453532\",\"full_name\":\"Laron Crooks\",\"description\":\"Treva Fahey\"}','2025-01-21 08:51:26','2025-01-21 08:51:26','bank_transfer',NULL),(2,6,0.00,0.00,0.00,'$2y$12$JHuhJXMThkXcSIz1gZKPZeG7ndIkA6TK0UcNPWRF5gYXldNEkVdW2','{\"name\":\"Prof. Myles Little\",\"number\":\"+12398489913\",\"full_name\":\"Alvah Erdman III\",\"description\":\"Prof. Herminia Ebert PhD\"}','2025-01-21 08:51:26','2025-01-21 08:51:26','bank_transfer',NULL),(3,7,0.00,0.00,0.00,'$2y$12$/eAK19oD/g2.3URrPVxTCetn/P1zK.W37htoKJahE72rnaT1WETTe','{\"name\":\"Dr. Betty Gerlach\",\"number\":\"+17705664471\",\"full_name\":\"Elmore Kihn\",\"description\":\"Prof. Barbara Cremin Jr.\"}','2025-01-21 08:51:26','2025-01-21 08:51:26','bank_transfer',NULL),(4,8,0.00,0.00,0.00,'$2y$12$7u/ht89cxCddL0eEsR6eIOT7/oHKr1w2KRQztaRefvwJgo1H.hd1S','{\"name\":\"Dr. Alexander Bauch V\",\"number\":\"+13103783079\",\"full_name\":\"Ilene Quitzon\",\"description\":\"Kieran Conroy\"}','2025-01-21 08:51:26','2025-01-21 08:51:26','bank_transfer',NULL);

--
-- Table structure for table `newsletters`
--

CREATE TABLE `newsletters` (
  `id` bigint unsigned NOT NULL AUTO_INCREMENT,
  `email` varchar(120) COLLATE utf8mb4_unicode_ci NOT NULL,
  `name` varchar(120) COLLATE utf8mb4_unicode_ci DEFAULT NULL,
  `status` varchar(60) COLLATE utf8mb4_unicode_ci NOT NULL DEFAULT 'subscribed',
  `created_at` timestamp NULL DEFAULT NULL,
  `updated_at` timestamp NULL DEFAULT NULL,
  PRIMARY KEY (`id`)
) ENGINE=InnoDB DEFAULT CHARSET=utf8mb4 COLLATE=utf8mb4_unicode_ci;

--
-- Dumping data for table `newsletters`
--


--
-- Table structure for table `pages`
--

CREATE TABLE `pages` (
  `id` bigint unsigned NOT NULL AUTO_INCREMENT,
  `name` varchar(120) COLLATE utf8mb4_unicode_ci NOT NULL,
  `content` longtext COLLATE utf8mb4_unicode_ci,
  `user_id` bigint unsigned DEFAULT NULL,
  `image` varchar(191) COLLATE utf8mb4_unicode_ci DEFAULT NULL,
  `template` varchar(60) COLLATE utf8mb4_unicode_ci DEFAULT NULL,
  `description` varchar(400) COLLATE utf8mb4_unicode_ci DEFAULT NULL,
  `status` varchar(60) COLLATE utf8mb4_unicode_ci NOT NULL DEFAULT 'published',
  `created_at` timestamp NULL DEFAULT NULL,
  `updated_at` timestamp NULL DEFAULT NULL,
  PRIMARY KEY (`id`),
  KEY `pages_user_id_index` (`user_id`)
) ENGINE=InnoDB AUTO_INCREMENT=13 DEFAULT CHARSET=utf8mb4 COLLATE=utf8mb4_unicode_ci;

--
-- Dumping data for table `pages`
--

INSERT INTO `pages` VALUES (1,'Home','<div>[simple-slider key=\"home-slider\" ads_1=\"VC2C8Q1UGCBG\" ads_2=\"NBDWRXTSVZ8N\"][/simple-slider]</div><div>[site-features icon1=\"icon-rocket\" title1=\"Free Delivery\" subtitle1=\"For all orders over $99\" icon2=\"icon-sync\" title2=\"90 Days Return\" subtitle2=\"If goods have problems\" icon3=\"icon-credit-card\" title3=\"Secure Payment\" subtitle3=\"100% secure payment\" icon4=\"icon-bubbles\" title4=\"24/7 Support\" subtitle4=\"Dedicated support\" icon5=\"icon-gift\" title5=\"Gift Service\" subtitle5=\"Support gift service\"][/site-features]</div><div>[flash-sale title=\"Deal of the day\" flash_sale_id=\"1\"][/flash-sale]</div><div>[featured-product-categories title=\"Top Categories\"][/featured-product-categories]</div><div>[theme-ads key_1=\"IZ6WU8KUALYD\" key_2=\"ILSFJVYFGCPZ\" key_3=\"ZDOZUZZIU7FT\"][/theme-ads]</div><div>[featured-products title=\"Featured products\"][/featured-products]</div><div>[theme-ads key_1=\"Q9YDUIC9HSWS\" key_2=\"IZ6WU8KUALYE\"][/theme-ads]</div><div>[product-collections title=\"Exclusive Products\"][/product-collections]</div><div>[product-category-products category_id=\"18\"][/product-category-products]</div><div>[download-app title=\"Download Martfury App Now!\" subtitle=\"Shopping fastly and easily more with our app. Get a link to download the app on your phone.\" screenshot=\"general/app.png\" android_app_url=\"https://www.appstore.com\" ios_app_url=\"https://play.google.com/store\"][/download-app]</div><div>[product-category-products category_id=\"23\"][/product-category-products]</div><div>[newsletter-form title=\"Join Our Newsletter Now\" subtitle=\"Subscribe to get information about products and coupons\"][/newsletter-form]</div>',1,NULL,'homepage',NULL,'published','2025-01-21 08:51:23','2025-01-21 08:51:23'),(2,'About us','<p>King. The White Rabbit read out, at the moment, \'My dear! I wish you wouldn\'t have come here.\' Alice didn\'t think that very few little girls in my size; and as for the rest of my life.\' \'You are old,\' said the Duchess. \'Everything\'s got a moral, if only you can have no answers.\' \'If you please, sir--\' The Rabbit started violently, dropped the white kid gloves in one hand and a crash of broken glass, from which she had never heard before, \'Sure then I\'m here! Digging for apples, yer honour!\'.</p><p>Mock Turtle: \'crumbs would all wash off in the direction it pointed to, without trying to invent something!\' \'I--I\'m a little scream, half of them--and it belongs to a day-school, too,\' said Alice; \'I must be a comfort, one way--never to be patted on the table. \'Have some wine,\' the March Hare had just begun to repeat it, but her voice close to her: first, because the Duchess to play croquet with the Mouse replied rather crossly: \'of course you don\'t!\' the Hatter went on, very much what would.</p><p>Dormouse, and repeated her question. \'Why did you manage to do such a thing before, and behind them a railway station.) However, she soon made out the Fish-Footman was gone, and, by the way wherever she wanted to send the hedgehog to, and, as a boon, Was kindly permitted to pocket the spoon: While the Duchess said to herself; \'the March Hare went \'Sh! sh!\' and the second verse of the Mock Turtle is.\' \'It\'s the stupidest tea-party I ever was at in all my life, never!\' They had not attended to.</p><p>Cat said, waving its right ear and left foot, so as to go after that into a conversation. \'You don\'t know one,\' said Alice. \'I\'ve read that in the window?\' \'Sure, it\'s an arm, yer honour!\' (He pronounced it \'arrum.\') \'An arm, you goose! Who ever saw in another moment it was only the pepper that makes the world you fly, Like a tea-tray in the face. \'I\'ll put a white one in by mistake; and if I only wish people knew that: then they both cried. \'Wake up, Alice dear!\' said her sister; \'Why, what.</p>',1,NULL,'default',NULL,'published','2025-01-21 08:51:23','2025-01-21 08:51:23'),(3,'Terms Of Use','<p>Alice\'s elbow was pressed so closely against her foot, that there was no label this time with great curiosity, and this was not much surprised at her rather inquisitively, and seemed to her that she hardly knew what she was saying, and the Queen said--\' \'Get to your tea; it\'s getting late.\' So Alice got up this morning? I almost think I can reach the key; and if the Queen to-day?\' \'I should have liked teaching it tricks very much, if--if I\'d only been the right way to fly up into the court.</p><p>Turtle at last, with a growl, And concluded the banquet--] \'What IS the same age as herself, to see what would be QUITE as much as she could, and soon found an opportunity of saying to herself, and began to get dry again: they had been broken to pieces. \'Please, then,\' said Alice, \'and if it wasn\'t trouble enough hatching the eggs,\' said the Dodo suddenly called out \'The race is over!\' and they sat down again very sadly and quietly, and looked along the passage into the earth. At last the.</p><p>What happened to you? Tell us all about as it is.\' \'Then you shouldn\'t talk,\' said the Gryphon, and all dripping wet, cross, and uncomfortable. The first question of course was, how to begin.\' For, you see, because some of YOUR adventures.\' \'I could tell you what year it is?\' \'Of course they were\', said the March Hare. \'Exactly so,\' said the Dormouse, and repeated her question. \'Why did they live on?\' said the Queen, in a minute, while Alice thought to herself. \'I dare say you never to lose.</p><p>You gave us three or more; They all sat down and saying to herself, \'the way all the same, shedding gallons of tears, \'I do wish I had it written down: but I don\'t put my arm round your waist,\' the Duchess said after a fashion, and this Alice thought to herself. \'I dare say there may be different,\' said Alice; \'living at the proposal. \'Then the Dormouse sulkily remarked, \'If you didn\'t sign it,\' said the Dodo suddenly called out as loud as she was going to do next, when suddenly a White Rabbit.</p>',1,NULL,'default',NULL,'published','2025-01-21 08:51:23','2025-01-21 08:51:23'),(4,'Terms &amp; Conditions','<p>The Mouse did not dare to disobey, though she looked down at once, and ran the faster, while more and more puzzled, but she did not at all comfortable, and it was certainly not becoming. \'And that\'s the queerest thing about it.\' \'She\'s in prison,\' the Queen added to one of the month is it?\' \'Why,\' said the March Hare interrupted in a sulky tone, as it went, as if it makes rather a hard word, I will just explain to you how the Dodo replied very readily: \'but that\'s because it stays the same as.</p><p>For anything tougher than suet; Yet you turned a corner, \'Oh my ears and whiskers, how late it\'s getting!\' She was walking by the time she had never seen such a curious croquet-ground in her life; it was getting so thin--and the twinkling of the way--\' \'THAT generally takes some time,\' interrupted the Hatter: \'as the things being alive; for instance, there\'s the arch I\'ve got to the door, she walked down the hall. After a minute or two, they began running when they liked, and left foot, so as.</p><p>She was close behind us, and he\'s treading on my tail. See how eagerly the lobsters to the door, and tried to speak, but for a minute or two, and the pair of the miserable Mock Turtle. \'She can\'t explain MYSELF, I\'m afraid, but you might like to see if he would deny it too: but the Dormouse shook its head impatiently, and said, \'That\'s right, Five! Always lay the blame on others!\' \'YOU\'D better not do that again!\' which produced another dead silence. Alice noticed with some difficulty, as it.</p><p>Mock Turtle yawned and shut his note-book hastily. \'Consider your verdict,\' he said do. Alice looked all round the hall, but they were lying on their slates, and she thought it would be grand, certainly,\' said Alice, and tried to look through into the court, \'Bring me the list of singers. \'You may go,\' said the Gryphon. \'Do you know that cats COULD grin.\' \'They all can,\' said the King, \'and don\'t be nervous, or I\'ll have you executed on the door and found quite a conversation of it at all,\'.</p>',1,NULL,'default',NULL,'published','2025-01-21 08:51:23','2025-01-21 08:51:23'),(5,'Refund Policy','<p>I think--\' (for, you see, Alice had no pictures or conversations?\' So she tucked her arm affectionately into Alice\'s, and they lived at the Queen, who was trembling down to her to begin.\' For, you see, Miss, we\'re doing our best, afore she comes, to--\' At this moment Five, who had been jumping about like mad things all this grand procession, came THE KING AND QUEEN OF HEARTS. Alice was rather doubtful whether she could see it trying in a low curtain she had looked under it, and then I\'ll tell.</p><p>YOURS: I don\'t care which happens!\' She ate a little shriek, and went on eagerly. \'That\'s enough about lessons,\' the Gryphon at the end.\' \'If you didn\'t like cats.\' \'Not like cats!\' cried the Mock Turtle. \'Seals, turtles, salmon, and so on.\' \'What a funny watch!\' she remarked. \'There isn\'t any,\' said the Cat. \'--so long as it can\'t possibly make me larger, it must be kind to them,\' thought Alice, \'they\'re sure to do with this creature when I was a child,\' said the Pigeon. \'I\'m NOT a serpent, I.</p><p>Mock Turtle. \'Hold your tongue!\' said the Hatter. \'He won\'t stand beating. Now, if you like,\' said the Duchess, \'chop off her head!\' the Queen said--\' \'Get to your places!\' shouted the Queen. \'Can you play croquet?\' The soldiers were always getting up and down in an agony of terror. \'Oh, there goes his PRECIOUS nose\'; as an explanation. \'Oh, you\'re sure to do with you. Mind now!\' The poor little juror (it was Bill, the Lizard) could not make out what it was indeed: she was shrinking rapidly.</p><p>Which way?\', holding her hand again, and she felt certain it must be removed,\' said the Pigeon. \'I can hardly breathe.\' \'I can\'t explain it,\' said the Hatter. \'You MUST remember,\' remarked the King, and the soldiers shouted in reply. \'That\'s right!\' shouted the Queen. First came ten soldiers carrying clubs; these were ornamented all over with diamonds, and walked a little pattering of footsteps in the schoolroom, and though this was of very little use without my shoulders. Oh, how I wish you.</p>',1,NULL,'default',NULL,'published','2025-01-21 08:51:23','2025-01-21 08:51:23'),(6,'Blog','<p>---</p>',1,NULL,'blog-sidebar',NULL,'published','2025-01-21 08:51:23','2025-01-21 08:51:23'),(7,'FAQs','<div>[faq title=\"Frequently Asked Questions\"][/faq]</div>',1,NULL,'default',NULL,'published','2025-01-21 08:51:23','2025-01-21 08:51:23'),(8,'Contact','<div>[google-map]502 New Street, Brighton VIC, Australia[/google-map]</div><div>[contact-info-boxes title=\"Contact Us For Any Questions\"][/contact-info-boxes]</div><div>[contact-form][/contact-form]</div>',1,NULL,'full-width',NULL,'published','2025-01-21 08:51:23','2025-01-21 08:51:23'),(9,'Cookie Policy','<h3>EU Cookie Consent</h3><p>To use this Website we are using Cookies and collecting some Data. To be compliant with the EU GDPR we give you to choose if you allow us to use certain Cookies and to collect some Data.</p><h4>Essential Data</h4><p>The Essential Data is needed to run the Site you are visiting technically. You can not deactivate them.</p><p>- Session Cookie: PHP uses a Cookie to identify user sessions. Without this Cookie the Website is not working.</p><p>- XSRF-Token Cookie: Laravel automatically generates a CSRF \"token\" for each active user session managed by the application. This token is used to verify that the authenticated user is the one actually making the requests to the application.</p>',1,NULL,'default',NULL,'published','2025-01-21 08:51:23','2025-01-21 08:51:23'),(10,'Affiliate','<p>Alice was very uncomfortable, and, as there was no time she\'d have everybody executed, all round. (It was this last remark, \'it\'s a vegetable. It doesn\'t look like it?\' he said. \'Fifteenth,\' said the one who had been jumping about like that!\' But she went on, very much confused, \'I don\'t believe it,\' said Alice, \'because I\'m not the smallest notice of her age knew the right words,\' said poor Alice, who had not long to doubt, for the first question, you know.\' \'And what are they doing?\' Alice.</p><p>Has lasted the rest of the March Hare. \'Sixteenth,\' added the Queen. \'Sentence first--verdict afterwards.\' \'Stuff and nonsense!\' said Alice indignantly, and she sat down and cried. \'Come, there\'s no harm in trying.\' So she set to work shaking him and punching him in the distance. \'And yet what a Gryphon is, look at them--\'I wish they\'d get the trial one way up as the whole she thought of herself, \'I wish I could shut up like a wild beast, screamed \'Off with his whiskers!\' For some minutes the.</p><p>Come on!\' \'Everybody says \"come on!\" here,\' thought Alice, \'they\'re sure to happen,\' she said to herself what such an extraordinary ways of living would be quite absurd for her neck would bend about easily in any direction, like a star-fish,\' thought Alice. \'I\'m a--I\'m a--\' \'Well! WHAT are you?\' And then a row of lamps hanging from the Gryphon, before Alice could not remember ever having seen such a fall as this, I shall never get to the Mock Turtle said: \'no wise fish would go round and get.</p><p>I think--\' (for, you see, as they would call after her: the last words out loud, and the sounds will take care of the house before she made out that the hedgehog a blow with its arms folded, frowning like a wild beast, screamed \'Off with his nose Trims his belt and his buttons, and turns out his toes.\' [later editions continued as follows The Panther took pie-crust, and gravy, and meat, While the Owl had the dish as its share of the goldfish kept running in her hands, wondering if anything.</p>',1,NULL,'default',NULL,'published','2025-01-21 08:51:23','2025-01-21 08:51:23'),(11,'Career','<p>The three soldiers wandered about in all directions, tumbling up against each other; however, they got their tails in their proper places--ALL,\' he repeated with great emphasis, looking hard at Alice for some time without hearing anything more: at last it sat down again in a tone of the lefthand bit. * * * * * * * * \'What a pity it wouldn\'t stay!\' sighed the Hatter. \'You MUST remember,\' remarked the King, \'that only makes the matter on, What would become of me? They\'re dreadfully fond of.</p><p>Alice guessed in a court of justice before, but she could not think of what work it would be very likely true.) Down, down, down. There was a treacle-well.\' \'There\'s no such thing!\' Alice was rather glad there WAS no one to listen to her, one on each side, and opened their eyes and mouths so VERY remarkable in that; nor did Alice think it was,\' he said. \'Fifteenth,\' said the Hatter: \'it\'s very interesting. I never heard it muttering to itself in a game of play with a kind of rule, \'and vinegar.</p><p>I think.\' And she kept on puzzling about it in less than no time to go, for the rest of the tea--\' \'The twinkling of the creature, but on second thoughts she decided to remain where she was, and waited. When the sands are all pardoned.\' \'Come, THAT\'S a good opportunity for making her escape; so she went in without knocking, and hurried off at once, with a smile. There was a large mushroom growing near her, she began, in a hoarse, feeble voice: \'I heard the Queen\'s voice in the direction it.</p><p>Hatter. He came in with the tea,\' the March Hare. Visit either you like: they\'re both mad.\' \'But I don\'t like it, yer honour, at all, as the doubled-up soldiers were always getting up and leave the room, when her eye fell on a summer day: The Knave shook his head contemptuously. \'I dare say you never had fits, my dear, I think?\' he said in a sorrowful tone; \'at least there\'s no room to open them again, and she thought it over here,\' said the Mock Turtle: \'why, if a fish came to ME, and told me.</p>',1,NULL,'default',NULL,'published','2025-01-21 08:51:23','2025-01-21 08:51:23'),(12,'Coming soon','<p>Condimentum ipsum a adipiscing hac dolor set consectetur urna commodo elit parturient <br/>molestie ut nisl partu convallier ullamcorpe.</p><div>[coming-soon time=\"2026-01-21 15:51:23\" image=\"general/coming-soon.jpg\"][/coming-soon]</div>',1,NULL,'coming-soon',NULL,'published','2025-01-21 08:51:23','2025-01-21 08:51:23');

--
-- Table structure for table `pages_translations`
--

CREATE TABLE `pages_translations` (
  `lang_code` varchar(20) COLLATE utf8mb4_unicode_ci NOT NULL,
  `pages_id` bigint unsigned NOT NULL,
  `name` varchar(191) COLLATE utf8mb4_unicode_ci DEFAULT NULL,
  `description` varchar(400) COLLATE utf8mb4_unicode_ci DEFAULT NULL,
  `content` longtext COLLATE utf8mb4_unicode_ci,
  PRIMARY KEY (`lang_code`,`pages_id`)
) ENGINE=InnoDB DEFAULT CHARSET=utf8mb4 COLLATE=utf8mb4_unicode_ci;

--
-- Dumping data for table `pages_translations`
--


--
-- Table structure for table `password_reset_tokens`
--

CREATE TABLE `password_reset_tokens` (
  `email` varchar(191) COLLATE utf8mb4_unicode_ci NOT NULL,
  `token` varchar(191) COLLATE utf8mb4_unicode_ci NOT NULL,
  `created_at` timestamp NULL DEFAULT NULL,
  PRIMARY KEY (`email`)
) ENGINE=InnoDB DEFAULT CHARSET=utf8mb4 COLLATE=utf8mb4_unicode_ci;

--
-- Dumping data for table `password_reset_tokens`
--


--
-- Table structure for table `payment_logs`
--

CREATE TABLE `payment_logs` (
  `id` bigint unsigned NOT NULL AUTO_INCREMENT,
  `payment_method` varchar(191) COLLATE utf8mb4_unicode_ci NOT NULL,
  `request` longtext COLLATE utf8mb4_unicode_ci,
  `response` longtext COLLATE utf8mb4_unicode_ci,
  `ip_address` varchar(45) COLLATE utf8mb4_unicode_ci NOT NULL,
  `created_at` timestamp NULL DEFAULT NULL,
  `updated_at` timestamp NULL DEFAULT NULL,
  PRIMARY KEY (`id`)
) ENGINE=InnoDB DEFAULT CHARSET=utf8mb4 COLLATE=utf8mb4_unicode_ci;

--
-- Dumping data for table `payment_logs`
--


--
-- Table structure for table `payments`
--

CREATE TABLE `payments` (
  `id` bigint unsigned NOT NULL AUTO_INCREMENT,
  `currency` varchar(120) COLLATE utf8mb4_unicode_ci DEFAULT NULL,
  `user_id` bigint unsigned NOT NULL DEFAULT '0',
  `charge_id` varchar(191) COLLATE utf8mb4_unicode_ci DEFAULT NULL,
  `payment_channel` varchar(60) COLLATE utf8mb4_unicode_ci DEFAULT NULL,
  `description` varchar(400) COLLATE utf8mb4_unicode_ci DEFAULT NULL,
  `amount` decimal(15,2) unsigned NOT NULL,
  `order_id` bigint unsigned DEFAULT NULL,
  `status` varchar(60) COLLATE utf8mb4_unicode_ci DEFAULT 'pending',
  `payment_type` varchar(191) COLLATE utf8mb4_unicode_ci DEFAULT 'confirm',
  `customer_id` bigint unsigned DEFAULT NULL,
  `refunded_amount` decimal(15,2) unsigned DEFAULT NULL,
  `refund_note` varchar(191) COLLATE utf8mb4_unicode_ci DEFAULT NULL,
  `created_at` timestamp NULL DEFAULT NULL,
  `updated_at` timestamp NULL DEFAULT NULL,
  `customer_type` varchar(191) COLLATE utf8mb4_unicode_ci DEFAULT NULL,
  `metadata` mediumtext COLLATE utf8mb4_unicode_ci,
  PRIMARY KEY (`id`)
) ENGINE=InnoDB DEFAULT CHARSET=utf8mb4 COLLATE=utf8mb4_unicode_ci;

--
-- Dumping data for table `payments`
--


--
-- Table structure for table `personal_access_tokens`
--

CREATE TABLE `personal_access_tokens` (
  `id` bigint unsigned NOT NULL AUTO_INCREMENT,
  `tokenable_type` varchar(191) COLLATE utf8mb4_unicode_ci NOT NULL,
  `tokenable_id` bigint unsigned NOT NULL,
  `name` varchar(191) COLLATE utf8mb4_unicode_ci NOT NULL,
  `token` varchar(64) COLLATE utf8mb4_unicode_ci NOT NULL,
  `abilities` text COLLATE utf8mb4_unicode_ci,
  `last_used_at` timestamp NULL DEFAULT NULL,
  `expires_at` timestamp NULL DEFAULT NULL,
  `created_at` timestamp NULL DEFAULT NULL,
  `updated_at` timestamp NULL DEFAULT NULL,
  PRIMARY KEY (`id`),
  UNIQUE KEY `personal_access_tokens_token_unique` (`token`),
  KEY `personal_access_tokens_tokenable_type_tokenable_id_index` (`tokenable_type`,`tokenable_id`)
) ENGINE=InnoDB DEFAULT CHARSET=utf8mb4 COLLATE=utf8mb4_unicode_ci;

--
-- Dumping data for table `personal_access_tokens`
--


--
-- Table structure for table `post_categories`
--

CREATE TABLE `post_categories` (
  `category_id` bigint unsigned NOT NULL,
  `post_id` bigint unsigned NOT NULL,
  KEY `post_categories_category_id_index` (`category_id`),
  KEY `post_categories_post_id_index` (`post_id`)
) ENGINE=InnoDB DEFAULT CHARSET=utf8mb4 COLLATE=utf8mb4_unicode_ci;

--
-- Dumping data for table `post_categories`
--

INSERT INTO `post_categories` VALUES (2,1),(3,1),(1,2),(4,2),(1,3),(4,3),(2,4),(3,4),(2,5),(4,5),(2,6),(4,6),(1,7),(3,7),(2,8),(3,8),(1,9),(3,9),(2,10),(4,10),(2,11),(4,11);

--
-- Table structure for table `post_tags`
--

CREATE TABLE `post_tags` (
  `tag_id` bigint unsigned NOT NULL,
  `post_id` bigint unsigned NOT NULL,
  KEY `post_tags_tag_id_index` (`tag_id`),
  KEY `post_tags_post_id_index` (`post_id`)
) ENGINE=InnoDB DEFAULT CHARSET=utf8mb4 COLLATE=utf8mb4_unicode_ci;

--
-- Dumping data for table `post_tags`
--

INSERT INTO `post_tags` VALUES (1,1),(2,1),(3,1),(4,1),(5,1),(1,2),(2,2),(3,2),(4,2),(5,2),(1,3),(2,3),(3,3),(4,3),(5,3),(1,4),(2,4),(3,4),(4,4),(5,4),(1,5),(2,5),(3,5),(4,5),(5,5),(1,6),(2,6),(3,6),(4,6),(5,6),(1,7),(2,7),(3,7),(4,7),(5,7),(1,8),(2,8),(3,8),(4,8),(5,8),(1,9),(2,9),(3,9),(4,9),(5,9),(1,10),(2,10),(3,10),(4,10),(5,10),(1,11),(2,11),(3,11),(4,11),(5,11);

--
-- Table structure for table `posts`
--

CREATE TABLE `posts` (
  `id` bigint unsigned NOT NULL AUTO_INCREMENT,
  `name` varchar(191) COLLATE utf8mb4_unicode_ci NOT NULL,
  `description` varchar(400) COLLATE utf8mb4_unicode_ci DEFAULT NULL,
  `content` longtext COLLATE utf8mb4_unicode_ci,
  `status` varchar(60) COLLATE utf8mb4_unicode_ci NOT NULL DEFAULT 'published',
  `author_id` bigint unsigned DEFAULT NULL,
  `author_type` varchar(191) COLLATE utf8mb4_unicode_ci NOT NULL,
  `is_featured` tinyint unsigned NOT NULL DEFAULT '0',
  `image` varchar(191) COLLATE utf8mb4_unicode_ci DEFAULT NULL,
  `views` int unsigned NOT NULL DEFAULT '0',
  `format_type` varchar(30) COLLATE utf8mb4_unicode_ci DEFAULT NULL,
  `created_at` timestamp NULL DEFAULT NULL,
  `updated_at` timestamp NULL DEFAULT NULL,
  PRIMARY KEY (`id`),
  KEY `posts_status_index` (`status`),
  KEY `posts_author_id_index` (`author_id`),
  KEY `posts_author_type_index` (`author_type`),
  KEY `posts_created_at_index` (`created_at`)
) ENGINE=InnoDB AUTO_INCREMENT=12 DEFAULT CHARSET=utf8mb4 COLLATE=utf8mb4_unicode_ci;

--
-- Dumping data for table `posts`
--

INSERT INTO `posts` VALUES (1,'4 Expert Tips On How To Choose The Right Men’s Wallet','You should pay more attention when you choose your wallets. There are a lot of them on the market with the different designs and styles. When you choose carefully, you would be able to buy a wallet that is catered to your needs. Not to mention that it will help to enhance your style significantly.','<p>I have seen many people underestimating the power of their wallets. To them, they are just a functional item they use to carry. As a result, they often end up with the wallets which are not really suitable for them.</p>\n\n<p>You should pay more attention when you choose your wallets. There are a lot of them on the market with the different designs and styles. When you choose carefully, you would be able to buy a wallet that is catered to your needs. Not to mention that it will help to enhance your style significantly.</p>\n\n<p style=\"text-align:center\"><img alt=\"f4\" src=\"/storage/news/1.jpg\" /></p>\n\n<p><br />\n&nbsp;</p>\n\n<p><strong><em>For all of the reason above, here are 7 expert tips to help you pick up the right men&rsquo;s wallet for you:</em></strong></p>\n\n<h4><strong>Number 1: Choose A Neat Wallet</strong></h4>\n\n<p>The wallet is an essential accessory that you should go simple. Simplicity is the best in this case. A simple and neat wallet with the plain color and even&nbsp;<strong>minimalist style</strong>&nbsp;is versatile. It can be used for both formal and casual events. In addition, that wallet will go well with most of the clothes in your wardrobe.</p>\n\n<p>Keep in mind that a wallet will tell other people about your personality and your fashion sense as much as other clothes you put on. Hence, don&rsquo;t go cheesy on your wallet or else people will think that you have a funny and particular style.</p>\n\n<p style=\"text-align:center\"><img alt=\"f5\" src=\"/storage/news/2.jpg\" /></p>\n\n<p><br />\n&nbsp;</p>\n<hr />\n<h4><strong>Number 2: Choose The Right Size For Your Wallet</strong></h4>\n\n<p>You should avoid having an over-sized wallet. Don&rsquo;t think that you need to buy a big wallet because you have a lot to carry with you. In addition, a fat wallet is very ugly. It will make it harder for you to slide the wallet into your trousers&rsquo; pocket. In addition, it will create a bulge and ruin your look.</p>\n\n<p>Before you go on to buy a new wallet, clean out your wallet and place all of the items from your wallet on a table. Throw away things that you would never need any more such as the old bills or the expired gift cards. Remember to check your wallet on a frequent basis to get rid of all of the old stuff that you don&rsquo;t need anymore.</p>\n\n<p style=\"text-align:center\"><img alt=\"f1\" src=\"/storage/news/3.jpg\" /></p>\n\n<p><br />\n&nbsp;</p>\n\n<hr />\n<h4><strong>Number 3: Don&rsquo;t Limit Your Options Of Materials</strong></h4>\n\n<p>The types and designs of wallets are not the only things that you should consider when you go out searching for your best wallet. You have more than 1 option of material rather than leather to choose from as well.</p>\n\n<p>You can experiment with other available options such as cotton, polyester and canvas. They all have their own pros and cons. As a result, they will be suitable for different needs and requirements. You should think about them all in order to choose the material which you would like the most.</p>\n\n<p style=\"text-align:center\"><img alt=\"f6\" height=\"375\" src=\"/storage/news/4.jpg\" /></p>\n\n<p><br />\n&nbsp;</p>\n\n<hr />\n<h4><strong>Number 4: Consider A Wallet As A Long Term Investment</strong></h4>\n\n<p>Your wallet is indeed an investment that you should consider spending a decent amount of time and effort on it. Another factor that you need to consider is how much you want to spend on your wallet. The price ranges of wallets on the market vary a great deal. You can find a wallet which is as cheap as about 5 to 7 dollars. On the other hand, you should expect to pay around 250 to 300 dollars for a high-quality wallet.</p>\n\n<p>In case you need a wallet to use for a long time, it is a good idea that you should invest a decent amount of money on a wallet. A high quality wallet from a reputational brand with the premium quality such as cowhide leather will last for a long time. In addition, it is an accessory to show off your fashion sense and your social status.</p>\n\n<p style=\"text-align:center\"><img alt=\"f2\" height=\"400\" src=\"/storage/news/5.jpg\" /></p>\n\n<p>&nbsp;</p>\n','published',1,'Botble\\ACL\\Models\\User',1,'news/1.jpg',2361,NULL,'2025-01-21 08:51:22','2025-01-21 08:51:22'),(2,'Sexy Clutches: How to Buy &amp; Wear a Designer Clutch Bag','You should pay more attention when you choose your wallets. There are a lot of them on the market with the different designs and styles. When you choose carefully, you would be able to buy a wallet that is catered to your needs. Not to mention that it will help to enhance your style significantly.','<p>I have seen many people underestimating the power of their wallets. To them, they are just a functional item they use to carry. As a result, they often end up with the wallets which are not really suitable for them.</p>\n\n<p>You should pay more attention when you choose your wallets. There are a lot of them on the market with the different designs and styles. When you choose carefully, you would be able to buy a wallet that is catered to your needs. Not to mention that it will help to enhance your style significantly.</p>\n\n<p style=\"text-align:center\"><img alt=\"f4\" src=\"/storage/news/1.jpg\" /></p>\n\n<p><br />\n&nbsp;</p>\n\n<p><strong><em>For all of the reason above, here are 7 expert tips to help you pick up the right men&rsquo;s wallet for you:</em></strong></p>\n\n<h4><strong>Number 1: Choose A Neat Wallet</strong></h4>\n\n<p>The wallet is an essential accessory that you should go simple. Simplicity is the best in this case. A simple and neat wallet with the plain color and even&nbsp;<strong>minimalist style</strong>&nbsp;is versatile. It can be used for both formal and casual events. In addition, that wallet will go well with most of the clothes in your wardrobe.</p>\n\n<p>Keep in mind that a wallet will tell other people about your personality and your fashion sense as much as other clothes you put on. Hence, don&rsquo;t go cheesy on your wallet or else people will think that you have a funny and particular style.</p>\n\n<p style=\"text-align:center\"><img alt=\"f5\" src=\"/storage/news/2.jpg\" /></p>\n\n<p><br />\n&nbsp;</p>\n<hr />\n<h4><strong>Number 2: Choose The Right Size For Your Wallet</strong></h4>\n\n<p>You should avoid having an over-sized wallet. Don&rsquo;t think that you need to buy a big wallet because you have a lot to carry with you. In addition, a fat wallet is very ugly. It will make it harder for you to slide the wallet into your trousers&rsquo; pocket. In addition, it will create a bulge and ruin your look.</p>\n\n<p>Before you go on to buy a new wallet, clean out your wallet and place all of the items from your wallet on a table. Throw away things that you would never need any more such as the old bills or the expired gift cards. Remember to check your wallet on a frequent basis to get rid of all of the old stuff that you don&rsquo;t need anymore.</p>\n\n<p style=\"text-align:center\"><img alt=\"f1\" src=\"/storage/news/3.jpg\" /></p>\n\n<p><br />\n&nbsp;</p>\n\n<hr />\n<h4><strong>Number 3: Don&rsquo;t Limit Your Options Of Materials</strong></h4>\n\n<p>The types and designs of wallets are not the only things that you should consider when you go out searching for your best wallet. You have more than 1 option of material rather than leather to choose from as well.</p>\n\n<p>You can experiment with other available options such as cotton, polyester and canvas. They all have their own pros and cons. As a result, they will be suitable for different needs and requirements. You should think about them all in order to choose the material which you would like the most.</p>\n\n<p style=\"text-align:center\"><img alt=\"f6\" height=\"375\" src=\"/storage/news/4.jpg\" /></p>\n\n<p><br />\n&nbsp;</p>\n\n<hr />\n<h4><strong>Number 4: Consider A Wallet As A Long Term Investment</strong></h4>\n\n<p>Your wallet is indeed an investment that you should consider spending a decent amount of time and effort on it. Another factor that you need to consider is how much you want to spend on your wallet. The price ranges of wallets on the market vary a great deal. You can find a wallet which is as cheap as about 5 to 7 dollars. On the other hand, you should expect to pay around 250 to 300 dollars for a high-quality wallet.</p>\n\n<p>In case you need a wallet to use for a long time, it is a good idea that you should invest a decent amount of money on a wallet. A high quality wallet from a reputational brand with the premium quality such as cowhide leather will last for a long time. In addition, it is an accessory to show off your fashion sense and your social status.</p>\n\n<p style=\"text-align:center\"><img alt=\"f2\" height=\"400\" src=\"/storage/news/5.jpg\" /></p>\n\n<p>&nbsp;</p>\n','published',1,'Botble\\ACL\\Models\\User',1,'news/2.jpg',2287,NULL,'2025-01-21 08:51:22','2025-01-21 08:51:22'),(3,'The Top 2020 Handbag Trends to Know','You should pay more attention when you choose your wallets. There are a lot of them on the market with the different designs and styles. When you choose carefully, you would be able to buy a wallet that is catered to your needs. Not to mention that it will help to enhance your style significantly.','<p>I have seen many people underestimating the power of their wallets. To them, they are just a functional item they use to carry. As a result, they often end up with the wallets which are not really suitable for them.</p>\n\n<p>You should pay more attention when you choose your wallets. There are a lot of them on the market with the different designs and styles. When you choose carefully, you would be able to buy a wallet that is catered to your needs. Not to mention that it will help to enhance your style significantly.</p>\n\n<p style=\"text-align:center\"><img alt=\"f4\" src=\"/storage/news/1.jpg\" /></p>\n\n<p><br />\n&nbsp;</p>\n\n<p><strong><em>For all of the reason above, here are 7 expert tips to help you pick up the right men&rsquo;s wallet for you:</em></strong></p>\n\n<h4><strong>Number 1: Choose A Neat Wallet</strong></h4>\n\n<p>The wallet is an essential accessory that you should go simple. Simplicity is the best in this case. A simple and neat wallet with the plain color and even&nbsp;<strong>minimalist style</strong>&nbsp;is versatile. It can be used for both formal and casual events. In addition, that wallet will go well with most of the clothes in your wardrobe.</p>\n\n<p>Keep in mind that a wallet will tell other people about your personality and your fashion sense as much as other clothes you put on. Hence, don&rsquo;t go cheesy on your wallet or else people will think that you have a funny and particular style.</p>\n\n<p style=\"text-align:center\"><img alt=\"f5\" src=\"/storage/news/2.jpg\" /></p>\n\n<p><br />\n&nbsp;</p>\n<hr />\n<h4><strong>Number 2: Choose The Right Size For Your Wallet</strong></h4>\n\n<p>You should avoid having an over-sized wallet. Don&rsquo;t think that you need to buy a big wallet because you have a lot to carry with you. In addition, a fat wallet is very ugly. It will make it harder for you to slide the wallet into your trousers&rsquo; pocket. In addition, it will create a bulge and ruin your look.</p>\n\n<p>Before you go on to buy a new wallet, clean out your wallet and place all of the items from your wallet on a table. Throw away things that you would never need any more such as the old bills or the expired gift cards. Remember to check your wallet on a frequent basis to get rid of all of the old stuff that you don&rsquo;t need anymore.</p>\n\n<p style=\"text-align:center\"><img alt=\"f1\" src=\"/storage/news/3.jpg\" /></p>\n\n<p><br />\n&nbsp;</p>\n\n<hr />\n<h4><strong>Number 3: Don&rsquo;t Limit Your Options Of Materials</strong></h4>\n\n<p>The types and designs of wallets are not the only things that you should consider when you go out searching for your best wallet. You have more than 1 option of material rather than leather to choose from as well.</p>\n\n<p>You can experiment with other available options such as cotton, polyester and canvas. They all have their own pros and cons. As a result, they will be suitable for different needs and requirements. You should think about them all in order to choose the material which you would like the most.</p>\n\n<p style=\"text-align:center\"><img alt=\"f6\" height=\"375\" src=\"/storage/news/4.jpg\" /></p>\n\n<p><br />\n&nbsp;</p>\n\n<hr />\n<h4><strong>Number 4: Consider A Wallet As A Long Term Investment</strong></h4>\n\n<p>Your wallet is indeed an investment that you should consider spending a decent amount of time and effort on it. Another factor that you need to consider is how much you want to spend on your wallet. The price ranges of wallets on the market vary a great deal. You can find a wallet which is as cheap as about 5 to 7 dollars. On the other hand, you should expect to pay around 250 to 300 dollars for a high-quality wallet.</p>\n\n<p>In case you need a wallet to use for a long time, it is a good idea that you should invest a decent amount of money on a wallet. A high quality wallet from a reputational brand with the premium quality such as cowhide leather will last for a long time. In addition, it is an accessory to show off your fashion sense and your social status.</p>\n\n<p style=\"text-align:center\"><img alt=\"f2\" height=\"400\" src=\"/storage/news/5.jpg\" /></p>\n\n<p>&nbsp;</p>\n','published',1,'Botble\\ACL\\Models\\User',1,'news/3.jpg',2352,NULL,'2025-01-21 08:51:22','2025-01-21 08:51:22'),(4,'How to Match the Color of Your Handbag With an Outfit','You should pay more attention when you choose your wallets. There are a lot of them on the market with the different designs and styles. When you choose carefully, you would be able to buy a wallet that is catered to your needs. Not to mention that it will help to enhance your style significantly.','<p>I have seen many people underestimating the power of their wallets. To them, they are just a functional item they use to carry. As a result, they often end up with the wallets which are not really suitable for them.</p>\n\n<p>You should pay more attention when you choose your wallets. There are a lot of them on the market with the different designs and styles. When you choose carefully, you would be able to buy a wallet that is catered to your needs. Not to mention that it will help to enhance your style significantly.</p>\n\n<p style=\"text-align:center\"><img alt=\"f4\" src=\"/storage/news/1.jpg\" /></p>\n\n<p><br />\n&nbsp;</p>\n\n<p><strong><em>For all of the reason above, here are 7 expert tips to help you pick up the right men&rsquo;s wallet for you:</em></strong></p>\n\n<h4><strong>Number 1: Choose A Neat Wallet</strong></h4>\n\n<p>The wallet is an essential accessory that you should go simple. Simplicity is the best in this case. A simple and neat wallet with the plain color and even&nbsp;<strong>minimalist style</strong>&nbsp;is versatile. It can be used for both formal and casual events. In addition, that wallet will go well with most of the clothes in your wardrobe.</p>\n\n<p>Keep in mind that a wallet will tell other people about your personality and your fashion sense as much as other clothes you put on. Hence, don&rsquo;t go cheesy on your wallet or else people will think that you have a funny and particular style.</p>\n\n<p style=\"text-align:center\"><img alt=\"f5\" src=\"/storage/news/2.jpg\" /></p>\n\n<p><br />\n&nbsp;</p>\n<hr />\n<h4><strong>Number 2: Choose The Right Size For Your Wallet</strong></h4>\n\n<p>You should avoid having an over-sized wallet. Don&rsquo;t think that you need to buy a big wallet because you have a lot to carry with you. In addition, a fat wallet is very ugly. It will make it harder for you to slide the wallet into your trousers&rsquo; pocket. In addition, it will create a bulge and ruin your look.</p>\n\n<p>Before you go on to buy a new wallet, clean out your wallet and place all of the items from your wallet on a table. Throw away things that you would never need any more such as the old bills or the expired gift cards. Remember to check your wallet on a frequent basis to get rid of all of the old stuff that you don&rsquo;t need anymore.</p>\n\n<p style=\"text-align:center\"><img alt=\"f1\" src=\"/storage/news/3.jpg\" /></p>\n\n<p><br />\n&nbsp;</p>\n\n<hr />\n<h4><strong>Number 3: Don&rsquo;t Limit Your Options Of Materials</strong></h4>\n\n<p>The types and designs of wallets are not the only things that you should consider when you go out searching for your best wallet. You have more than 1 option of material rather than leather to choose from as well.</p>\n\n<p>You can experiment with other available options such as cotton, polyester and canvas. They all have their own pros and cons. As a result, they will be suitable for different needs and requirements. You should think about them all in order to choose the material which you would like the most.</p>\n\n<p style=\"text-align:center\"><img alt=\"f6\" height=\"375\" src=\"/storage/news/4.jpg\" /></p>\n\n<p><br />\n&nbsp;</p>\n\n<hr />\n<h4><strong>Number 4: Consider A Wallet As A Long Term Investment</strong></h4>\n\n<p>Your wallet is indeed an investment that you should consider spending a decent amount of time and effort on it. Another factor that you need to consider is how much you want to spend on your wallet. The price ranges of wallets on the market vary a great deal. You can find a wallet which is as cheap as about 5 to 7 dollars. On the other hand, you should expect to pay around 250 to 300 dollars for a high-quality wallet.</p>\n\n<p>In case you need a wallet to use for a long time, it is a good idea that you should invest a decent amount of money on a wallet. A high quality wallet from a reputational brand with the premium quality such as cowhide leather will last for a long time. In addition, it is an accessory to show off your fashion sense and your social status.</p>\n\n<p style=\"text-align:center\"><img alt=\"f2\" height=\"400\" src=\"/storage/news/5.jpg\" /></p>\n\n<p>&nbsp;</p>\n','published',1,'Botble\\ACL\\Models\\User',1,'news/4.jpg',393,NULL,'2025-01-21 08:51:22','2025-01-21 08:51:22'),(5,'How to Care for Leather Bags','You should pay more attention when you choose your wallets. There are a lot of them on the market with the different designs and styles. When you choose carefully, you would be able to buy a wallet that is catered to your needs. Not to mention that it will help to enhance your style significantly.','<p>I have seen many people underestimating the power of their wallets. To them, they are just a functional item they use to carry. As a result, they often end up with the wallets which are not really suitable for them.</p>\n\n<p>You should pay more attention when you choose your wallets. There are a lot of them on the market with the different designs and styles. When you choose carefully, you would be able to buy a wallet that is catered to your needs. Not to mention that it will help to enhance your style significantly.</p>\n\n<p style=\"text-align:center\"><img alt=\"f4\" src=\"/storage/news/1.jpg\" /></p>\n\n<p><br />\n&nbsp;</p>\n\n<p><strong><em>For all of the reason above, here are 7 expert tips to help you pick up the right men&rsquo;s wallet for you:</em></strong></p>\n\n<h4><strong>Number 1: Choose A Neat Wallet</strong></h4>\n\n<p>The wallet is an essential accessory that you should go simple. Simplicity is the best in this case. A simple and neat wallet with the plain color and even&nbsp;<strong>minimalist style</strong>&nbsp;is versatile. It can be used for both formal and casual events. In addition, that wallet will go well with most of the clothes in your wardrobe.</p>\n\n<p>Keep in mind that a wallet will tell other people about your personality and your fashion sense as much as other clothes you put on. Hence, don&rsquo;t go cheesy on your wallet or else people will think that you have a funny and particular style.</p>\n\n<p style=\"text-align:center\"><img alt=\"f5\" src=\"/storage/news/2.jpg\" /></p>\n\n<p><br />\n&nbsp;</p>\n<hr />\n<h4><strong>Number 2: Choose The Right Size For Your Wallet</strong></h4>\n\n<p>You should avoid having an over-sized wallet. Don&rsquo;t think that you need to buy a big wallet because you have a lot to carry with you. In addition, a fat wallet is very ugly. It will make it harder for you to slide the wallet into your trousers&rsquo; pocket. In addition, it will create a bulge and ruin your look.</p>\n\n<p>Before you go on to buy a new wallet, clean out your wallet and place all of the items from your wallet on a table. Throw away things that you would never need any more such as the old bills or the expired gift cards. Remember to check your wallet on a frequent basis to get rid of all of the old stuff that you don&rsquo;t need anymore.</p>\n\n<p style=\"text-align:center\"><img alt=\"f1\" src=\"/storage/news/3.jpg\" /></p>\n\n<p><br />\n&nbsp;</p>\n\n<hr />\n<h4><strong>Number 3: Don&rsquo;t Limit Your Options Of Materials</strong></h4>\n\n<p>The types and designs of wallets are not the only things that you should consider when you go out searching for your best wallet. You have more than 1 option of material rather than leather to choose from as well.</p>\n\n<p>You can experiment with other available options such as cotton, polyester and canvas. They all have their own pros and cons. As a result, they will be suitable for different needs and requirements. You should think about them all in order to choose the material which you would like the most.</p>\n\n<p style=\"text-align:center\"><img alt=\"f6\" height=\"375\" src=\"/storage/news/4.jpg\" /></p>\n\n<p><br />\n&nbsp;</p>\n\n<hr />\n<h4><strong>Number 4: Consider A Wallet As A Long Term Investment</strong></h4>\n\n<p>Your wallet is indeed an investment that you should consider spending a decent amount of time and effort on it. Another factor that you need to consider is how much you want to spend on your wallet. The price ranges of wallets on the market vary a great deal. You can find a wallet which is as cheap as about 5 to 7 dollars. On the other hand, you should expect to pay around 250 to 300 dollars for a high-quality wallet.</p>\n\n<p>In case you need a wallet to use for a long time, it is a good idea that you should invest a decent amount of money on a wallet. A high quality wallet from a reputational brand with the premium quality such as cowhide leather will last for a long time. In addition, it is an accessory to show off your fashion sense and your social status.</p>\n\n<p style=\"text-align:center\"><img alt=\"f2\" height=\"400\" src=\"/storage/news/5.jpg\" /></p>\n\n<p>&nbsp;</p>\n','published',1,'Botble\\ACL\\Models\\User',1,'news/5.jpg',1337,NULL,'2025-01-21 08:51:22','2025-01-21 08:51:22'),(6,'We\'re Crushing Hard on Summer\'s 10 Biggest Bag Trends','You should pay more attention when you choose your wallets. There are a lot of them on the market with the different designs and styles. When you choose carefully, you would be able to buy a wallet that is catered to your needs. Not to mention that it will help to enhance your style significantly.','<p>I have seen many people underestimating the power of their wallets. To them, they are just a functional item they use to carry. As a result, they often end up with the wallets which are not really suitable for them.</p>\n\n<p>You should pay more attention when you choose your wallets. There are a lot of them on the market with the different designs and styles. When you choose carefully, you would be able to buy a wallet that is catered to your needs. Not to mention that it will help to enhance your style significantly.</p>\n\n<p style=\"text-align:center\"><img alt=\"f4\" src=\"/storage/news/1.jpg\" /></p>\n\n<p><br />\n&nbsp;</p>\n\n<p><strong><em>For all of the reason above, here are 7 expert tips to help you pick up the right men&rsquo;s wallet for you:</em></strong></p>\n\n<h4><strong>Number 1: Choose A Neat Wallet</strong></h4>\n\n<p>The wallet is an essential accessory that you should go simple. Simplicity is the best in this case. A simple and neat wallet with the plain color and even&nbsp;<strong>minimalist style</strong>&nbsp;is versatile. It can be used for both formal and casual events. In addition, that wallet will go well with most of the clothes in your wardrobe.</p>\n\n<p>Keep in mind that a wallet will tell other people about your personality and your fashion sense as much as other clothes you put on. Hence, don&rsquo;t go cheesy on your wallet or else people will think that you have a funny and particular style.</p>\n\n<p style=\"text-align:center\"><img alt=\"f5\" src=\"/storage/news/2.jpg\" /></p>\n\n<p><br />\n&nbsp;</p>\n<hr />\n<h4><strong>Number 2: Choose The Right Size For Your Wallet</strong></h4>\n\n<p>You should avoid having an over-sized wallet. Don&rsquo;t think that you need to buy a big wallet because you have a lot to carry with you. In addition, a fat wallet is very ugly. It will make it harder for you to slide the wallet into your trousers&rsquo; pocket. In addition, it will create a bulge and ruin your look.</p>\n\n<p>Before you go on to buy a new wallet, clean out your wallet and place all of the items from your wallet on a table. Throw away things that you would never need any more such as the old bills or the expired gift cards. Remember to check your wallet on a frequent basis to get rid of all of the old stuff that you don&rsquo;t need anymore.</p>\n\n<p style=\"text-align:center\"><img alt=\"f1\" src=\"/storage/news/3.jpg\" /></p>\n\n<p><br />\n&nbsp;</p>\n\n<hr />\n<h4><strong>Number 3: Don&rsquo;t Limit Your Options Of Materials</strong></h4>\n\n<p>The types and designs of wallets are not the only things that you should consider when you go out searching for your best wallet. You have more than 1 option of material rather than leather to choose from as well.</p>\n\n<p>You can experiment with other available options such as cotton, polyester and canvas. They all have their own pros and cons. As a result, they will be suitable for different needs and requirements. You should think about them all in order to choose the material which you would like the most.</p>\n\n<p style=\"text-align:center\"><img alt=\"f6\" height=\"375\" src=\"/storage/news/4.jpg\" /></p>\n\n<p><br />\n&nbsp;</p>\n\n<hr />\n<h4><strong>Number 4: Consider A Wallet As A Long Term Investment</strong></h4>\n\n<p>Your wallet is indeed an investment that you should consider spending a decent amount of time and effort on it. Another factor that you need to consider is how much you want to spend on your wallet. The price ranges of wallets on the market vary a great deal. You can find a wallet which is as cheap as about 5 to 7 dollars. On the other hand, you should expect to pay around 250 to 300 dollars for a high-quality wallet.</p>\n\n<p>In case you need a wallet to use for a long time, it is a good idea that you should invest a decent amount of money on a wallet. A high quality wallet from a reputational brand with the premium quality such as cowhide leather will last for a long time. In addition, it is an accessory to show off your fashion sense and your social status.</p>\n\n<p style=\"text-align:center\"><img alt=\"f2\" height=\"400\" src=\"/storage/news/5.jpg\" /></p>\n\n<p>&nbsp;</p>\n','published',1,'Botble\\ACL\\Models\\User',1,'news/6.jpg',2421,NULL,'2025-01-21 08:51:22','2025-01-21 08:51:22'),(7,'Essential Qualities of Highly Successful Music','You should pay more attention when you choose your wallets. There are a lot of them on the market with the different designs and styles. When you choose carefully, you would be able to buy a wallet that is catered to your needs. Not to mention that it will help to enhance your style significantly.','<p>I have seen many people underestimating the power of their wallets. To them, they are just a functional item they use to carry. As a result, they often end up with the wallets which are not really suitable for them.</p>\n\n<p>You should pay more attention when you choose your wallets. There are a lot of them on the market with the different designs and styles. When you choose carefully, you would be able to buy a wallet that is catered to your needs. Not to mention that it will help to enhance your style significantly.</p>\n\n<p style=\"text-align:center\"><img alt=\"f4\" src=\"/storage/news/1.jpg\" /></p>\n\n<p><br />\n&nbsp;</p>\n\n<p><strong><em>For all of the reason above, here are 7 expert tips to help you pick up the right men&rsquo;s wallet for you:</em></strong></p>\n\n<h4><strong>Number 1: Choose A Neat Wallet</strong></h4>\n\n<p>The wallet is an essential accessory that you should go simple. Simplicity is the best in this case. A simple and neat wallet with the plain color and even&nbsp;<strong>minimalist style</strong>&nbsp;is versatile. It can be used for both formal and casual events. In addition, that wallet will go well with most of the clothes in your wardrobe.</p>\n\n<p>Keep in mind that a wallet will tell other people about your personality and your fashion sense as much as other clothes you put on. Hence, don&rsquo;t go cheesy on your wallet or else people will think that you have a funny and particular style.</p>\n\n<p style=\"text-align:center\"><img alt=\"f5\" src=\"/storage/news/2.jpg\" /></p>\n\n<p><br />\n&nbsp;</p>\n<hr />\n<h4><strong>Number 2: Choose The Right Size For Your Wallet</strong></h4>\n\n<p>You should avoid having an over-sized wallet. Don&rsquo;t think that you need to buy a big wallet because you have a lot to carry with you. In addition, a fat wallet is very ugly. It will make it harder for you to slide the wallet into your trousers&rsquo; pocket. In addition, it will create a bulge and ruin your look.</p>\n\n<p>Before you go on to buy a new wallet, clean out your wallet and place all of the items from your wallet on a table. Throw away things that you would never need any more such as the old bills or the expired gift cards. Remember to check your wallet on a frequent basis to get rid of all of the old stuff that you don&rsquo;t need anymore.</p>\n\n<p style=\"text-align:center\"><img alt=\"f1\" src=\"/storage/news/3.jpg\" /></p>\n\n<p><br />\n&nbsp;</p>\n\n<hr />\n<h4><strong>Number 3: Don&rsquo;t Limit Your Options Of Materials</strong></h4>\n\n<p>The types and designs of wallets are not the only things that you should consider when you go out searching for your best wallet. You have more than 1 option of material rather than leather to choose from as well.</p>\n\n<p>You can experiment with other available options such as cotton, polyester and canvas. They all have their own pros and cons. As a result, they will be suitable for different needs and requirements. You should think about them all in order to choose the material which you would like the most.</p>\n\n<p style=\"text-align:center\"><img alt=\"f6\" height=\"375\" src=\"/storage/news/4.jpg\" /></p>\n\n<p><br />\n&nbsp;</p>\n\n<hr />\n<h4><strong>Number 4: Consider A Wallet As A Long Term Investment</strong></h4>\n\n<p>Your wallet is indeed an investment that you should consider spending a decent amount of time and effort on it. Another factor that you need to consider is how much you want to spend on your wallet. The price ranges of wallets on the market vary a great deal. You can find a wallet which is as cheap as about 5 to 7 dollars. On the other hand, you should expect to pay around 250 to 300 dollars for a high-quality wallet.</p>\n\n<p>In case you need a wallet to use for a long time, it is a good idea that you should invest a decent amount of money on a wallet. A high quality wallet from a reputational brand with the premium quality such as cowhide leather will last for a long time. In addition, it is an accessory to show off your fashion sense and your social status.</p>\n\n<p style=\"text-align:center\"><img alt=\"f2\" height=\"400\" src=\"/storage/news/5.jpg\" /></p>\n\n<p>&nbsp;</p>\n','published',1,'Botble\\ACL\\Models\\User',1,'news/7.jpg',1008,NULL,'2025-01-21 08:51:22','2025-01-21 08:51:22'),(8,'9 Things I Love About Shaving My Head','You should pay more attention when you choose your wallets. There are a lot of them on the market with the different designs and styles. When you choose carefully, you would be able to buy a wallet that is catered to your needs. Not to mention that it will help to enhance your style significantly.','<p>I have seen many people underestimating the power of their wallets. To them, they are just a functional item they use to carry. As a result, they often end up with the wallets which are not really suitable for them.</p>\n\n<p>You should pay more attention when you choose your wallets. There are a lot of them on the market with the different designs and styles. When you choose carefully, you would be able to buy a wallet that is catered to your needs. Not to mention that it will help to enhance your style significantly.</p>\n\n<p style=\"text-align:center\"><img alt=\"f4\" src=\"/storage/news/1.jpg\" /></p>\n\n<p><br />\n&nbsp;</p>\n\n<p><strong><em>For all of the reason above, here are 7 expert tips to help you pick up the right men&rsquo;s wallet for you:</em></strong></p>\n\n<h4><strong>Number 1: Choose A Neat Wallet</strong></h4>\n\n<p>The wallet is an essential accessory that you should go simple. Simplicity is the best in this case. A simple and neat wallet with the plain color and even&nbsp;<strong>minimalist style</strong>&nbsp;is versatile. It can be used for both formal and casual events. In addition, that wallet will go well with most of the clothes in your wardrobe.</p>\n\n<p>Keep in mind that a wallet will tell other people about your personality and your fashion sense as much as other clothes you put on. Hence, don&rsquo;t go cheesy on your wallet or else people will think that you have a funny and particular style.</p>\n\n<p style=\"text-align:center\"><img alt=\"f5\" src=\"/storage/news/2.jpg\" /></p>\n\n<p><br />\n&nbsp;</p>\n<hr />\n<h4><strong>Number 2: Choose The Right Size For Your Wallet</strong></h4>\n\n<p>You should avoid having an over-sized wallet. Don&rsquo;t think that you need to buy a big wallet because you have a lot to carry with you. In addition, a fat wallet is very ugly. It will make it harder for you to slide the wallet into your trousers&rsquo; pocket. In addition, it will create a bulge and ruin your look.</p>\n\n<p>Before you go on to buy a new wallet, clean out your wallet and place all of the items from your wallet on a table. Throw away things that you would never need any more such as the old bills or the expired gift cards. Remember to check your wallet on a frequent basis to get rid of all of the old stuff that you don&rsquo;t need anymore.</p>\n\n<p style=\"text-align:center\"><img alt=\"f1\" src=\"/storage/news/3.jpg\" /></p>\n\n<p><br />\n&nbsp;</p>\n\n<hr />\n<h4><strong>Number 3: Don&rsquo;t Limit Your Options Of Materials</strong></h4>\n\n<p>The types and designs of wallets are not the only things that you should consider when you go out searching for your best wallet. You have more than 1 option of material rather than leather to choose from as well.</p>\n\n<p>You can experiment with other available options such as cotton, polyester and canvas. They all have their own pros and cons. As a result, they will be suitable for different needs and requirements. You should think about them all in order to choose the material which you would like the most.</p>\n\n<p style=\"text-align:center\"><img alt=\"f6\" height=\"375\" src=\"/storage/news/4.jpg\" /></p>\n\n<p><br />\n&nbsp;</p>\n\n<hr />\n<h4><strong>Number 4: Consider A Wallet As A Long Term Investment</strong></h4>\n\n<p>Your wallet is indeed an investment that you should consider spending a decent amount of time and effort on it. Another factor that you need to consider is how much you want to spend on your wallet. The price ranges of wallets on the market vary a great deal. You can find a wallet which is as cheap as about 5 to 7 dollars. On the other hand, you should expect to pay around 250 to 300 dollars for a high-quality wallet.</p>\n\n<p>In case you need a wallet to use for a long time, it is a good idea that you should invest a decent amount of money on a wallet. A high quality wallet from a reputational brand with the premium quality such as cowhide leather will last for a long time. In addition, it is an accessory to show off your fashion sense and your social status.</p>\n\n<p style=\"text-align:center\"><img alt=\"f2\" height=\"400\" src=\"/storage/news/5.jpg\" /></p>\n\n<p>&nbsp;</p>\n','published',1,'Botble\\ACL\\Models\\User',1,'news/8.jpg',914,NULL,'2025-01-21 08:51:22','2025-01-21 08:51:22'),(9,'Why Teamwork Really Makes The Dream Work','You should pay more attention when you choose your wallets. There are a lot of them on the market with the different designs and styles. When you choose carefully, you would be able to buy a wallet that is catered to your needs. Not to mention that it will help to enhance your style significantly.','<p>I have seen many people underestimating the power of their wallets. To them, they are just a functional item they use to carry. As a result, they often end up with the wallets which are not really suitable for them.</p>\n\n<p>You should pay more attention when you choose your wallets. There are a lot of them on the market with the different designs and styles. When you choose carefully, you would be able to buy a wallet that is catered to your needs. Not to mention that it will help to enhance your style significantly.</p>\n\n<p style=\"text-align:center\"><img alt=\"f4\" src=\"/storage/news/1.jpg\" /></p>\n\n<p><br />\n&nbsp;</p>\n\n<p><strong><em>For all of the reason above, here are 7 expert tips to help you pick up the right men&rsquo;s wallet for you:</em></strong></p>\n\n<h4><strong>Number 1: Choose A Neat Wallet</strong></h4>\n\n<p>The wallet is an essential accessory that you should go simple. Simplicity is the best in this case. A simple and neat wallet with the plain color and even&nbsp;<strong>minimalist style</strong>&nbsp;is versatile. It can be used for both formal and casual events. In addition, that wallet will go well with most of the clothes in your wardrobe.</p>\n\n<p>Keep in mind that a wallet will tell other people about your personality and your fashion sense as much as other clothes you put on. Hence, don&rsquo;t go cheesy on your wallet or else people will think that you have a funny and particular style.</p>\n\n<p style=\"text-align:center\"><img alt=\"f5\" src=\"/storage/news/2.jpg\" /></p>\n\n<p><br />\n&nbsp;</p>\n<hr />\n<h4><strong>Number 2: Choose The Right Size For Your Wallet</strong></h4>\n\n<p>You should avoid having an over-sized wallet. Don&rsquo;t think that you need to buy a big wallet because you have a lot to carry with you. In addition, a fat wallet is very ugly. It will make it harder for you to slide the wallet into your trousers&rsquo; pocket. In addition, it will create a bulge and ruin your look.</p>\n\n<p>Before you go on to buy a new wallet, clean out your wallet and place all of the items from your wallet on a table. Throw away things that you would never need any more such as the old bills or the expired gift cards. Remember to check your wallet on a frequent basis to get rid of all of the old stuff that you don&rsquo;t need anymore.</p>\n\n<p style=\"text-align:center\"><img alt=\"f1\" src=\"/storage/news/3.jpg\" /></p>\n\n<p><br />\n&nbsp;</p>\n\n<hr />\n<h4><strong>Number 3: Don&rsquo;t Limit Your Options Of Materials</strong></h4>\n\n<p>The types and designs of wallets are not the only things that you should consider when you go out searching for your best wallet. You have more than 1 option of material rather than leather to choose from as well.</p>\n\n<p>You can experiment with other available options such as cotton, polyester and canvas. They all have their own pros and cons. As a result, they will be suitable for different needs and requirements. You should think about them all in order to choose the material which you would like the most.</p>\n\n<p style=\"text-align:center\"><img alt=\"f6\" height=\"375\" src=\"/storage/news/4.jpg\" /></p>\n\n<p><br />\n&nbsp;</p>\n\n<hr />\n<h4><strong>Number 4: Consider A Wallet As A Long Term Investment</strong></h4>\n\n<p>Your wallet is indeed an investment that you should consider spending a decent amount of time and effort on it. Another factor that you need to consider is how much you want to spend on your wallet. The price ranges of wallets on the market vary a great deal. You can find a wallet which is as cheap as about 5 to 7 dollars. On the other hand, you should expect to pay around 250 to 300 dollars for a high-quality wallet.</p>\n\n<p>In case you need a wallet to use for a long time, it is a good idea that you should invest a decent amount of money on a wallet. A high quality wallet from a reputational brand with the premium quality such as cowhide leather will last for a long time. In addition, it is an accessory to show off your fashion sense and your social status.</p>\n\n<p style=\"text-align:center\"><img alt=\"f2\" height=\"400\" src=\"/storage/news/5.jpg\" /></p>\n\n<p>&nbsp;</p>\n','published',1,'Botble\\ACL\\Models\\User',1,'news/9.jpg',457,NULL,'2025-01-21 08:51:22','2025-01-21 08:51:22'),(10,'The World Caters to Average People','You should pay more attention when you choose your wallets. There are a lot of them on the market with the different designs and styles. When you choose carefully, you would be able to buy a wallet that is catered to your needs. Not to mention that it will help to enhance your style significantly.','<p>I have seen many people underestimating the power of their wallets. To them, they are just a functional item they use to carry. As a result, they often end up with the wallets which are not really suitable for them.</p>\n\n<p>You should pay more attention when you choose your wallets. There are a lot of them on the market with the different designs and styles. When you choose carefully, you would be able to buy a wallet that is catered to your needs. Not to mention that it will help to enhance your style significantly.</p>\n\n<p style=\"text-align:center\"><img alt=\"f4\" src=\"/storage/news/1.jpg\" /></p>\n\n<p><br />\n&nbsp;</p>\n\n<p><strong><em>For all of the reason above, here are 7 expert tips to help you pick up the right men&rsquo;s wallet for you:</em></strong></p>\n\n<h4><strong>Number 1: Choose A Neat Wallet</strong></h4>\n\n<p>The wallet is an essential accessory that you should go simple. Simplicity is the best in this case. A simple and neat wallet with the plain color and even&nbsp;<strong>minimalist style</strong>&nbsp;is versatile. It can be used for both formal and casual events. In addition, that wallet will go well with most of the clothes in your wardrobe.</p>\n\n<p>Keep in mind that a wallet will tell other people about your personality and your fashion sense as much as other clothes you put on. Hence, don&rsquo;t go cheesy on your wallet or else people will think that you have a funny and particular style.</p>\n\n<p style=\"text-align:center\"><img alt=\"f5\" src=\"/storage/news/2.jpg\" /></p>\n\n<p><br />\n&nbsp;</p>\n<hr />\n<h4><strong>Number 2: Choose The Right Size For Your Wallet</strong></h4>\n\n<p>You should avoid having an over-sized wallet. Don&rsquo;t think that you need to buy a big wallet because you have a lot to carry with you. In addition, a fat wallet is very ugly. It will make it harder for you to slide the wallet into your trousers&rsquo; pocket. In addition, it will create a bulge and ruin your look.</p>\n\n<p>Before you go on to buy a new wallet, clean out your wallet and place all of the items from your wallet on a table. Throw away things that you would never need any more such as the old bills or the expired gift cards. Remember to check your wallet on a frequent basis to get rid of all of the old stuff that you don&rsquo;t need anymore.</p>\n\n<p style=\"text-align:center\"><img alt=\"f1\" src=\"/storage/news/3.jpg\" /></p>\n\n<p><br />\n&nbsp;</p>\n\n<hr />\n<h4><strong>Number 3: Don&rsquo;t Limit Your Options Of Materials</strong></h4>\n\n<p>The types and designs of wallets are not the only things that you should consider when you go out searching for your best wallet. You have more than 1 option of material rather than leather to choose from as well.</p>\n\n<p>You can experiment with other available options such as cotton, polyester and canvas. They all have their own pros and cons. As a result, they will be suitable for different needs and requirements. You should think about them all in order to choose the material which you would like the most.</p>\n\n<p style=\"text-align:center\"><img alt=\"f6\" height=\"375\" src=\"/storage/news/4.jpg\" /></p>\n\n<p><br />\n&nbsp;</p>\n\n<hr />\n<h4><strong>Number 4: Consider A Wallet As A Long Term Investment</strong></h4>\n\n<p>Your wallet is indeed an investment that you should consider spending a decent amount of time and effort on it. Another factor that you need to consider is how much you want to spend on your wallet. The price ranges of wallets on the market vary a great deal. You can find a wallet which is as cheap as about 5 to 7 dollars. On the other hand, you should expect to pay around 250 to 300 dollars for a high-quality wallet.</p>\n\n<p>In case you need a wallet to use for a long time, it is a good idea that you should invest a decent amount of money on a wallet. A high quality wallet from a reputational brand with the premium quality such as cowhide leather will last for a long time. In addition, it is an accessory to show off your fashion sense and your social status.</p>\n\n<p style=\"text-align:center\"><img alt=\"f2\" height=\"400\" src=\"/storage/news/5.jpg\" /></p>\n\n<p>&nbsp;</p>\n','published',1,'Botble\\ACL\\Models\\User',1,'news/10.jpg',173,NULL,'2025-01-21 08:51:22','2025-01-21 08:51:22'),(11,'The litigants on the screen are not actors','You should pay more attention when you choose your wallets. There are a lot of them on the market with the different designs and styles. When you choose carefully, you would be able to buy a wallet that is catered to your needs. Not to mention that it will help to enhance your style significantly.','<p>I have seen many people underestimating the power of their wallets. To them, they are just a functional item they use to carry. As a result, they often end up with the wallets which are not really suitable for them.</p>\n\n<p>You should pay more attention when you choose your wallets. There are a lot of them on the market with the different designs and styles. When you choose carefully, you would be able to buy a wallet that is catered to your needs. Not to mention that it will help to enhance your style significantly.</p>\n\n<p style=\"text-align:center\"><img alt=\"f4\" src=\"/storage/news/1.jpg\" /></p>\n\n<p><br />\n&nbsp;</p>\n\n<p><strong><em>For all of the reason above, here are 7 expert tips to help you pick up the right men&rsquo;s wallet for you:</em></strong></p>\n\n<h4><strong>Number 1: Choose A Neat Wallet</strong></h4>\n\n<p>The wallet is an essential accessory that you should go simple. Simplicity is the best in this case. A simple and neat wallet with the plain color and even&nbsp;<strong>minimalist style</strong>&nbsp;is versatile. It can be used for both formal and casual events. In addition, that wallet will go well with most of the clothes in your wardrobe.</p>\n\n<p>Keep in mind that a wallet will tell other people about your personality and your fashion sense as much as other clothes you put on. Hence, don&rsquo;t go cheesy on your wallet or else people will think that you have a funny and particular style.</p>\n\n<p style=\"text-align:center\"><img alt=\"f5\" src=\"/storage/news/2.jpg\" /></p>\n\n<p><br />\n&nbsp;</p>\n<hr />\n<h4><strong>Number 2: Choose The Right Size For Your Wallet</strong></h4>\n\n<p>You should avoid having an over-sized wallet. Don&rsquo;t think that you need to buy a big wallet because you have a lot to carry with you. In addition, a fat wallet is very ugly. It will make it harder for you to slide the wallet into your trousers&rsquo; pocket. In addition, it will create a bulge and ruin your look.</p>\n\n<p>Before you go on to buy a new wallet, clean out your wallet and place all of the items from your wallet on a table. Throw away things that you would never need any more such as the old bills or the expired gift cards. Remember to check your wallet on a frequent basis to get rid of all of the old stuff that you don&rsquo;t need anymore.</p>\n\n<p style=\"text-align:center\"><img alt=\"f1\" src=\"/storage/news/3.jpg\" /></p>\n\n<p><br />\n&nbsp;</p>\n\n<hr />\n<h4><strong>Number 3: Don&rsquo;t Limit Your Options Of Materials</strong></h4>\n\n<p>The types and designs of wallets are not the only things that you should consider when you go out searching for your best wallet. You have more than 1 option of material rather than leather to choose from as well.</p>\n\n<p>You can experiment with other available options such as cotton, polyester and canvas. They all have their own pros and cons. As a result, they will be suitable for different needs and requirements. You should think about them all in order to choose the material which you would like the most.</p>\n\n<p style=\"text-align:center\"><img alt=\"f6\" height=\"375\" src=\"/storage/news/4.jpg\" /></p>\n\n<p><br />\n&nbsp;</p>\n\n<hr />\n<h4><strong>Number 4: Consider A Wallet As A Long Term Investment</strong></h4>\n\n<p>Your wallet is indeed an investment that you should consider spending a decent amount of time and effort on it. Another factor that you need to consider is how much you want to spend on your wallet. The price ranges of wallets on the market vary a great deal. You can find a wallet which is as cheap as about 5 to 7 dollars. On the other hand, you should expect to pay around 250 to 300 dollars for a high-quality wallet.</p>\n\n<p>In case you need a wallet to use for a long time, it is a good idea that you should invest a decent amount of money on a wallet. A high quality wallet from a reputational brand with the premium quality such as cowhide leather will last for a long time. In addition, it is an accessory to show off your fashion sense and your social status.</p>\n\n<p style=\"text-align:center\"><img alt=\"f2\" height=\"400\" src=\"/storage/news/5.jpg\" /></p>\n\n<p>&nbsp;</p>\n','published',1,'Botble\\ACL\\Models\\User',0,'news/11.jpg',1816,NULL,'2025-01-21 08:51:22','2025-01-21 08:51:22');

--
-- Table structure for table `posts_translations`
--

CREATE TABLE `posts_translations` (
  `lang_code` varchar(20) COLLATE utf8mb4_unicode_ci NOT NULL,
  `posts_id` bigint unsigned NOT NULL,
  `name` varchar(191) COLLATE utf8mb4_unicode_ci DEFAULT NULL,
  `description` varchar(400) COLLATE utf8mb4_unicode_ci DEFAULT NULL,
  `content` longtext COLLATE utf8mb4_unicode_ci,
  PRIMARY KEY (`lang_code`,`posts_id`)
) ENGINE=InnoDB DEFAULT CHARSET=utf8mb4 COLLATE=utf8mb4_unicode_ci;

--
-- Dumping data for table `posts_translations`
--


--
-- Table structure for table `revisions`
--

CREATE TABLE `revisions` (
  `id` bigint unsigned NOT NULL AUTO_INCREMENT,
  `revisionable_type` varchar(191) COLLATE utf8mb4_unicode_ci NOT NULL,
  `revisionable_id` bigint unsigned NOT NULL,
  `user_id` bigint unsigned DEFAULT NULL,
  `key` varchar(120) COLLATE utf8mb4_unicode_ci NOT NULL,
  `old_value` text COLLATE utf8mb4_unicode_ci,
  `new_value` text COLLATE utf8mb4_unicode_ci,
  `created_at` timestamp NULL DEFAULT NULL,
  `updated_at` timestamp NULL DEFAULT NULL,
  PRIMARY KEY (`id`),
  KEY `revisions_revisionable_id_revisionable_type_index` (`revisionable_id`,`revisionable_type`)
) ENGINE=InnoDB DEFAULT CHARSET=utf8mb4 COLLATE=utf8mb4_unicode_ci;

--
-- Dumping data for table `revisions`
--


--
-- Table structure for table `role_users`
--

CREATE TABLE `role_users` (
  `user_id` bigint unsigned NOT NULL,
  `role_id` bigint unsigned NOT NULL,
  `created_at` timestamp NULL DEFAULT NULL,
  `updated_at` timestamp NULL DEFAULT NULL,
  PRIMARY KEY (`user_id`,`role_id`),
  KEY `role_users_user_id_index` (`user_id`),
  KEY `role_users_role_id_index` (`role_id`)
) ENGINE=InnoDB DEFAULT CHARSET=utf8mb4 COLLATE=utf8mb4_unicode_ci;

--
-- Dumping data for table `role_users`
--


--
-- Table structure for table `roles`
--

CREATE TABLE `roles` (
  `id` bigint unsigned NOT NULL AUTO_INCREMENT,
  `slug` varchar(120) COLLATE utf8mb4_unicode_ci NOT NULL,
  `name` varchar(120) COLLATE utf8mb4_unicode_ci NOT NULL,
  `permissions` text COLLATE utf8mb4_unicode_ci,
  `description` varchar(400) COLLATE utf8mb4_unicode_ci DEFAULT NULL,
  `is_default` tinyint unsigned NOT NULL DEFAULT '0',
  `created_by` bigint unsigned NOT NULL,
  `updated_by` bigint unsigned NOT NULL,
  `created_at` timestamp NULL DEFAULT NULL,
  `updated_at` timestamp NULL DEFAULT NULL,
  PRIMARY KEY (`id`),
  UNIQUE KEY `roles_slug_unique` (`slug`),
  KEY `roles_created_by_index` (`created_by`),
  KEY `roles_updated_by_index` (`updated_by`)
) ENGINE=InnoDB AUTO_INCREMENT=2 DEFAULT CHARSET=utf8mb4 COLLATE=utf8mb4_unicode_ci;

--
-- Dumping data for table `roles`
--

INSERT INTO `roles` VALUES (1,'admin','Admin','{\"users.index\":true,\"users.create\":true,\"users.edit\":true,\"users.destroy\":true,\"roles.index\":true,\"roles.create\":true,\"roles.edit\":true,\"roles.destroy\":true,\"core.system\":true,\"core.cms\":true,\"core.manage.license\":true,\"systems.cronjob\":true,\"core.tools\":true,\"tools.data-synchronize\":true,\"media.index\":true,\"files.index\":true,\"files.create\":true,\"files.edit\":true,\"files.trash\":true,\"files.destroy\":true,\"folders.index\":true,\"folders.create\":true,\"folders.edit\":true,\"folders.trash\":true,\"folders.destroy\":true,\"settings.index\":true,\"settings.common\":true,\"settings.options\":true,\"settings.email\":true,\"settings.media\":true,\"settings.admin-appearance\":true,\"settings.cache\":true,\"settings.datatables\":true,\"settings.email.rules\":true,\"settings.others\":true,\"menus.index\":true,\"menus.create\":true,\"menus.edit\":true,\"menus.destroy\":true,\"optimize.settings\":true,\"pages.index\":true,\"pages.create\":true,\"pages.edit\":true,\"pages.destroy\":true,\"plugins.index\":true,\"plugins.edit\":true,\"plugins.remove\":true,\"plugins.marketplace\":true,\"core.appearance\":true,\"theme.index\":true,\"theme.activate\":true,\"theme.remove\":true,\"theme.options\":true,\"theme.custom-css\":true,\"theme.custom-js\":true,\"theme.custom-html\":true,\"theme.robots-txt\":true,\"settings.website-tracking\":true,\"widgets.index\":true,\"ads.index\":true,\"ads.create\":true,\"ads.edit\":true,\"ads.destroy\":true,\"ads.settings\":true,\"analytics.general\":true,\"analytics.page\":true,\"analytics.browser\":true,\"analytics.referrer\":true,\"analytics.settings\":true,\"audit-log.index\":true,\"audit-log.destroy\":true,\"backups.index\":true,\"backups.create\":true,\"backups.restore\":true,\"backups.destroy\":true,\"plugins.blog\":true,\"posts.index\":true,\"posts.create\":true,\"posts.edit\":true,\"posts.destroy\":true,\"categories.index\":true,\"categories.create\":true,\"categories.edit\":true,\"categories.destroy\":true,\"tags.index\":true,\"tags.create\":true,\"tags.edit\":true,\"tags.destroy\":true,\"blog.settings\":true,\"posts.export\":true,\"posts.import\":true,\"captcha.settings\":true,\"contacts.index\":true,\"contacts.edit\":true,\"contacts.destroy\":true,\"contact.custom-fields\":true,\"contact.settings\":true,\"plugins.ecommerce\":true,\"ecommerce.report.index\":true,\"products.index\":true,\"products.create\":true,\"products.edit\":true,\"products.destroy\":true,\"products.duplicate\":true,\"ecommerce.product-prices.index\":true,\"ecommerce.product-prices.edit\":true,\"ecommerce.product-inventory.index\":true,\"ecommerce.product-inventory.edit\":true,\"product-categories.index\":true,\"product-categories.create\":true,\"product-categories.edit\":true,\"product-categories.destroy\":true,\"product-tag.index\":true,\"product-tag.create\":true,\"product-tag.edit\":true,\"product-tag.destroy\":true,\"brands.index\":true,\"brands.create\":true,\"brands.edit\":true,\"brands.destroy\":true,\"product-collections.index\":true,\"product-collections.create\":true,\"product-collections.edit\":true,\"product-collections.destroy\":true,\"product-attribute-sets.index\":true,\"product-attribute-sets.create\":true,\"product-attribute-sets.edit\":true,\"product-attribute-sets.destroy\":true,\"product-attributes.index\":true,\"product-attributes.create\":true,\"product-attributes.edit\":true,\"product-attributes.destroy\":true,\"tax.index\":true,\"tax.create\":true,\"tax.edit\":true,\"tax.destroy\":true,\"reviews.index\":true,\"reviews.create\":true,\"reviews.destroy\":true,\"reviews.publish\":true,\"reviews.reply\":true,\"ecommerce.shipments.index\":true,\"ecommerce.shipments.create\":true,\"ecommerce.shipments.edit\":true,\"ecommerce.shipments.destroy\":true,\"orders.index\":true,\"orders.create\":true,\"orders.edit\":true,\"orders.destroy\":true,\"discounts.index\":true,\"discounts.create\":true,\"discounts.edit\":true,\"discounts.destroy\":true,\"customers.index\":true,\"customers.create\":true,\"customers.edit\":true,\"customers.destroy\":true,\"flash-sale.index\":true,\"flash-sale.create\":true,\"flash-sale.edit\":true,\"flash-sale.destroy\":true,\"product-label.index\":true,\"product-label.create\":true,\"product-label.edit\":true,\"product-label.destroy\":true,\"ecommerce.import.products.index\":true,\"ecommerce.export.products.index\":true,\"order_returns.index\":true,\"order_returns.edit\":true,\"order_returns.destroy\":true,\"global-option.index\":true,\"global-option.create\":true,\"global-option.edit\":true,\"global-option.destroy\":true,\"ecommerce.invoice.index\":true,\"ecommerce.invoice.edit\":true,\"ecommerce.invoice.destroy\":true,\"ecommerce.settings\":true,\"ecommerce.settings.general\":true,\"ecommerce.invoice-template.index\":true,\"ecommerce.settings.currencies\":true,\"ecommerce.settings.products\":true,\"ecommerce.settings.product-search\":true,\"ecommerce.settings.digital-products\":true,\"ecommerce.settings.store-locators\":true,\"ecommerce.settings.invoices\":true,\"ecommerce.settings.product-reviews\":true,\"ecommerce.settings.customers\":true,\"ecommerce.settings.shopping\":true,\"ecommerce.settings.taxes\":true,\"ecommerce.settings.shipping\":true,\"ecommerce.shipping-rule-items.index\":true,\"ecommerce.shipping-rule-items.create\":true,\"ecommerce.shipping-rule-items.edit\":true,\"ecommerce.shipping-rule-items.destroy\":true,\"ecommerce.shipping-rule-items.bulk-import\":true,\"ecommerce.settings.tracking\":true,\"ecommerce.settings.standard-and-format\":true,\"ecommerce.settings.checkout\":true,\"ecommerce.settings.return\":true,\"ecommerce.settings.flash-sale\":true,\"ecommerce.settings.product-specification\":true,\"product-categories.export\":true,\"product-categories.import\":true,\"orders.export\":true,\"ecommerce.product-specification.index\":true,\"ecommerce.specification-groups.index\":true,\"ecommerce.specification-groups.create\":true,\"ecommerce.specification-groups.edit\":true,\"ecommerce.specification-groups.destroy\":true,\"ecommerce.specification-attributes.index\":true,\"ecommerce.specification-attributes.create\":true,\"ecommerce.specification-attributes.edit\":true,\"ecommerce.specification-attributes.destroy\":true,\"ecommerce.specification-tables.index\":true,\"ecommerce.specification-tables.create\":true,\"ecommerce.specification-tables.edit\":true,\"ecommerce.specification-tables.destroy\":true,\"plugin.faq\":true,\"faq.index\":true,\"faq.create\":true,\"faq.edit\":true,\"faq.destroy\":true,\"faq_category.index\":true,\"faq_category.create\":true,\"faq_category.edit\":true,\"faq_category.destroy\":true,\"faqs.settings\":true,\"languages.index\":true,\"languages.create\":true,\"languages.edit\":true,\"languages.destroy\":true,\"plugin.location\":true,\"country.index\":true,\"country.create\":true,\"country.edit\":true,\"country.destroy\":true,\"state.index\":true,\"state.create\":true,\"state.edit\":true,\"state.destroy\":true,\"city.index\":true,\"city.create\":true,\"city.edit\":true,\"city.destroy\":true,\"marketplace.index\":true,\"marketplace.store.index\":true,\"marketplace.store.create\":true,\"marketplace.store.edit\":true,\"marketplace.store.destroy\":true,\"marketplace.store.view\":true,\"marketplace.store.revenue.create\":true,\"marketplace.withdrawal.index\":true,\"marketplace.withdrawal.edit\":true,\"marketplace.withdrawal.destroy\":true,\"marketplace.withdrawal.invoice\":true,\"marketplace.vendors.index\":true,\"marketplace.unverified-vendors.index\":true,\"marketplace.vendors.control\":true,\"marketplace.unverified-vendors.edit\":true,\"marketplace.reports\":true,\"marketplace.settings\":true,\"newsletter.index\":true,\"newsletter.destroy\":true,\"newsletter.settings\":true,\"payment.index\":true,\"payments.settings\":true,\"payment.destroy\":true,\"payments.logs\":true,\"payments.logs.show\":true,\"payments.logs.destroy\":true,\"simple-slider.index\":true,\"simple-slider.create\":true,\"simple-slider.edit\":true,\"simple-slider.destroy\":true,\"simple-slider-item.index\":true,\"simple-slider-item.create\":true,\"simple-slider-item.edit\":true,\"simple-slider-item.destroy\":true,\"simple-slider.settings\":true,\"social-login.settings\":true,\"plugins.translation\":true,\"translations.locales\":true,\"translations.theme-translations\":true,\"translations.index\":true,\"theme-translations.export\":true,\"other-translations.export\":true,\"theme-translations.import\":true,\"other-translations.import\":true,\"api.settings\":true,\"api.sanctum-token.index\":true,\"api.sanctum-token.create\":true,\"api.sanctum-token.destroy\":true}','Admin users role',1,1,1,'2025-01-21 08:51:21','2025-01-21 08:51:21');

--
-- Table structure for table `sessions`
--

CREATE TABLE `sessions` (
  `id` varchar(191) COLLATE utf8mb4_unicode_ci NOT NULL,
  `user_id` bigint unsigned DEFAULT NULL,
  `ip_address` varchar(45) COLLATE utf8mb4_unicode_ci DEFAULT NULL,
  `user_agent` text COLLATE utf8mb4_unicode_ci,
  `payload` longtext COLLATE utf8mb4_unicode_ci NOT NULL,
  `last_activity` int NOT NULL,
  PRIMARY KEY (`id`),
  KEY `sessions_user_id_index` (`user_id`),
  KEY `sessions_last_activity_index` (`last_activity`)
) ENGINE=InnoDB DEFAULT CHARSET=utf8mb4 COLLATE=utf8mb4_unicode_ci;

--
-- Dumping data for table `sessions`
--


--
-- Table structure for table `settings`
--

CREATE TABLE `settings` (
  `id` bigint unsigned NOT NULL AUTO_INCREMENT,
  `key` varchar(191) COLLATE utf8mb4_unicode_ci NOT NULL,
  `value` text COLLATE utf8mb4_unicode_ci,
  `created_at` timestamp NULL DEFAULT NULL,
  `updated_at` timestamp NULL DEFAULT NULL,
  PRIMARY KEY (`id`),
  UNIQUE KEY `settings_key_unique` (`key`)
) ENGINE=InnoDB AUTO_INCREMENT=94 DEFAULT CHARSET=utf8mb4 COLLATE=utf8mb4_unicode_ci;

--
-- Dumping data for table `settings`
--

INSERT INTO `settings` VALUES (2,'api_enabled','0',NULL,'2025-01-21 08:51:24'),(3,'activated_plugins','[\"language\",\"language-advanced\",\"ads\",\"analytics\",\"audit-log\",\"backup\",\"blog\",\"captcha\",\"contact\",\"cookie-consent\",\"ecommerce\",\"faq\",\"location\",\"marketplace\",\"mollie\",\"newsletter\",\"payment\",\"paypal\",\"paypal-payout\",\"paystack\",\"razorpay\",\"shippo\",\"simple-slider\",\"social-login\",\"sslcommerz\",\"stripe\",\"stripe-connect\",\"translation\"]',NULL,'2025-01-21 08:51:24'),(4,'analytics_dashboard_widgets','0','2025-01-21 08:51:08','2025-01-21 08:51:08'),(5,'enable_recaptcha_botble_contact_forms_fronts_contact_form','1','2025-01-21 08:51:08','2025-01-21 08:51:08'),(6,'api_layer_api_key','',NULL,'2025-01-21 08:51:24'),(9,'enable_recaptcha_botble_newsletter_forms_fronts_newsletter_form','1','2025-01-21 08:51:09','2025-01-21 08:51:09'),(12,'language_hide_default','1',NULL,'2025-01-21 08:51:24'),(13,'language_switcher_display','dropdown',NULL,'2025-01-21 08:51:24'),(14,'language_display','all',NULL,'2025-01-21 08:51:24'),(15,'language_hide_languages','[]',NULL,'2025-01-21 08:51:24'),(16,'simple_slider_using_assets','0',NULL,NULL),(17,'media_random_hash','311d9deda58e16d5101cdd4e7ff953dd',NULL,'2025-01-21 08:51:24'),(18,'payment_cod_status','1',NULL,'2025-01-21 08:51:24'),(19,'payment_bank_transfer_status','1',NULL,'2025-01-21 08:51:24'),(20,'theme','martfury',NULL,'2025-01-21 08:51:24'),(21,'show_admin_bar','1',NULL,'2025-01-21 08:51:24'),(22,'admin_favicon','general/favicon.png',NULL,'2025-01-21 08:51:24'),(23,'admin_logo','general/logo-light.png',NULL,'2025-01-21 08:51:24'),(24,'permalink-botble-blog-models-post','blog',NULL,'2025-01-21 08:51:24'),(25,'permalink-botble-blog-models-category','blog',NULL,'2025-01-21 08:51:24'),(26,'payment_cod_description','Please pay money directly to the postman, if you choose cash on delivery method (COD).',NULL,'2025-01-21 08:51:24'),(27,'payment_bank_transfer_description','Please send money to our bank account: ACB - 69270 213 19.',NULL,'2025-01-21 08:51:24'),(28,'payment_stripe_payment_type','stripe_checkout',NULL,'2025-01-21 08:51:24'),(29,'plugins_ecommerce_customer_new_order_status','0',NULL,'2025-01-21 08:51:24'),(30,'plugins_ecommerce_admin_new_order_status','0',NULL,'2025-01-21 08:51:24'),(31,'ecommerce_is_enabled_support_digital_products','1',NULL,'2025-01-21 08:51:24'),(32,'ecommerce_load_countries_states_cities_from_location_plugin','0',NULL,'2025-01-21 08:51:24'),(33,'payment_bank_transfer_display_bank_info_at_the_checkout_success_page','1',NULL,'2025-01-21 08:51:24'),(34,'ecommerce_product_sku_format','MF-2443-[%S]',NULL,'2025-01-21 08:51:24'),(35,'ecommerce_enable_product_specification','1',NULL,'2025-01-21 08:51:24'),(36,'ecommerce_store_name','Martfury',NULL,NULL),(37,'ecommerce_store_phone','1800979769',NULL,NULL),(38,'ecommerce_store_address','502 New Street',NULL,NULL),(39,'ecommerce_store_state','Brighton VIC',NULL,NULL),(40,'ecommerce_store_city','Brighton VIC',NULL,NULL),(41,'ecommerce_store_country','AU',NULL,NULL),(42,'theme-martfury-site_title','MartFury - Laravel Ecommerce system',NULL,NULL),(43,'theme-martfury-seo_description','MartFury is a clean & modern Laravel Ecommerce System for multipurpose online stores. With design clean and trendy, MartFury will make your online store look more impressive and attractive to viewers.',NULL,NULL),(44,'theme-martfury-copyright','© %Y MartFury. All Rights Reserved.',NULL,NULL),(45,'theme-martfury-favicon','general/favicon.png',NULL,NULL),(46,'theme-martfury-logo','general/logo.png',NULL,NULL),(47,'theme-martfury-welcome_message','Welcome to MartFury Online Shopping Store!',NULL,NULL),(48,'theme-martfury-address','502 New Street, Brighton VIC, Australia',NULL,NULL),(49,'theme-martfury-hotline','1800 97 97 69',NULL,NULL),(50,'theme-martfury-email','contact@martfury.co',NULL,NULL),(51,'theme-martfury-newsletter_image','general/newsletter.jpg',NULL,NULL),(52,'theme-martfury-homepage_id','1',NULL,NULL),(53,'theme-martfury-blog_page_id','6',NULL,NULL),(54,'theme-martfury-cookie_consent_message','Your experience on this site will be improved by allowing cookies ',NULL,NULL),(55,'theme-martfury-cookie_consent_learn_more_url','/cookie-policy',NULL,NULL),(56,'theme-martfury-cookie_consent_learn_more_text','Cookie Policy',NULL,NULL),(57,'theme-martfury-number_of_products_per_page','42',NULL,NULL),(58,'theme-martfury-product_feature_1_title','Shipping worldwide',NULL,NULL),(59,'theme-martfury-product_feature_1_icon','icon-network',NULL,NULL),(60,'theme-martfury-product_feature_2_title','Free 7-day return if eligible, so easy',NULL,NULL),(61,'theme-martfury-product_feature_2_icon','icon-3d-rotate',NULL,NULL),(62,'theme-martfury-product_feature_3_title','Supplier give bills for this product.',NULL,NULL),(63,'theme-martfury-product_feature_3_icon','icon-receipt',NULL,NULL),(64,'theme-martfury-product_feature_4_title','Pay online or when receiving goods',NULL,NULL),(65,'theme-martfury-product_feature_4_icon','icon-credit-card',NULL,NULL),(66,'theme-martfury-contact_info_box_1_title','Contact Directly',NULL,NULL),(67,'theme-martfury-contact_info_box_1_subtitle','contact@martfury.com',NULL,NULL),(68,'theme-martfury-contact_info_box_1_details','(+004) 912-3548-07',NULL,NULL),(69,'theme-martfury-contact_info_box_2_title','Headquarters',NULL,NULL),(70,'theme-martfury-contact_info_box_2_subtitle','17 Queen St, South bank, Melbourne 10560, Australia',NULL,NULL),(71,'theme-martfury-contact_info_box_2_details','',NULL,NULL),(72,'theme-martfury-contact_info_box_3_title','Work With Us',NULL,NULL),(73,'theme-martfury-contact_info_box_3_subtitle','Send your CV to our email:',NULL,NULL),(74,'theme-martfury-contact_info_box_3_details','career@martfury.com',NULL,NULL),(75,'theme-martfury-contact_info_box_4_title','Customer Service',NULL,NULL),(76,'theme-martfury-contact_info_box_4_subtitle','customercare@martfury.com',NULL,NULL),(77,'theme-martfury-contact_info_box_4_details','(800) 843-2446',NULL,NULL),(78,'theme-martfury-contact_info_box_5_title','Media Relations',NULL,NULL),(79,'theme-martfury-contact_info_box_5_subtitle','media@martfury.com',NULL,NULL),(80,'theme-martfury-contact_info_box_5_details','(801) 947-3564',NULL,NULL),(81,'theme-martfury-contact_info_box_6_title','Vendor Support',NULL,NULL),(82,'theme-martfury-contact_info_box_6_subtitle','vendorsupport@martfury.com',NULL,NULL),(83,'theme-martfury-contact_info_box_6_details','(801) 947-3100',NULL,NULL),(84,'theme-martfury-number_of_cross_sale_product','7',NULL,NULL),(85,'theme-martfury-logo_in_the_checkout_page','general/logo-dark.png',NULL,NULL),(86,'theme-martfury-logo_in_invoices','general/logo-dark.png',NULL,NULL),(87,'theme-martfury-logo_vendor_dashboard','general/logo-dark.png',NULL,NULL),(88,'theme-martfury-primary_font','Work Sans',NULL,NULL),(89,'theme-martfury-payment_methods','[\"general\\/payment-method-1.jpg\",\"general\\/payment-method-2.jpg\",\"general\\/payment-method-3.jpg\",\"general\\/payment-method-4.jpg\",\"general\\/payment-method-5.jpg\"]',NULL,NULL),(90,'theme-martfury-social_links','[[{\"key\":\"name\",\"value\":\"Facebook\"},{\"key\":\"icon\",\"value\":\"ti ti-brand-facebook\"},{\"key\":\"url\",\"value\":\"https:\\/\\/www.facebook.com\"}],[{\"key\":\"name\",\"value\":\"X (Twitter)\"},{\"key\":\"icon\",\"value\":\"ti ti-brand-x\"},{\"key\":\"url\",\"value\":\"https:\\/\\/x.com\"}],[{\"key\":\"name\",\"value\":\"YouTube\"},{\"key\":\"icon\",\"value\":\"ti ti-brand-youtube\"},{\"key\":\"url\",\"value\":\"https:\\/\\/www.youtube.com\"}],[{\"key\":\"name\",\"value\":\"Instagram\"},{\"key\":\"icon\",\"value\":\"ti ti-brand-linkedin\"},{\"key\":\"url\",\"value\":\"https:\\/\\/www.linkedin.com\"}]]',NULL,NULL),(91,'theme-martfury-social_sharing','[[{\"key\":\"social\",\"value\":\"facebook\"},{\"key\":\"icon\",\"value\":\"ti ti-brand-facebook\"}],[{\"key\":\"social\",\"value\":\"x\"},{\"key\":\"icon\",\"value\":\"ti ti-brand-x\"}],[{\"key\":\"social\",\"value\":\"pinterest\"},{\"key\":\"icon\",\"value\":\"ti ti-brand-pinterest\"}],[{\"key\":\"social\",\"value\":\"linkedin\"},{\"key\":\"icon\",\"value\":\"ti ti-brand-linkedin\"}],[{\"key\":\"social\",\"value\":\"whatsapp\"},{\"key\":\"icon\",\"value\":\"ti ti-brand-whatsapp\"}],[{\"key\":\"social\",\"value\":\"email\"},{\"key\":\"icon\",\"value\":\"ti ti-mail\"}]]',NULL,NULL),(92,'theme-martfury-lazy_load_images','1',NULL,NULL),(93,'theme-martfury-lazy_load_placeholder_image','general/placeholder.png',NULL,NULL);

--
-- Table structure for table `simple_slider_items`
--

CREATE TABLE `simple_slider_items` (
  `id` bigint unsigned NOT NULL AUTO_INCREMENT,
  `simple_slider_id` bigint unsigned NOT NULL,
  `title` varchar(191) COLLATE utf8mb4_unicode_ci DEFAULT NULL,
  `image` varchar(191) COLLATE utf8mb4_unicode_ci NOT NULL,
  `link` varchar(191) COLLATE utf8mb4_unicode_ci DEFAULT NULL,
  `description` text COLLATE utf8mb4_unicode_ci,
  `order` int unsigned NOT NULL DEFAULT '0',
  `created_at` timestamp NULL DEFAULT NULL,
  `updated_at` timestamp NULL DEFAULT NULL,
  PRIMARY KEY (`id`)
) ENGINE=InnoDB AUTO_INCREMENT=4 DEFAULT CHARSET=utf8mb4 COLLATE=utf8mb4_unicode_ci;

--
-- Dumping data for table `simple_slider_items`
--

INSERT INTO `simple_slider_items` VALUES (1,1,'Slider 1','sliders/1-lg.jpg','/products',NULL,1,'2025-01-21 08:51:23','2025-01-21 08:51:23'),(2,1,'Slider 2','sliders/2-lg.jpg','/products',NULL,2,'2025-01-21 08:51:23','2025-01-21 08:51:23'),(3,1,'Slider 3','sliders/3-lg.jpg','/products',NULL,3,'2025-01-21 08:51:23','2025-01-21 08:51:23');

--
-- Table structure for table `simple_sliders`
--

CREATE TABLE `simple_sliders` (
  `id` bigint unsigned NOT NULL AUTO_INCREMENT,
  `name` varchar(120) COLLATE utf8mb4_unicode_ci NOT NULL,
  `key` varchar(120) COLLATE utf8mb4_unicode_ci NOT NULL,
  `description` varchar(400) COLLATE utf8mb4_unicode_ci DEFAULT NULL,
  `status` varchar(60) COLLATE utf8mb4_unicode_ci NOT NULL DEFAULT 'published',
  `created_at` timestamp NULL DEFAULT NULL,
  `updated_at` timestamp NULL DEFAULT NULL,
  PRIMARY KEY (`id`)
) ENGINE=InnoDB AUTO_INCREMENT=2 DEFAULT CHARSET=utf8mb4 COLLATE=utf8mb4_unicode_ci;

--
-- Dumping data for table `simple_sliders`
--

INSERT INTO `simple_sliders` VALUES (1,'Home slider','home-slider','The main slider on homepage','published','2025-01-21 08:51:23','2025-01-21 08:51:23');

--
-- Table structure for table `slugs`
--

CREATE TABLE `slugs` (
  `id` bigint unsigned NOT NULL AUTO_INCREMENT,
  `key` varchar(191) COLLATE utf8mb4_unicode_ci NOT NULL,
  `reference_id` bigint unsigned NOT NULL,
  `reference_type` varchar(191) COLLATE utf8mb4_unicode_ci NOT NULL,
  `prefix` varchar(120) COLLATE utf8mb4_unicode_ci DEFAULT '',
  `created_at` timestamp NULL DEFAULT NULL,
  `updated_at` timestamp NULL DEFAULT NULL,
  PRIMARY KEY (`id`),
  KEY `slugs_reference_id_index` (`reference_id`),
  KEY `slugs_key_index` (`key`),
  KEY `slugs_prefix_index` (`prefix`),
  KEY `slugs_reference_index` (`reference_id`,`reference_type`)
) ENGINE=InnoDB AUTO_INCREMENT=172 DEFAULT CHARSET=utf8mb4 COLLATE=utf8mb4_unicode_ci;

--
-- Dumping data for table `slugs`
--

INSERT INTO `slugs` VALUES (1,'fashion-live',1,'Botble\\Ecommerce\\Models\\Brand','brands','2025-01-21 08:51:10','2025-01-21 08:51:10'),(2,'hand-crafted',2,'Botble\\Ecommerce\\Models\\Brand','brands','2025-01-21 08:51:10','2025-01-21 08:51:10'),(3,'mestonix',3,'Botble\\Ecommerce\\Models\\Brand','brands','2025-01-21 08:51:10','2025-01-21 08:51:10'),(4,'sunshine',4,'Botble\\Ecommerce\\Models\\Brand','brands','2025-01-21 08:51:10','2025-01-21 08:51:10'),(5,'pure',5,'Botble\\Ecommerce\\Models\\Brand','brands','2025-01-21 08:51:10','2025-01-21 08:51:10'),(6,'anfold',6,'Botble\\Ecommerce\\Models\\Brand','brands','2025-01-21 08:51:10','2025-01-21 08:51:10'),(7,'automotive',7,'Botble\\Ecommerce\\Models\\Brand','brands','2025-01-21 08:51:10','2025-01-21 08:51:10'),(8,'hot-promotions',1,'Botble\\Ecommerce\\Models\\ProductCategory','product-categories','2025-01-21 08:51:11','2025-01-21 08:51:11'),(9,'electronics',2,'Botble\\Ecommerce\\Models\\ProductCategory','product-categories','2025-01-21 08:51:11','2025-01-21 08:51:11'),(10,'consumer-electronic',3,'Botble\\Ecommerce\\Models\\ProductCategory','product-categories','2025-01-21 08:51:11','2025-01-21 08:51:11'),(11,'home-audio-theaters',4,'Botble\\Ecommerce\\Models\\ProductCategory','product-categories','2025-01-21 08:51:11','2025-01-21 08:51:11'),(12,'tv-videos',5,'Botble\\Ecommerce\\Models\\ProductCategory','product-categories','2025-01-21 08:51:11','2025-01-21 08:51:11'),(13,'camera-photos-videos',6,'Botble\\Ecommerce\\Models\\ProductCategory','product-categories','2025-01-21 08:51:11','2025-01-21 08:51:11'),(14,'cellphones-accessories',7,'Botble\\Ecommerce\\Models\\ProductCategory','product-categories','2025-01-21 08:51:11','2025-01-21 08:51:11'),(15,'headphones',8,'Botble\\Ecommerce\\Models\\ProductCategory','product-categories','2025-01-21 08:51:11','2025-01-21 08:51:11'),(16,'videos-games',9,'Botble\\Ecommerce\\Models\\ProductCategory','product-categories','2025-01-21 08:51:11','2025-01-21 08:51:11'),(17,'wireless-speakers',10,'Botble\\Ecommerce\\Models\\ProductCategory','product-categories','2025-01-21 08:51:11','2025-01-21 08:51:11'),(18,'office-electronic',11,'Botble\\Ecommerce\\Models\\ProductCategory','product-categories','2025-01-21 08:51:11','2025-01-21 08:51:11'),(19,'accessories-parts',12,'Botble\\Ecommerce\\Models\\ProductCategory','product-categories','2025-01-21 08:51:11','2025-01-21 08:51:11'),(20,'digital-cables',13,'Botble\\Ecommerce\\Models\\ProductCategory','product-categories','2025-01-21 08:51:11','2025-01-21 08:51:11'),(21,'audio-video-cables',14,'Botble\\Ecommerce\\Models\\ProductCategory','product-categories','2025-01-21 08:51:11','2025-01-21 08:51:11'),(22,'batteries',15,'Botble\\Ecommerce\\Models\\ProductCategory','product-categories','2025-01-21 08:51:11','2025-01-21 08:51:11'),(23,'clothing',16,'Botble\\Ecommerce\\Models\\ProductCategory','product-categories','2025-01-21 08:51:11','2025-01-21 08:51:11'),(24,'computers',17,'Botble\\Ecommerce\\Models\\ProductCategory','product-categories','2025-01-21 08:51:11','2025-01-21 08:51:11'),(25,'computer-technologies',18,'Botble\\Ecommerce\\Models\\ProductCategory','product-categories','2025-01-21 08:51:11','2025-01-21 08:51:11'),(26,'computer-tablets',19,'Botble\\Ecommerce\\Models\\ProductCategory','product-categories','2025-01-21 08:51:11','2025-01-21 08:51:11'),(27,'laptop',20,'Botble\\Ecommerce\\Models\\ProductCategory','product-categories','2025-01-21 08:51:11','2025-01-21 08:51:11'),(28,'monitors',21,'Botble\\Ecommerce\\Models\\ProductCategory','product-categories','2025-01-21 08:51:11','2025-01-21 08:51:11'),(29,'computer-components',22,'Botble\\Ecommerce\\Models\\ProductCategory','product-categories','2025-01-21 08:51:11','2025-01-21 08:51:11'),(30,'networking',23,'Botble\\Ecommerce\\Models\\ProductCategory','product-categories','2025-01-21 08:51:11','2025-01-21 08:51:11'),(31,'drive-storages',24,'Botble\\Ecommerce\\Models\\ProductCategory','product-categories','2025-01-21 08:51:11','2025-01-21 08:51:11'),(32,'gaming-laptop',25,'Botble\\Ecommerce\\Models\\ProductCategory','product-categories','2025-01-21 08:51:11','2025-01-21 08:51:11'),(33,'security-protection',26,'Botble\\Ecommerce\\Models\\ProductCategory','product-categories','2025-01-21 08:51:11','2025-01-21 08:51:11'),(34,'accessories',27,'Botble\\Ecommerce\\Models\\ProductCategory','product-categories','2025-01-21 08:51:11','2025-01-21 08:51:11'),(35,'home-kitchen',28,'Botble\\Ecommerce\\Models\\ProductCategory','product-categories','2025-01-21 08:51:11','2025-01-21 08:51:11'),(36,'health-beauty',29,'Botble\\Ecommerce\\Models\\ProductCategory','product-categories','2025-01-21 08:51:11','2025-01-21 08:51:11'),(37,'jewelry-watch',30,'Botble\\Ecommerce\\Models\\ProductCategory','product-categories','2025-01-21 08:51:11','2025-01-21 08:51:11'),(38,'technology-toys',31,'Botble\\Ecommerce\\Models\\ProductCategory','product-categories','2025-01-21 08:51:11','2025-01-21 08:51:11'),(39,'phones',32,'Botble\\Ecommerce\\Models\\ProductCategory','product-categories','2025-01-21 08:51:11','2025-01-21 08:51:11'),(40,'babies-moms',33,'Botble\\Ecommerce\\Models\\ProductCategory','product-categories','2025-01-21 08:51:11','2025-01-21 08:51:11'),(41,'sport-outdoor',34,'Botble\\Ecommerce\\Models\\ProductCategory','product-categories','2025-01-21 08:51:11','2025-01-21 08:51:11'),(42,'books-office',35,'Botble\\Ecommerce\\Models\\ProductCategory','product-categories','2025-01-21 08:51:11','2025-01-21 08:51:11'),(43,'cars-motorcycles',36,'Botble\\Ecommerce\\Models\\ProductCategory','product-categories','2025-01-21 08:51:11','2025-01-21 08:51:11'),(44,'home-improvements',37,'Botble\\Ecommerce\\Models\\ProductCategory','product-categories','2025-01-21 08:51:11','2025-01-21 08:51:11'),(45,'dual-camera-20mp-digital',1,'Botble\\Ecommerce\\Models\\Product','products','2025-01-21 08:51:17','2025-01-21 08:51:27'),(46,'smart-watches',2,'Botble\\Ecommerce\\Models\\Product','products','2025-01-21 08:51:17','2025-01-21 08:51:17'),(47,'beat-headphone',3,'Botble\\Ecommerce\\Models\\Product','products','2025-01-21 08:51:17','2025-01-21 08:51:17'),(48,'red-black-headphone',4,'Botble\\Ecommerce\\Models\\Product','products','2025-01-21 08:51:17','2025-01-21 08:51:17'),(49,'smart-watch-external-digital',5,'Botble\\Ecommerce\\Models\\Product','products','2025-01-21 08:51:17','2025-01-21 08:51:27'),(50,'nikon-hd-camera',6,'Botble\\Ecommerce\\Models\\Product','products','2025-01-21 08:51:17','2025-01-21 08:51:17'),(51,'audio-equipment',7,'Botble\\Ecommerce\\Models\\Product','products','2025-01-21 08:51:17','2025-01-21 08:51:17'),(52,'smart-televisions',8,'Botble\\Ecommerce\\Models\\Product','products','2025-01-21 08:51:17','2025-01-21 08:51:17'),(53,'samsung-smart-phone-digital',9,'Botble\\Ecommerce\\Models\\Product','products','2025-01-21 08:51:17','2025-01-21 08:51:27'),(54,'herschel-leather-duffle-bag-in-brown-color',10,'Botble\\Ecommerce\\Models\\Product','products','2025-01-21 08:51:17','2025-01-21 08:51:17'),(55,'xbox-one-wireless-controller-black-color',11,'Botble\\Ecommerce\\Models\\Product','products','2025-01-21 08:51:17','2025-01-21 08:51:17'),(56,'epsion-plaster-printer',12,'Botble\\Ecommerce\\Models\\Product','products','2025-01-21 08:51:17','2025-01-21 08:51:17'),(57,'sound-intone-i65-earphone-white-version-digital',13,'Botble\\Ecommerce\\Models\\Product','products','2025-01-21 08:51:17','2025-01-21 08:51:27'),(58,'bo-play-mini-bluetooth-speaker',14,'Botble\\Ecommerce\\Models\\Product','products','2025-01-21 08:51:17','2025-01-21 08:51:17'),(59,'apple-macbook-air-retina-133-inch-laptop',15,'Botble\\Ecommerce\\Models\\Product','products','2025-01-21 08:51:17','2025-01-21 08:51:17'),(60,'apple-macbook-air-retina-12-inch-laptop',16,'Botble\\Ecommerce\\Models\\Product','products','2025-01-21 08:51:17','2025-01-21 08:51:17'),(61,'samsung-gear-vr-virtual-reality-headset-digital',17,'Botble\\Ecommerce\\Models\\Product','products','2025-01-21 08:51:17','2025-01-21 08:51:27'),(62,'aveeno-moisturizing-body-shower-450ml',18,'Botble\\Ecommerce\\Models\\Product','products','2025-01-21 08:51:17','2025-01-21 08:51:17'),(63,'nyx-beauty-couton-pallete-makeup-12',19,'Botble\\Ecommerce\\Models\\Product','products','2025-01-21 08:51:17','2025-01-21 08:51:17'),(64,'nyx-beauty-couton-pallete-makeup-12',20,'Botble\\Ecommerce\\Models\\Product','products','2025-01-21 08:51:17','2025-01-21 08:51:17'),(65,'mvmth-classical-leather-watch-in-black-digital',21,'Botble\\Ecommerce\\Models\\Product','products','2025-01-21 08:51:17','2025-01-21 08:51:27'),(66,'baxter-care-hair-kit-for-bearded-mens',22,'Botble\\Ecommerce\\Models\\Product','products','2025-01-21 08:51:17','2025-01-21 08:51:17'),(67,'ciate-palemore-lipstick-bold-red-color',23,'Botble\\Ecommerce\\Models\\Product','products','2025-01-21 08:51:17','2025-01-21 08:51:17'),(68,'electronic',1,'Botble\\Ecommerce\\Models\\ProductTag','product-tags','2025-01-21 08:51:21','2025-01-21 08:51:21'),(69,'mobile',2,'Botble\\Ecommerce\\Models\\ProductTag','product-tags','2025-01-21 08:51:21','2025-01-21 08:51:21'),(70,'iphone',3,'Botble\\Ecommerce\\Models\\ProductTag','product-tags','2025-01-21 08:51:21','2025-01-21 08:51:21'),(71,'printer',4,'Botble\\Ecommerce\\Models\\ProductTag','product-tags','2025-01-21 08:51:21','2025-01-21 08:51:21'),(72,'office',5,'Botble\\Ecommerce\\Models\\ProductTag','product-tags','2025-01-21 08:51:21','2025-01-21 08:51:21'),(73,'it',6,'Botble\\Ecommerce\\Models\\ProductTag','product-tags','2025-01-21 08:51:21','2025-01-21 08:51:21'),(74,'ecommerce',1,'Botble\\Blog\\Models\\Category','blog','2025-01-21 08:51:22','2025-01-21 08:51:24'),(75,'fashion',2,'Botble\\Blog\\Models\\Category','blog','2025-01-21 08:51:22','2025-01-21 08:51:24'),(76,'electronic',3,'Botble\\Blog\\Models\\Category','blog','2025-01-21 08:51:22','2025-01-21 08:51:24'),(77,'commercial',4,'Botble\\Blog\\Models\\Category','blog','2025-01-21 08:51:22','2025-01-21 08:51:24'),(78,'general',1,'Botble\\Blog\\Models\\Tag','tag','2025-01-21 08:51:22','2025-01-21 08:51:22'),(79,'design',2,'Botble\\Blog\\Models\\Tag','tag','2025-01-21 08:51:22','2025-01-21 08:51:22'),(80,'fashion',3,'Botble\\Blog\\Models\\Tag','tag','2025-01-21 08:51:22','2025-01-21 08:51:22'),(81,'branding',4,'Botble\\Blog\\Models\\Tag','tag','2025-01-21 08:51:22','2025-01-21 08:51:22'),(82,'modern',5,'Botble\\Blog\\Models\\Tag','tag','2025-01-21 08:51:22','2025-01-21 08:51:22'),(83,'4-expert-tips-on-how-to-choose-the-right-mens-wallet',1,'Botble\\Blog\\Models\\Post','blog','2025-01-21 08:51:22','2025-01-21 08:51:24'),(84,'sexy-clutches-how-to-buy-wear-a-designer-clutch-bag',2,'Botble\\Blog\\Models\\Post','blog','2025-01-21 08:51:22','2025-01-21 08:51:24'),(85,'the-top-2020-handbag-trends-to-know',3,'Botble\\Blog\\Models\\Post','blog','2025-01-21 08:51:22','2025-01-21 08:51:24'),(86,'how-to-match-the-color-of-your-handbag-with-an-outfit',4,'Botble\\Blog\\Models\\Post','blog','2025-01-21 08:51:22','2025-01-21 08:51:24'),(87,'how-to-care-for-leather-bags',5,'Botble\\Blog\\Models\\Post','blog','2025-01-21 08:51:22','2025-01-21 08:51:24'),(88,'were-crushing-hard-on-summers-10-biggest-bag-trends',6,'Botble\\Blog\\Models\\Post','blog','2025-01-21 08:51:22','2025-01-21 08:51:24'),(89,'essential-qualities-of-highly-successful-music',7,'Botble\\Blog\\Models\\Post','blog','2025-01-21 08:51:22','2025-01-21 08:51:24'),(90,'9-things-i-love-about-shaving-my-head',8,'Botble\\Blog\\Models\\Post','blog','2025-01-21 08:51:22','2025-01-21 08:51:24'),(91,'why-teamwork-really-makes-the-dream-work',9,'Botble\\Blog\\Models\\Post','blog','2025-01-21 08:51:22','2025-01-21 08:51:24'),(92,'the-world-caters-to-average-people',10,'Botble\\Blog\\Models\\Post','blog','2025-01-21 08:51:22','2025-01-21 08:51:24'),(93,'the-litigants-on-the-screen-are-not-actors',11,'Botble\\Blog\\Models\\Post','blog','2025-01-21 08:51:22','2025-01-21 08:51:24'),(94,'home',1,'Botble\\Page\\Models\\Page','','2025-01-21 08:51:23','2025-01-21 08:51:23'),(95,'about-us',2,'Botble\\Page\\Models\\Page','','2025-01-21 08:51:23','2025-01-21 08:51:23'),(96,'terms-of-use',3,'Botble\\Page\\Models\\Page','','2025-01-21 08:51:23','2025-01-21 08:51:23'),(97,'terms-conditions',4,'Botble\\Page\\Models\\Page','','2025-01-21 08:51:23','2025-01-21 08:51:23'),(98,'refund-policy',5,'Botble\\Page\\Models\\Page','','2025-01-21 08:51:23','2025-01-21 08:51:23'),(99,'blog',6,'Botble\\Page\\Models\\Page','','2025-01-21 08:51:23','2025-01-21 08:51:23'),(100,'faqs',7,'Botble\\Page\\Models\\Page','','2025-01-21 08:51:23','2025-01-21 08:51:23'),(101,'contact',8,'Botble\\Page\\Models\\Page','','2025-01-21 08:51:23','2025-01-21 08:51:23'),(102,'cookie-policy',9,'Botble\\Page\\Models\\Page','','2025-01-21 08:51:23','2025-01-21 08:51:23'),(103,'affiliate',10,'Botble\\Page\\Models\\Page','','2025-01-21 08:51:23','2025-01-21 08:51:23'),(104,'career',11,'Botble\\Page\\Models\\Page','','2025-01-21 08:51:23','2025-01-21 08:51:23'),(105,'coming-soon',12,'Botble\\Page\\Models\\Page','','2025-01-21 08:51:23','2025-01-21 08:51:23'),(106,'gopro',1,'Botble\\Marketplace\\Models\\Store','stores','2025-01-21 08:51:26','2025-01-21 08:51:26'),(107,'global-office',2,'Botble\\Marketplace\\Models\\Store','stores','2025-01-21 08:51:26','2025-01-21 08:51:26'),(108,'young-shop',3,'Botble\\Marketplace\\Models\\Store','stores','2025-01-21 08:51:26','2025-01-21 08:51:26'),(109,'global-store',4,'Botble\\Marketplace\\Models\\Store','stores','2025-01-21 08:51:26','2025-01-21 08:51:26'),(110,'dual-camera-20mp-digital',24,'Botble\\Ecommerce\\Models\\Product','products','2025-01-21 08:51:27','2025-01-21 08:51:27'),(111,'dual-camera-20mp-digital',25,'Botble\\Ecommerce\\Models\\Product','products','2025-01-21 08:51:27','2025-01-21 08:51:27'),(112,'dual-camera-20mp-digital',26,'Botble\\Ecommerce\\Models\\Product','products','2025-01-21 08:51:27','2025-01-21 08:51:27'),(113,'smart-watches',27,'Botble\\Ecommerce\\Models\\Product','products','2025-01-21 08:51:27','2025-01-21 08:51:27'),(114,'beat-headphone',28,'Botble\\Ecommerce\\Models\\Product','products','2025-01-21 08:51:27','2025-01-21 08:51:27'),(115,'beat-headphone',29,'Botble\\Ecommerce\\Models\\Product','products','2025-01-21 08:51:27','2025-01-21 08:51:27'),(116,'beat-headphone',30,'Botble\\Ecommerce\\Models\\Product','products','2025-01-21 08:51:27','2025-01-21 08:51:27'),(117,'beat-headphone',31,'Botble\\Ecommerce\\Models\\Product','products','2025-01-21 08:51:27','2025-01-21 08:51:27'),(118,'red-black-headphone',32,'Botble\\Ecommerce\\Models\\Product','products','2025-01-21 08:51:27','2025-01-21 08:51:27'),(119,'red-black-headphone',33,'Botble\\Ecommerce\\Models\\Product','products','2025-01-21 08:51:27','2025-01-21 08:51:27'),(120,'red-black-headphone',34,'Botble\\Ecommerce\\Models\\Product','products','2025-01-21 08:51:27','2025-01-21 08:51:27'),(121,'red-black-headphone',35,'Botble\\Ecommerce\\Models\\Product','products','2025-01-21 08:51:27','2025-01-21 08:51:27'),(122,'smart-watch-external-digital',36,'Botble\\Ecommerce\\Models\\Product','products','2025-01-21 08:51:27','2025-01-21 08:51:27'),(123,'smart-watch-external-digital',37,'Botble\\Ecommerce\\Models\\Product','products','2025-01-21 08:51:27','2025-01-21 08:51:27'),(124,'smart-watch-external-digital',38,'Botble\\Ecommerce\\Models\\Product','products','2025-01-21 08:51:27','2025-01-21 08:51:27'),(125,'nikon-hd-camera',39,'Botble\\Ecommerce\\Models\\Product','products','2025-01-21 08:51:27','2025-01-21 08:51:27'),(126,'nikon-hd-camera',40,'Botble\\Ecommerce\\Models\\Product','products','2025-01-21 08:51:27','2025-01-21 08:51:27'),(127,'nikon-hd-camera',41,'Botble\\Ecommerce\\Models\\Product','products','2025-01-21 08:51:27','2025-01-21 08:51:27'),(128,'nikon-hd-camera',42,'Botble\\Ecommerce\\Models\\Product','products','2025-01-21 08:51:27','2025-01-21 08:51:27'),(129,'audio-equipment',43,'Botble\\Ecommerce\\Models\\Product','products','2025-01-21 08:51:27','2025-01-21 08:51:27'),(130,'audio-equipment',44,'Botble\\Ecommerce\\Models\\Product','products','2025-01-21 08:51:27','2025-01-21 08:51:27'),(131,'smart-televisions',45,'Botble\\Ecommerce\\Models\\Product','products','2025-01-21 08:51:27','2025-01-21 08:51:27'),(132,'smart-televisions',46,'Botble\\Ecommerce\\Models\\Product','products','2025-01-21 08:51:27','2025-01-21 08:51:27'),(133,'samsung-smart-phone-digital',47,'Botble\\Ecommerce\\Models\\Product','products','2025-01-21 08:51:27','2025-01-21 08:51:27'),(134,'samsung-smart-phone-digital',48,'Botble\\Ecommerce\\Models\\Product','products','2025-01-21 08:51:27','2025-01-21 08:51:27'),(135,'samsung-smart-phone-digital',49,'Botble\\Ecommerce\\Models\\Product','products','2025-01-21 08:51:27','2025-01-21 08:51:27'),(136,'herschel-leather-duffle-bag-in-brown-color',50,'Botble\\Ecommerce\\Models\\Product','products','2025-01-21 08:51:27','2025-01-21 08:51:27'),(137,'herschel-leather-duffle-bag-in-brown-color',51,'Botble\\Ecommerce\\Models\\Product','products','2025-01-21 08:51:27','2025-01-21 08:51:27'),(138,'herschel-leather-duffle-bag-in-brown-color',52,'Botble\\Ecommerce\\Models\\Product','products','2025-01-21 08:51:27','2025-01-21 08:51:27'),(139,'xbox-one-wireless-controller-black-color',53,'Botble\\Ecommerce\\Models\\Product','products','2025-01-21 08:51:27','2025-01-21 08:51:27'),(140,'xbox-one-wireless-controller-black-color',54,'Botble\\Ecommerce\\Models\\Product','products','2025-01-21 08:51:27','2025-01-21 08:51:27'),(141,'xbox-one-wireless-controller-black-color',55,'Botble\\Ecommerce\\Models\\Product','products','2025-01-21 08:51:27','2025-01-21 08:51:27'),(142,'xbox-one-wireless-controller-black-color',56,'Botble\\Ecommerce\\Models\\Product','products','2025-01-21 08:51:27','2025-01-21 08:51:27'),(143,'xbox-one-wireless-controller-black-color',57,'Botble\\Ecommerce\\Models\\Product','products','2025-01-21 08:51:27','2025-01-21 08:51:27'),(144,'epsion-plaster-printer',58,'Botble\\Ecommerce\\Models\\Product','products','2025-01-21 08:51:27','2025-01-21 08:51:27'),(145,'epsion-plaster-printer',59,'Botble\\Ecommerce\\Models\\Product','products','2025-01-21 08:51:27','2025-01-21 08:51:27'),(146,'epsion-plaster-printer',60,'Botble\\Ecommerce\\Models\\Product','products','2025-01-21 08:51:27','2025-01-21 08:51:27'),(147,'sound-intone-i65-earphone-white-version-digital',61,'Botble\\Ecommerce\\Models\\Product','products','2025-01-21 08:51:27','2025-01-21 08:51:27'),(148,'bo-play-mini-bluetooth-speaker',62,'Botble\\Ecommerce\\Models\\Product','products','2025-01-21 08:51:27','2025-01-21 08:51:27'),(149,'apple-macbook-air-retina-133-inch-laptop',63,'Botble\\Ecommerce\\Models\\Product','products','2025-01-21 08:51:27','2025-01-21 08:51:27'),(150,'apple-macbook-air-retina-12-inch-laptop',64,'Botble\\Ecommerce\\Models\\Product','products','2025-01-21 08:51:27','2025-01-21 08:51:27'),(151,'apple-macbook-air-retina-12-inch-laptop',65,'Botble\\Ecommerce\\Models\\Product','products','2025-01-21 08:51:27','2025-01-21 08:51:27'),(152,'samsung-gear-vr-virtual-reality-headset-digital',66,'Botble\\Ecommerce\\Models\\Product','products','2025-01-21 08:51:27','2025-01-21 08:51:27'),(153,'samsung-gear-vr-virtual-reality-headset-digital',67,'Botble\\Ecommerce\\Models\\Product','products','2025-01-21 08:51:27','2025-01-21 08:51:27'),(154,'aveeno-moisturizing-body-shower-450ml',68,'Botble\\Ecommerce\\Models\\Product','products','2025-01-21 08:51:27','2025-01-21 08:51:27'),(155,'aveeno-moisturizing-body-shower-450ml',69,'Botble\\Ecommerce\\Models\\Product','products','2025-01-21 08:51:27','2025-01-21 08:51:27'),(156,'aveeno-moisturizing-body-shower-450ml',70,'Botble\\Ecommerce\\Models\\Product','products','2025-01-21 08:51:27','2025-01-21 08:51:27'),(157,'nyx-beauty-couton-pallete-makeup-12',71,'Botble\\Ecommerce\\Models\\Product','products','2025-01-21 08:51:27','2025-01-21 08:51:27'),(158,'nyx-beauty-couton-pallete-makeup-12',72,'Botble\\Ecommerce\\Models\\Product','products','2025-01-21 08:51:27','2025-01-21 08:51:27'),(159,'nyx-beauty-couton-pallete-makeup-12',73,'Botble\\Ecommerce\\Models\\Product','products','2025-01-21 08:51:27','2025-01-21 08:51:27'),(160,'nyx-beauty-couton-pallete-makeup-12',74,'Botble\\Ecommerce\\Models\\Product','products','2025-01-21 08:51:27','2025-01-21 08:51:27'),(161,'nyx-beauty-couton-pallete-makeup-12',75,'Botble\\Ecommerce\\Models\\Product','products','2025-01-21 08:51:27','2025-01-21 08:51:27'),(162,'mvmth-classical-leather-watch-in-black-digital',76,'Botble\\Ecommerce\\Models\\Product','products','2025-01-21 08:51:27','2025-01-21 08:51:27'),(163,'mvmth-classical-leather-watch-in-black-digital',77,'Botble\\Ecommerce\\Models\\Product','products','2025-01-21 08:51:27','2025-01-21 08:51:27'),(164,'mvmth-classical-leather-watch-in-black-digital',78,'Botble\\Ecommerce\\Models\\Product','products','2025-01-21 08:51:27','2025-01-21 08:51:27'),(165,'baxter-care-hair-kit-for-bearded-mens',79,'Botble\\Ecommerce\\Models\\Product','products','2025-01-21 08:51:27','2025-01-21 08:51:27'),(166,'baxter-care-hair-kit-for-bearded-mens',80,'Botble\\Ecommerce\\Models\\Product','products','2025-01-21 08:51:27','2025-01-21 08:51:27'),(167,'baxter-care-hair-kit-for-bearded-mens',81,'Botble\\Ecommerce\\Models\\Product','products','2025-01-21 08:51:27','2025-01-21 08:51:27'),(168,'baxter-care-hair-kit-for-bearded-mens',82,'Botble\\Ecommerce\\Models\\Product','products','2025-01-21 08:51:27','2025-01-21 08:51:27'),(169,'ciate-palemore-lipstick-bold-red-color',83,'Botble\\Ecommerce\\Models\\Product','products','2025-01-21 08:51:27','2025-01-21 08:51:27'),(170,'ciate-palemore-lipstick-bold-red-color',84,'Botble\\Ecommerce\\Models\\Product','products','2025-01-21 08:51:27','2025-01-21 08:51:27'),(171,'ciate-palemore-lipstick-bold-red-color',85,'Botble\\Ecommerce\\Models\\Product','products','2025-01-21 08:51:27','2025-01-21 08:51:27');

--
-- Table structure for table `slugs_translations`
--

CREATE TABLE `slugs_translations` (
  `lang_code` varchar(20) COLLATE utf8mb4_unicode_ci NOT NULL,
  `slugs_id` bigint unsigned NOT NULL,
  `key` varchar(191) COLLATE utf8mb4_unicode_ci DEFAULT NULL,
  `prefix` varchar(120) COLLATE utf8mb4_unicode_ci DEFAULT '',
  PRIMARY KEY (`lang_code`,`slugs_id`)
) ENGINE=InnoDB DEFAULT CHARSET=utf8mb4 COLLATE=utf8mb4_unicode_ci;

--
-- Dumping data for table `slugs_translations`
--


--
-- Table structure for table `states`
--

CREATE TABLE `states` (
  `id` bigint unsigned NOT NULL AUTO_INCREMENT,
  `name` varchar(120) COLLATE utf8mb4_unicode_ci NOT NULL,
  `slug` varchar(120) COLLATE utf8mb4_unicode_ci DEFAULT NULL,
  `abbreviation` varchar(10) COLLATE utf8mb4_unicode_ci DEFAULT NULL,
  `country_id` bigint unsigned DEFAULT NULL,
  `order` tinyint NOT NULL DEFAULT '0',
  `image` varchar(191) COLLATE utf8mb4_unicode_ci DEFAULT NULL,
  `is_default` tinyint unsigned NOT NULL DEFAULT '0',
  `status` varchar(60) COLLATE utf8mb4_unicode_ci NOT NULL DEFAULT 'published',
  `created_at` timestamp NULL DEFAULT NULL,
  `updated_at` timestamp NULL DEFAULT NULL,
  PRIMARY KEY (`id`),
  UNIQUE KEY `states_slug_unique` (`slug`)
) ENGINE=InnoDB DEFAULT CHARSET=utf8mb4 COLLATE=utf8mb4_unicode_ci;

--
-- Dumping data for table `states`
--


--
-- Table structure for table `states_translations`
--

CREATE TABLE `states_translations` (
  `lang_code` varchar(20) COLLATE utf8mb4_unicode_ci NOT NULL,
  `states_id` bigint unsigned NOT NULL,
  `name` varchar(120) COLLATE utf8mb4_unicode_ci DEFAULT NULL,
  `slug` varchar(120) COLLATE utf8mb4_unicode_ci DEFAULT NULL,
  `abbreviation` varchar(10) COLLATE utf8mb4_unicode_ci DEFAULT NULL,
  PRIMARY KEY (`lang_code`,`states_id`)
) ENGINE=InnoDB DEFAULT CHARSET=utf8mb4 COLLATE=utf8mb4_unicode_ci;

--
-- Dumping data for table `states_translations`
--


--
-- Table structure for table `tags`
--

CREATE TABLE `tags` (
  `id` bigint unsigned NOT NULL AUTO_INCREMENT,
  `name` varchar(120) COLLATE utf8mb4_unicode_ci NOT NULL,
  `author_id` bigint unsigned DEFAULT NULL,
  `author_type` varchar(191) COLLATE utf8mb4_unicode_ci NOT NULL,
  `description` varchar(400) COLLATE utf8mb4_unicode_ci DEFAULT NULL,
  `status` varchar(60) COLLATE utf8mb4_unicode_ci NOT NULL DEFAULT 'published',
  `created_at` timestamp NULL DEFAULT NULL,
  `updated_at` timestamp NULL DEFAULT NULL,
  PRIMARY KEY (`id`)
) ENGINE=InnoDB AUTO_INCREMENT=6 DEFAULT CHARSET=utf8mb4 COLLATE=utf8mb4_unicode_ci;

--
-- Dumping data for table `tags`
--

INSERT INTO `tags` VALUES (1,'General',1,'Botble\\ACL\\Models\\User',NULL,'published','2025-01-21 08:51:22','2025-01-21 08:51:22'),(2,'Design',1,'Botble\\ACL\\Models\\User',NULL,'published','2025-01-21 08:51:22','2025-01-21 08:51:22'),(3,'Fashion',1,'Botble\\ACL\\Models\\User',NULL,'published','2025-01-21 08:51:22','2025-01-21 08:51:22'),(4,'Branding',1,'Botble\\ACL\\Models\\User',NULL,'published','2025-01-21 08:51:22','2025-01-21 08:51:22'),(5,'Modern',1,'Botble\\ACL\\Models\\User',NULL,'published','2025-01-21 08:51:22','2025-01-21 08:51:22');

--
-- Table structure for table `tags_translations`
--

CREATE TABLE `tags_translations` (
  `lang_code` varchar(20) COLLATE utf8mb4_unicode_ci NOT NULL,
  `tags_id` bigint unsigned NOT NULL,
  `name` varchar(191) COLLATE utf8mb4_unicode_ci DEFAULT NULL,
  `description` varchar(400) COLLATE utf8mb4_unicode_ci DEFAULT NULL,
  PRIMARY KEY (`lang_code`,`tags_id`)
) ENGINE=InnoDB DEFAULT CHARSET=utf8mb4 COLLATE=utf8mb4_unicode_ci;

--
-- Dumping data for table `tags_translations`
--


--
-- Table structure for table `user_meta`
--

CREATE TABLE `user_meta` (
  `id` bigint unsigned NOT NULL AUTO_INCREMENT,
  `key` varchar(120) COLLATE utf8mb4_unicode_ci DEFAULT NULL,
  `value` text COLLATE utf8mb4_unicode_ci,
  `user_id` bigint unsigned NOT NULL,
  `created_at` timestamp NULL DEFAULT NULL,
  `updated_at` timestamp NULL DEFAULT NULL,
  PRIMARY KEY (`id`),
  KEY `user_meta_user_id_index` (`user_id`)
) ENGINE=InnoDB DEFAULT CHARSET=utf8mb4 COLLATE=utf8mb4_unicode_ci;

--
-- Dumping data for table `user_meta`
--


--
-- Table structure for table `users`
--

CREATE TABLE `users` (
  `id` bigint unsigned NOT NULL AUTO_INCREMENT,
  `email` varchar(191) COLLATE utf8mb4_unicode_ci NOT NULL,
  `email_verified_at` timestamp NULL DEFAULT NULL,
  `password` varchar(120) COLLATE utf8mb4_unicode_ci DEFAULT NULL,
  `remember_token` varchar(100) COLLATE utf8mb4_unicode_ci DEFAULT NULL,
  `created_at` timestamp NULL DEFAULT NULL,
  `updated_at` timestamp NULL DEFAULT NULL,
  `first_name` varchar(120) COLLATE utf8mb4_unicode_ci DEFAULT NULL,
  `last_name` varchar(120) COLLATE utf8mb4_unicode_ci DEFAULT NULL,
  `username` varchar(60) COLLATE utf8mb4_unicode_ci DEFAULT NULL,
  `avatar_id` bigint unsigned DEFAULT NULL,
  `super_user` tinyint(1) NOT NULL DEFAULT '0',
  `manage_supers` tinyint(1) NOT NULL DEFAULT '0',
  `permissions` text COLLATE utf8mb4_unicode_ci,
  `last_login` timestamp NULL DEFAULT NULL,
  PRIMARY KEY (`id`),
  UNIQUE KEY `users_email_unique` (`email`),
  UNIQUE KEY `users_username_unique` (`username`)
) ENGINE=InnoDB AUTO_INCREMENT=2 DEFAULT CHARSET=utf8mb4 COLLATE=utf8mb4_unicode_ci;

--
-- Dumping data for table `users`
--

INSERT INTO `users` VALUES (1,'ava.armstrong@watsica.info',NULL,'$2y$12$CdXBE1X9j4fhisRefdQo1eUNJyzJUQwACacXyB/TnxeiIYQYbPb5y',NULL,'2025-01-21 08:51:21','2025-01-21 08:51:21','Retha','Kuphal','admin',NULL,1,1,NULL,NULL);

--
-- Table structure for table `widgets`
--

CREATE TABLE `widgets` (
  `id` bigint unsigned NOT NULL AUTO_INCREMENT,
  `widget_id` varchar(120) COLLATE utf8mb4_unicode_ci NOT NULL,
  `sidebar_id` varchar(120) COLLATE utf8mb4_unicode_ci NOT NULL,
  `theme` varchar(120) COLLATE utf8mb4_unicode_ci NOT NULL,
  `position` tinyint unsigned NOT NULL DEFAULT '0',
  `data` text COLLATE utf8mb4_unicode_ci,
  `created_at` timestamp NULL DEFAULT NULL,
  `updated_at` timestamp NULL DEFAULT NULL,
  PRIMARY KEY (`id`)
) ENGINE=InnoDB AUTO_INCREMENT=13 DEFAULT CHARSET=utf8mb4 COLLATE=utf8mb4_unicode_ci;

--
-- Dumping data for table `widgets`
--

INSERT INTO `widgets` VALUES (1,'CustomMenuWidget','footer_sidebar','martfury',1,'{\"id\":\"CustomMenuWidget\",\"name\":\"Quick links\",\"menu_id\":\"quick-links\"}','2025-01-21 08:51:24','2025-01-21 08:51:24'),(2,'CustomMenuWidget','footer_sidebar','martfury',2,'{\"id\":\"CustomMenuWidget\",\"name\":\"Company\",\"menu_id\":\"company\"}','2025-01-21 08:51:24','2025-01-21 08:51:24'),(3,'CustomMenuWidget','footer_sidebar','martfury',3,'{\"id\":\"CustomMenuWidget\",\"name\":\"Business\",\"menu_id\":\"business\"}','2025-01-21 08:51:24','2025-01-21 08:51:24'),(4,'BlogSearchWidget','primary_sidebar','martfury',1,'{\"id\":\"BlogSearchWidget\",\"name\":\"Search\"}','2025-01-21 08:51:24','2025-01-21 08:51:24'),(5,'BlogCategoriesWidget','primary_sidebar','martfury',2,'{\"id\":\"BlogCategoriesWidget\",\"name\":\"Categories\"}','2025-01-21 08:51:24','2025-01-21 08:51:24'),(6,'RecentPostsWidget','primary_sidebar','martfury',3,'{\"id\":\"RecentPostsWidget\",\"name\":\"Recent Posts\"}','2025-01-21 08:51:24','2025-01-21 08:51:24'),(7,'TagsWidget','primary_sidebar','martfury',4,'{\"id\":\"TagsWidget\",\"name\":\"Popular Tags\"}','2025-01-21 08:51:24','2025-01-21 08:51:24'),(8,'ProductCategoriesWidget','bottom_footer_sidebar','martfury',1,'{\"id\":\"ProductCategoriesWidget\",\"name\":\"Consumer Electric\",\"categories\":[18,2,3,4,5,6,7]}','2025-01-21 08:51:24','2025-01-21 08:51:24'),(9,'ProductCategoriesWidget','bottom_footer_sidebar','martfury',2,'{\"id\":\"ProductCategoriesWidget\",\"name\":\"Clothing & Apparel\",\"categories\":[8,9,10,11,12]}','2025-01-21 08:51:24','2025-01-21 08:51:24'),(10,'ProductCategoriesWidget','bottom_footer_sidebar','martfury',3,'{\"id\":\"ProductCategoriesWidget\",\"name\":\"Home, Garden & Kitchen\",\"categories\":[13,14,15,16,17]}','2025-01-21 08:51:24','2025-01-21 08:51:24'),(11,'ProductCategoriesWidget','bottom_footer_sidebar','martfury',4,'{\"id\":\"ProductCategoriesWidget\",\"name\":\"Health & Beauty\",\"categories\":[20,21,22,23,24]}','2025-01-21 08:51:24','2025-01-21 08:51:24'),(12,'ProductCategoriesWidget','bottom_footer_sidebar','martfury',5,'{\"id\":\"ProductCategoriesWidget\",\"name\":\"Computer & Technologies\",\"categories\":[25,26,27,28,29,19]}','2025-01-21 08:51:24','2025-01-21 08:51:24');


