--
-- Host: 127.0.0.1    Database: martfury
-- ------------------------------------------------------


--
-- Table structure for table `activations`
--

CREATE TABLE `activations` (
  `id` bigint unsigned NOT NULL AUTO_INCREMENT,
  `user_id` bigint unsigned NOT NULL,
  `code` varchar(120) COLLATE utf8mb4_unicode_ci NOT NULL,
  `completed` tinyint(1) NOT NULL DEFAULT '0',
  `completed_at` timestamp NULL DEFAULT NULL,
  `created_at` timestamp NULL DEFAULT NULL,
  `updated_at` timestamp NULL DEFAULT NULL,
  PRIMARY KEY (`id`),
  KEY `activations_user_id_index` (`user_id`)
) ENGINE=InnoDB AUTO_INCREMENT=2 DEFAULT CHARSET=utf8mb4 COLLATE=utf8mb4_unicode_ci;

--
-- Dumping data for table `activations`
--

INSERT INTO `activations` VALUES (1,1,'h9GqRXBe3bHmI2O5fqdAw9pmsKS89YDb',1,'2025-01-21 08:51:21','2025-01-21 08:51:21','2025-01-21 08:51:21');

--
-- Table structure for table `admin_notifications`
--

CREATE TABLE `admin_notifications` (
  `id` bigint unsigned NOT NULL AUTO_INCREMENT,
  `title` varchar(191) COLLATE utf8mb4_unicode_ci NOT NULL,
  `action_label` varchar(191) COLLATE utf8mb4_unicode_ci DEFAULT NULL,
  `action_url` varchar(191) COLLATE utf8mb4_unicode_ci DEFAULT NULL,
  `description` varchar(400) COLLATE utf8mb4_unicode_ci DEFAULT NULL,
  `read_at` timestamp NULL DEFAULT NULL,
  `created_at` timestamp NULL DEFAULT NULL,
  `updated_at` timestamp NULL DEFAULT NULL,
  `permission` varchar(191) COLLATE utf8mb4_unicode_ci DEFAULT NULL,
  PRIMARY KEY (`id`)
) ENGINE=InnoDB DEFAULT CHARSET=utf8mb4 COLLATE=utf8mb4_unicode_ci;

--
-- Dumping data for table `admin_notifications`
--


--
-- Table structure for table `ads`
--

CREATE TABLE `ads` (
  `id` bigint unsigned NOT NULL AUTO_INCREMENT,
  `name` varchar(191) COLLATE utf8mb4_unicode_ci NOT NULL,
  `expired_at` datetime DEFAULT NULL,
  `location` varchar(120) COLLATE utf8mb4_unicode_ci DEFAULT NULL,
  `key` varchar(120) COLLATE utf8mb4_unicode_ci NOT NULL,
  `image` varchar(191) COLLATE utf8mb4_unicode_ci DEFAULT NULL,
  `url` varchar(191) COLLATE utf8mb4_unicode_ci DEFAULT NULL,
  `clicked` bigint NOT NULL DEFAULT '0',
  `order` int DEFAULT '0',
  `status` varchar(60) COLLATE utf8mb4_unicode_ci NOT NULL DEFAULT 'published',
  `created_at` timestamp NULL DEFAULT NULL,
  `updated_at` timestamp NULL DEFAULT NULL,
  `open_in_new_tab` tinyint(1) NOT NULL DEFAULT '1',
  `tablet_image` varchar(191) COLLATE utf8mb4_unicode_ci DEFAULT NULL,
  `mobile_image` varchar(191) COLLATE utf8mb4_unicode_ci DEFAULT NULL,
  `ads_type` varchar(191) COLLATE utf8mb4_unicode_ci DEFAULT NULL,
  `google_adsense_slot_id` varchar(191) COLLATE utf8mb4_unicode_ci DEFAULT NULL,
  PRIMARY KEY (`id`),
  UNIQUE KEY `ads_key_unique` (`key`)
) ENGINE=InnoDB AUTO_INCREMENT=10 DEFAULT CHARSET=utf8mb4 COLLATE=utf8mb4_unicode_ci;

--
-- Dumping data for table `ads`
--

INSERT INTO `ads` VALUES (1,'Top Slider Image 1','2030-01-21 00:00:00','not_set','VC2C8Q1UGCBG','promotion/1.jpg','/products',0,1,'published','2025-01-21 08:51:24','2025-01-21 08:51:24',1,NULL,NULL,NULL,NULL),(2,'Top Slider Image 2','2030-01-21 00:00:00','not_set','NBDWRXTSVZ8N','promotion/2.jpg','/products',0,2,'published','2025-01-21 08:51:24','2025-01-21 08:51:24',1,NULL,NULL,NULL,NULL),(3,'Homepage middle 1','2030-01-21 00:00:00','not_set','IZ6WU8KUALYD','promotion/3.jpg','/products',0,3,'published','2025-01-21 08:51:24','2025-01-21 08:51:24',1,NULL,NULL,NULL,NULL),(4,'Homepage middle 2','2030-01-21 00:00:00','not_set','ILSFJVYFGCPZ','promotion/4.jpg','/products',0,4,'published','2025-01-21 08:51:24','2025-01-21 08:51:24',1,NULL,NULL,NULL,NULL),(5,'Homepage middle 3','2030-01-21 00:00:00','not_set','ZDOZUZZIU7FT','promotion/5.jpg','/products',0,5,'published','2025-01-21 08:51:24','2025-01-21 08:51:24',1,NULL,NULL,NULL,NULL),(6,'Homepage big 1','2030-01-21 00:00:00','not_set','Q9YDUIC9HSWS','promotion/6.jpg','/products',0,6,'published','2025-01-21 08:51:24','2025-01-21 08:51:24',1,NULL,NULL,NULL,NULL),(7,'Homepage bottom small','2030-01-21 00:00:00','not_set','GZJDQKLTEQTZ','promotion/7.jpg','/products',0,7,'published','2025-01-21 08:51:24','2025-01-21 08:51:24',1,NULL,NULL,NULL,NULL),(8,'Product sidebar','2030-01-21 00:00:00','product-sidebar','FJFEKY2MQUWG','promotion/8.jpg','/products',0,8,'published','2025-01-21 08:51:24','2025-01-21 08:51:24',1,NULL,NULL,NULL,NULL),(9,'Homepage big 2','2030-01-21 00:00:00','not_set','IZ6WU8KUALYE','promotion/9.jpg','/products',0,9,'published','2025-01-21 08:51:24','2025-01-21 08:51:24',1,NULL,NULL,NULL,NULL);

--
-- Table structure for table `ads_translations`
--

CREATE TABLE `ads_translations` (
  `lang_code` varchar(191) COLLATE utf8mb4_unicode_ci NOT NULL,
  `ads_id` bigint unsigned NOT NULL,
  `name` varchar(191) COLLATE utf8mb4_unicode_ci DEFAULT NULL,
  `image` varchar(191) COLLATE utf8mb4_unicode_ci DEFAULT NULL,
  `url` varchar(191) COLLATE utf8mb4_unicode_ci DEFAULT NULL,
  PRIMARY KEY (`lang_code`,`ads_id`)
) ENGINE=InnoDB DEFAULT CHARSET=utf8mb4 COLLATE=utf8mb4_unicode_ci;

--
-- Dumping data for table `ads_translations`
--


--
-- Table structure for table `audit_histories`
--

CREATE TABLE `audit_histories` (
  `id` bigint unsigned NOT NULL AUTO_INCREMENT,
  `user_id` bigint unsigned NOT NULL,
  `module` varchar(60) COLLATE utf8mb4_unicode_ci NOT NULL,
  `request` longtext COLLATE utf8mb4_unicode_ci,
  `action` varchar(120) COLLATE utf8mb4_unicode_ci NOT NULL,
  `user_agent` text COLLATE utf8mb4_unicode_ci,
  `ip_address` varchar(45) COLLATE utf8mb4_unicode_ci DEFAULT NULL,
  `reference_user` bigint unsigned NOT NULL,
  `reference_id` bigint unsigned NOT NULL,
  `reference_name` varchar(191) COLLATE utf8mb4_unicode_ci NOT NULL,
  `type` varchar(20) COLLATE utf8mb4_unicode_ci NOT NULL,
  `created_at` timestamp NULL DEFAULT NULL,
  `updated_at` timestamp NULL DEFAULT NULL,
  PRIMARY KEY (`id`),
  KEY `audit_histories_user_id_index` (`user_id`),
  KEY `audit_histories_module_index` (`module`)
) ENGINE=InnoDB DEFAULT CHARSET=utf8mb4 COLLATE=utf8mb4_unicode_ci;

--
-- Dumping data for table `audit_histories`
--


--
-- Table structure for table `cache`
--

CREATE TABLE `cache` (
  `key` varchar(191) COLLATE utf8mb4_unicode_ci NOT NULL,
  `value` mediumtext COLLATE utf8mb4_unicode_ci NOT NULL,
  `expiration` int NOT NULL,
  PRIMARY KEY (`key`)
) ENGINE=InnoDB DEFAULT CHARSET=utf8mb4 COLLATE=utf8mb4_unicode_ci;

--
-- Dumping data for table `cache`
--


--
-- Table structure for table `cache_locks`
--

CREATE TABLE `cache_locks` (
  `key` varchar(191) COLLATE utf8mb4_unicode_ci NOT NULL,
  `owner` varchar(191) COLLATE utf8mb4_unicode_ci NOT NULL,
  `expiration` int NOT NULL,
  PRIMARY KEY (`key`)
) ENGINE=InnoDB DEFAULT CHARSET=utf8mb4 COLLATE=utf8mb4_unicode_ci;

--
-- Dumping data for table `cache_locks`
--


--
-- Table structure for table `categories`
--

CREATE TABLE `categories` (
  `id` bigint unsigned NOT NULL AUTO_INCREMENT,
  `name` varchar(120) COLLATE utf8mb4_unicode_ci NOT NULL,
  `parent_id` bigint unsigned NOT NULL DEFAULT '0',
  `description` varchar(400) COLLATE utf8mb4_unicode_ci DEFAULT NULL,
  `status` varchar(60) COLLATE utf8mb4_unicode_ci NOT NULL DEFAULT 'published',
  `author_id` bigint unsigned DEFAULT NULL,
  `author_type` varchar(191) COLLATE utf8mb4_unicode_ci NOT NULL DEFAULT 'Botble\\ACL\\Models\\User',
  `icon` varchar(60) COLLATE utf8mb4_unicode_ci DEFAULT NULL,
  `order` int unsigned NOT NULL DEFAULT '0',
  `is_featured` tinyint NOT NULL DEFAULT '0',
  `is_default` tinyint unsigned NOT NULL DEFAULT '0',
  `created_at` timestamp NULL DEFAULT NULL,
  `updated_at` timestamp NULL DEFAULT NULL,
  PRIMARY KEY (`id`),
  KEY `categories_parent_id_index` (`parent_id`),
  KEY `categories_status_index` (`status`),
  KEY `categories_created_at_index` (`created_at`)
) ENGINE=InnoDB AUTO_INCREMENT=5 DEFAULT CHARSET=utf8mb4 COLLATE=utf8mb4_unicode_ci;

--
-- Dumping data for table `categories`
--

INSERT INTO `categories` VALUES (1,'Ecommerce',0,'Et velit nam expedita quas error consequatur. Non et repellendus voluptatum debitis repellendus esse. Quia quidem distinctio veritatis ipsa. Eos tempora quia reiciendis et dolores ab et.','published',1,'Botble\\ACL\\Models\\User',NULL,0,0,1,'2025-01-21 08:51:22','2025-01-21 08:51:22'),(2,'Fashion',0,'Sed natus ea dolore qui natus praesentium qui. Voluptatibus error ab dolorem consectetur dolorem tempore ullam eligendi. Ut ea aliquam nisi ea.','published',1,'Botble\\ACL\\Models\\User',NULL,0,1,0,'2025-01-21 08:51:22','2025-01-21 08:51:22'),(3,'Electronic',0,'Impedit exercitationem dignissimos eos qui quam quidem. Dolorem eum nam deleniti accusantium consectetur. Ducimus non asperiores deserunt ipsa laborum consequatur ex. Quia et consectetur quam sit.','published',1,'Botble\\ACL\\Models\\User',NULL,0,1,0,'2025-01-21 08:51:22','2025-01-21 08:51:22'),(4,'Commercial',0,'Officiis eveniet alias dolor eos. Aliquid veritatis at distinctio similique et. Exercitationem necessitatibus laborum sit vero nesciunt.','published',1,'Botble\\ACL\\Models\\User',NULL,0,1,0,'2025-01-21 08:51:22','2025-01-21 08:51:22');

--
-- Table structure for table `categories_translations`
--

CREATE TABLE `categories_translations` (
  `lang_code` varchar(20) COLLATE utf8mb4_unicode_ci NOT NULL,
  `categories_id` bigint unsigned NOT NULL,
  `name` varchar(191) COLLATE utf8mb4_unicode_ci DEFAULT NULL,
  `description` varchar(400) COLLATE utf8mb4_unicode_ci DEFAULT NULL,
  PRIMARY KEY (`lang_code`,`categories_id`)
) ENGINE=InnoDB DEFAULT CHARSET=utf8mb4 COLLATE=utf8mb4_unicode_ci;

--
-- Dumping data for table `categories_translations`
--


--
-- Table structure for table `cities`
--

CREATE TABLE `cities` (
  `id` bigint unsigned NOT NULL AUTO_INCREMENT,
  `name` varchar(120) COLLATE utf8mb4_unicode_ci NOT NULL,
  `slug` varchar(120) COLLATE utf8mb4_unicode_ci DEFAULT NULL,
  `state_id` bigint unsigned DEFAULT NULL,
  `country_id` bigint unsigned DEFAULT NULL,
  `record_id` varchar(40) COLLATE utf8mb4_unicode_ci DEFAULT NULL,
  `order` tinyint NOT NULL DEFAULT '0',
  `image` varchar(191) COLLATE utf8mb4_unicode_ci DEFAULT NULL,
  `is_default` tinyint unsigned NOT NULL DEFAULT '0',
  `status` varchar(60) COLLATE utf8mb4_unicode_ci NOT NULL DEFAULT 'published',
  `created_at` timestamp NULL DEFAULT NULL,
  `updated_at` timestamp NULL DEFAULT NULL,
  `zip_code` varchar(20) COLLATE utf8mb4_unicode_ci DEFAULT NULL,
  PRIMARY KEY (`id`),
  UNIQUE KEY `cities_slug_unique` (`slug`)
) ENGINE=InnoDB DEFAULT CHARSET=utf8mb4 COLLATE=utf8mb4_unicode_ci;

--
-- Dumping data for table `cities`
--


--
-- Table structure for table `cities_translations`
--

CREATE TABLE `cities_translations` (
  `lang_code` varchar(20) COLLATE utf8mb4_unicode_ci NOT NULL,
  `cities_id` bigint unsigned NOT NULL,
  `name` varchar(120) COLLATE utf8mb4_unicode_ci DEFAULT NULL,
  `slug` varchar(120) COLLATE utf8mb4_unicode_ci DEFAULT NULL,
  PRIMARY KEY (`lang_code`,`cities_id`)
) ENGINE=InnoDB DEFAULT CHARSET=utf8mb4 COLLATE=utf8mb4_unicode_ci;

--
-- Dumping data for table `cities_translations`
--


--
-- Table structure for table `contact_custom_field_options`
--

CREATE TABLE `contact_custom_field_options` (
  `id` bigint unsigned NOT NULL AUTO_INCREMENT,
  `custom_field_id` bigint unsigned NOT NULL,
  `label` varchar(191) COLLATE utf8mb4_unicode_ci DEFAULT NULL,
  `value` varchar(191) COLLATE utf8mb4_unicode_ci NOT NULL,
  `order` int NOT NULL DEFAULT '999',
  `created_at` timestamp NULL DEFAULT NULL,
  `updated_at` timestamp NULL DEFAULT NULL,
  PRIMARY KEY (`id`)
) ENGINE=InnoDB DEFAULT CHARSET=utf8mb4 COLLATE=utf8mb4_unicode_ci;

--
-- Dumping data for table `contact_custom_field_options`
--


--
-- Table structure for table `contact_custom_field_options_translations`
--

CREATE TABLE `contact_custom_field_options_translations` (
  `contact_custom_field_options_id` bigint unsigned NOT NULL,
  `lang_code` varchar(191) COLLATE utf8mb4_unicode_ci NOT NULL,
  `label` varchar(191) COLLATE utf8mb4_unicode_ci DEFAULT NULL,
  `value` varchar(191) COLLATE utf8mb4_unicode_ci DEFAULT NULL,
  PRIMARY KEY (`lang_code`,`contact_custom_field_options_id`)
) ENGINE=InnoDB DEFAULT CHARSET=utf8mb4 COLLATE=utf8mb4_unicode_ci;

--
-- Dumping data for table `contact_custom_field_options_translations`
--


--
-- Table structure for table `contact_custom_fields`
--

CREATE TABLE `contact_custom_fields` (
  `id` bigint unsigned NOT NULL AUTO_INCREMENT,
  `type` varchar(191) COLLATE utf8mb4_unicode_ci NOT NULL,
  `required` tinyint(1) NOT NULL DEFAULT '0',
  `name` varchar(191) COLLATE utf8mb4_unicode_ci NOT NULL,
  `placeholder` varchar(191) COLLATE utf8mb4_unicode_ci DEFAULT NULL,
  `order` int NOT NULL DEFAULT '999',
  `status` varchar(191) COLLATE utf8mb4_unicode_ci NOT NULL DEFAULT 'published',
  `created_at` timestamp NULL DEFAULT NULL,
  `updated_at` timestamp NULL DEFAULT NULL,
  PRIMARY KEY (`id`)
) ENGINE=InnoDB DEFAULT CHARSET=utf8mb4 COLLATE=utf8mb4_unicode_ci;

--
-- Dumping data for table `contact_custom_fields`
--


--
-- Table structure for table `contact_custom_fields_translations`
--

CREATE TABLE `contact_custom_fields_translations` (
  `contact_custom_fields_id` bigint unsigned NOT NULL,
  `lang_code` varchar(191) COLLATE utf8mb4_unicode_ci NOT NULL,
  `name` varchar(191) COLLATE utf8mb4_unicode_ci DEFAULT NULL,
  `placeholder` varchar(191) COLLATE utf8mb4_unicode_ci DEFAULT NULL,
  PRIMARY KEY (`lang_code`,`contact_custom_fields_id`)
) ENGINE=InnoDB DEFAULT CHARSET=utf8mb4 COLLATE=utf8mb4_unicode_ci;

--
-- Dumping data for table `contact_custom_fields_translations`
--


--
-- Table structure for table `contact_replies`
--

CREATE TABLE `contact_replies` (
  `id` bigint unsigned NOT NULL AUTO_INCREMENT,
  `message` longtext COLLATE utf8mb4_unicode_ci NOT NULL,
  `contact_id` bigint unsigned NOT NULL,
  `created_at` timestamp NULL DEFAULT NULL,
  `updated_at` timestamp NULL DEFAULT NULL,
  PRIMARY KEY (`id`)
) ENGINE=InnoDB DEFAULT CHARSET=utf8mb4 COLLATE=utf8mb4_unicode_ci;

--
-- Dumping data for table `contact_replies`
--


--
-- Table structure for table `contacts`
--

CREATE TABLE `contacts` (
  `id` bigint unsigned NOT NULL AUTO_INCREMENT,
  `name` varchar(60) COLLATE utf8mb4_unicode_ci NOT NULL,
  `email` varchar(60) COLLATE utf8mb4_unicode_ci DEFAULT NULL,
  `phone` varchar(60) COLLATE utf8mb4_unicode_ci DEFAULT NULL,
  `address` varchar(120) COLLATE utf8mb4_unicode_ci DEFAULT NULL,
  `subject` varchar(120) COLLATE utf8mb4_unicode_ci DEFAULT NULL,
  `content` longtext COLLATE utf8mb4_unicode_ci NOT NULL,
  `custom_fields` text COLLATE utf8mb4_unicode_ci,
  `status` varchar(60) COLLATE utf8mb4_unicode_ci NOT NULL DEFAULT 'unread',
  `created_at` timestamp NULL DEFAULT NULL,
  `updated_at` timestamp NULL DEFAULT NULL,
  PRIMARY KEY (`id`)
) ENGINE=InnoDB AUTO_INCREMENT=11 DEFAULT CHARSET=utf8mb4 COLLATE=utf8mb4_unicode_ci;

--
-- Dumping data for table `contacts`
--

INSERT INTO `contacts` VALUES (1,'Keith Heidenreich Jr.','shayne69@example.net','+1-770-807-3835','77976 Cathy Harbor\nWest Demarioshire, AK 45550-3731','Velit illo rerum eos. Sed odio totam ut et.','Optio voluptas unde harum. Explicabo quam distinctio nemo et consequuntur qui ut. Quia voluptatem velit recusandae dolorem quibusdam. Sed veritatis aliquam ipsum in tempore. Blanditiis mollitia aperiam ipsa voluptas. Beatae doloremque est occaecati esse accusamus et facere. Perspiciatis qui ut doloremque sequi nihil aut corporis. Voluptas necessitatibus minima qui ipsa voluptatem.',NULL,'read','2025-01-21 08:51:21','2025-01-21 08:51:21'),(2,'Mr. Waylon Fisher III','kwatsica@example.net','+15345296479','9554 Welch Trail\nNew Buster, WY 26542-9909','Aliquam dolores quo esse adipisci.','Voluptates enim blanditiis perferendis ipsa. Ut ea soluta aut quas quae quod. Neque iusto qui impedit enim aliquam. Soluta sint consequatur facere. Totam eius nemo doloremque et nihil alias. Distinctio delectus debitis qui ut optio maiores. Quia et enim architecto dolorum sapiente recusandae quo. Occaecati officia est libero qui. Sit sapiente repellendus accusamus molestias quas. Voluptatem perspiciatis nobis minus sunt tenetur facere et. Est harum ea in placeat ad consequuntur.',NULL,'unread','2025-01-21 08:51:21','2025-01-21 08:51:21'),(3,'Dulce Flatley','gorczany.burnice@example.com','1-531-597-9000','41072 Howe Parkway\nCeasarview, TN 00662','Adipisci maxime et corporis ipsam.','Suscipit nulla totam quaerat voluptas autem autem repudiandae. Aliquid consectetur eos alias fuga. Inventore voluptatem non assumenda non enim amet dolores qui. Dignissimos ea suscipit ea. Ipsam quas officia dolorem nostrum. Iure velit nihil eveniet. Sunt quasi reprehenderit voluptatem reprehenderit ut non. Quia consequuntur molestias voluptatem velit aut provident minima. Velit quia repellat tenetur voluptas. Ut voluptatem rerum commodi in qui sunt repellat.',NULL,'read','2025-01-21 08:51:21','2025-01-21 08:51:21'),(4,'Betsy Hettinger','sydnie.hill@example.net','(701) 549-5052','85778 Myrtie Avenue Suite 067\nNorth Brendon, PA 73001','Quod odit maiores maiores voluptatem incidunt.','A provident non minima vero. Sunt pariatur ea facere. Inventore consequatur sequi architecto veritatis et. In molestiae non ut natus et quia ut. At et illo quia reprehenderit. Perspiciatis quia fugit est est. Quae consequatur voluptate unde nihil consectetur et cupiditate qui. Eligendi sunt quisquam praesentium. Voluptate occaecati magni molestias quam. Maiores hic est aut quaerat aperiam eligendi quos. Ipsam cumque ut cupiditate et quia ut.',NULL,'read','2025-01-21 08:51:21','2025-01-21 08:51:21'),(5,'Neal Stokes','willms.wava@example.org','+1 (405) 358-1054','1646 Alfonzo Fields Apt. 286\nLake Marjoriemouth, AZ 17166-4172','Iusto vitae in omnis itaque et ipsa fugit.','Rem repellat nesciunt voluptatem voluptas. Qui excepturi consequuntur officiis sed sint. Quam accusantium dolorum et vero possimus. Quisquam rerum ratione accusantium aperiam. Asperiores maxime ratione ut itaque voluptatibus similique optio. Aut accusantium quis in excepturi doloribus dolores. Beatae rerum aspernatur aut accusamus nihil est et accusamus. Dicta hic est ab fugiat placeat.',NULL,'read','2025-01-21 08:51:21','2025-01-21 08:51:21'),(6,'Prof. Anais Dare','kelsie83@example.com','551-697-0598','450 Huel Brooks Apt. 188\nAnkundingberg, PA 56309-4860','Distinctio animi voluptatem facere quia.','Cupiditate nostrum nostrum autem quis odio molestiae. Quo laudantium in dicta fugit optio similique accusamus. Pariatur et cumque voluptatem placeat ut sed nihil fugiat. Impedit reiciendis ratione consequatur labore. Delectus maiores hic sunt voluptatem est odit. Et est veritatis unde culpa eum vero qui. Eum occaecati ab error amet vitae eius sunt. Sed beatae earum enim. Mollitia fugit perspiciatis sed eos facilis ut aut.',NULL,'read','2025-01-21 08:51:21','2025-01-21 08:51:21'),(7,'Annabell Sauer','peter11@example.net','+1.629.540.5002','40221 Crist Port\nDarlenetown, MD 43146-0841','Qui reprehenderit sunt beatae aut.','Eum et aspernatur a laborum. Dolores in odit molestiae beatae. Qui nihil id consequuntur facere qui quod. Aut tempora consequuntur officia autem. Aut nisi expedita ullam fugit quia reprehenderit dolores. Ducimus ratione illo incidunt autem maxime. Eum et est dolor sunt aperiam. Adipisci quam et at quia sunt necessitatibus. Quo illum et et aut voluptatum sunt ut. Reiciendis non officia illo sed non. Laborum ab doloremque maxime aliquid autem illum. Harum sequi est aut.',NULL,'read','2025-01-21 08:51:21','2025-01-21 08:51:21'),(8,'Liliana Borer','sydni50@example.net','678.962.8386','80780 Evelyn Place Apt. 476\nSkyeborough, NC 03025','Qui expedita minus consequuntur numquam.','Voluptatem nulla rerum fugit eligendi a. Ut et exercitationem omnis id laboriosam. Voluptas incidunt exercitationem reiciendis dicta molestiae illo. Odio doloribus beatae rerum iusto unde non sint. Ut doloribus quam voluptatem placeat suscipit. Aperiam vero quidem soluta molestiae est fuga sunt quas. Occaecati ut impedit id quidem quidem. Omnis excepturi quasi quia sequi. Officiis similique assumenda dolore quam vel quo. Quos error laboriosam eligendi assumenda eum vel.',NULL,'read','2025-01-21 08:51:21','2025-01-21 08:51:21'),(9,'Shad Smith','kristin38@example.org','212-744-7317','2632 Welch Spring\nWest Trentonborough, TX 25587-8705','Maxime excepturi dolorem pariatur libero ut.','Delectus enim at eveniet et. Quia adipisci alias repudiandae voluptas dolorem delectus et. Nostrum amet modi fugit eum. Quo aperiam natus debitis vitae quae non. Laborum voluptas quia quo veniam consequatur saepe perferendis quis. Laborum laudantium quibusdam laboriosam. Nihil maiores soluta aut atque sint maiores.',NULL,'read','2025-01-21 08:51:21','2025-01-21 08:51:21'),(10,'Yvonne Fisher V','oberbrunner.ines@example.com','541.842.5109','379 Kelly Ford\nClarissafort, KS 96749','Vero voluptatem cupiditate et voluptatem ea sit.','Ipsa asperiores aperiam animi nihil eveniet debitis. Non molestiae velit deleniti. Ipsum provident ut error. Ut nulla nihil eum dolore. Repellendus quisquam cumque ut numquam. Repudiandae sint omnis sit non nihil occaecati. Officia odio occaecati iste eos. Voluptas quia pariatur voluptas consequuntur. Nihil fugit nihil est deserunt.',NULL,'unread','2025-01-21 08:51:21','2025-01-21 08:51:21');

--
-- Table structure for table `countries`
--

CREATE TABLE `countries` (
  `id` bigint unsigned NOT NULL AUTO_INCREMENT,
  `name` varchar(120) COLLATE utf8mb4_unicode_ci NOT NULL,
  `nationality` varchar(120) COLLATE utf8mb4_unicode_ci DEFAULT NULL,
  `order` tinyint NOT NULL DEFAULT '0',
  `image` varchar(191) COLLATE utf8mb4_unicode_ci DEFAULT NULL,
  `is_default` tinyint unsigned NOT NULL DEFAULT '0',
  `status` varchar(60) COLLATE utf8mb4_unicode_ci NOT NULL DEFAULT 'published',
  `created_at` timestamp NULL DEFAULT NULL,
  `updated_at` timestamp NULL DEFAULT NULL,
  `code` varchar(10) COLLATE utf8mb4_unicode_ci DEFAULT NULL,
  PRIMARY KEY (`id`)
) ENGINE=InnoDB DEFAULT CHARSET=utf8mb4 COLLATE=utf8mb4_unicode_ci;

--
-- Dumping data for table `countries`
--


--
-- Table structure for table `countries_translations`
--

CREATE TABLE `countries_translations` (
  `lang_code` varchar(20) COLLATE utf8mb4_unicode_ci NOT NULL,
  `countries_id` bigint unsigned NOT NULL,
  `name` varchar(120) COLLATE utf8mb4_unicode_ci DEFAULT NULL,
  `nationality` varchar(120) COLLATE utf8mb4_unicode_ci DEFAULT NULL,
  PRIMARY KEY (`lang_code`,`countries_id`)
) ENGINE=InnoDB DEFAULT CHARSET=utf8mb4 COLLATE=utf8mb4_unicode_ci;

--
-- Dumping data for table `countries_translations`
--


--
-- Table structure for table `dashboard_widget_settings`
--

CREATE TABLE `dashboard_widget_settings` (
  `id` bigint unsigned NOT NULL AUTO_INCREMENT,
  `settings` text COLLATE utf8mb4_unicode_ci,
  `user_id` bigint unsigned NOT NULL,
  `widget_id` bigint unsigned NOT NULL,
  `order` tinyint unsigned NOT NULL DEFAULT '0',
  `status` tinyint unsigned NOT NULL DEFAULT '1',
  `created_at` timestamp NULL DEFAULT NULL,
  `updated_at` timestamp NULL DEFAULT NULL,
  PRIMARY KEY (`id`),
  KEY `dashboard_widget_settings_user_id_index` (`user_id`),
  KEY `dashboard_widget_settings_widget_id_index` (`widget_id`)
) ENGINE=InnoDB DEFAULT CHARSET=utf8mb4 COLLATE=utf8mb4_unicode_ci;

--
-- Dumping data for table `dashboard_widget_settings`
--


--
-- Table structure for table `dashboard_widgets`
--

CREATE TABLE `dashboard_widgets` (
  `id` bigint unsigned NOT NULL AUTO_INCREMENT,
  `name` varchar(120) COLLATE utf8mb4_unicode_ci NOT NULL,
  `created_at` timestamp NULL DEFAULT NULL,
  `updated_at` timestamp NULL DEFAULT NULL,
  PRIMARY KEY (`id`)
) ENGINE=InnoDB DEFAULT CHARSET=utf8mb4 COLLATE=utf8mb4_unicode_ci;

--
-- Dumping data for table `dashboard_widgets`
--


--
-- Table structure for table `ec_brands`
--

CREATE TABLE `ec_brands` (
  `id` bigint unsigned NOT NULL AUTO_INCREMENT,
  `name` varchar(191) COLLATE utf8mb4_unicode_ci NOT NULL,
  `description` mediumtext COLLATE utf8mb4_unicode_ci,
  `website` varchar(191) COLLATE utf8mb4_unicode_ci DEFAULT NULL,
  `logo` varchar(191) COLLATE utf8mb4_unicode_ci DEFAULT NULL,
  `status` varchar(60) COLLATE utf8mb4_unicode_ci NOT NULL DEFAULT 'published',
  `order` tinyint unsigned NOT NULL DEFAULT '0',
  `is_featured` tinyint unsigned NOT NULL DEFAULT '0',
  `created_at` timestamp NULL DEFAULT NULL,
  `updated_at` timestamp NULL DEFAULT NULL,
  PRIMARY KEY (`id`)
) ENGINE=InnoDB AUTO_INCREMENT=8 DEFAULT CHARSET=utf8mb4 COLLATE=utf8mb4_unicode_ci;

--
-- Dumping data for table `ec_brands`
--

INSERT INTO `ec_brands` VALUES (1,'Fashion live',NULL,NULL,'brands/1.jpg','published',0,1,'2025-01-21 08:51:10','2025-01-21 08:51:10'),(2,'Hand crafted',NULL,NULL,'brands/2.jpg','published',1,1,'2025-01-21 08:51:10','2025-01-21 08:51:10'),(3,'Mestonix',NULL,NULL,'brands/3.jpg','published',2,1,'2025-01-21 08:51:10','2025-01-21 08:51:10'),(4,'Sunshine',NULL,NULL,'brands/4.jpg','published',3,1,'2025-01-21 08:51:10','2025-01-21 08:51:10'),(5,'Pure',NULL,NULL,'brands/5.jpg','published',4,1,'2025-01-21 08:51:10','2025-01-21 08:51:10'),(6,'Anfold',NULL,NULL,'brands/6.jpg','published',5,1,'2025-01-21 08:51:10','2025-01-21 08:51:10'),(7,'Automotive',NULL,NULL,'brands/7.jpg','published',6,1,'2025-01-21 08:51:10','2025-01-21 08:51:10');

--
-- Table structure for table `ec_brands_translations`
--

CREATE TABLE `ec_brands_translations` (
  `lang_code` varchar(191) COLLATE utf8mb4_unicode_ci NOT NULL,
  `ec_brands_id` bigint unsigned NOT NULL,
  `name` varchar(191) COLLATE utf8mb4_unicode_ci DEFAULT NULL,
  `description` mediumtext COLLATE utf8mb4_unicode_ci,
  PRIMARY KEY (`lang_code`,`ec_brands_id`)
) ENGINE=InnoDB DEFAULT CHARSET=utf8mb4 COLLATE=utf8mb4_unicode_ci;

--
-- Dumping data for table `ec_brands_translations`
--


--
-- Table structure for table `ec_cart`
--

CREATE TABLE `ec_cart` (
  `identifier` varchar(60) COLLATE utf8mb4_unicode_ci NOT NULL,
  `instance` varchar(60) COLLATE utf8mb4_unicode_ci NOT NULL,
  `content` longtext COLLATE utf8mb4_unicode_ci NOT NULL,
  `created_at` timestamp NULL DEFAULT NULL,
  `updated_at` timestamp NULL DEFAULT NULL,
  PRIMARY KEY (`identifier`,`instance`)
) ENGINE=InnoDB DEFAULT CHARSET=utf8mb4 COLLATE=utf8mb4_unicode_ci;

--
-- Dumping data for table `ec_cart`
--


--
-- Table structure for table `ec_currencies`
--

CREATE TABLE `ec_currencies` (
  `id` bigint unsigned NOT NULL AUTO_INCREMENT,
  `title` varchar(191) COLLATE utf8mb4_unicode_ci NOT NULL,
  `symbol` varchar(10) COLLATE utf8mb4_unicode_ci NOT NULL,
  `is_prefix_symbol` tinyint unsigned NOT NULL DEFAULT '0',
  `decimals` tinyint unsigned DEFAULT '0',
  `order` int unsigned DEFAULT '0',
  `is_default` tinyint NOT NULL DEFAULT '0',
  `exchange_rate` double NOT NULL DEFAULT '1',
  `created_at` timestamp NULL DEFAULT NULL,
  `updated_at` timestamp NULL DEFAULT NULL,
  PRIMARY KEY (`id`)
) ENGINE=InnoDB AUTO_INCREMENT=5 DEFAULT CHARSET=utf8mb4 COLLATE=utf8mb4_unicode_ci;

--
-- Dumping data for table `ec_currencies`
--

INSERT INTO `ec_currencies` VALUES (1,'USD','$',1,2,0,1,1,'2025-01-21 08:51:10','2025-01-21 08:51:10'),(2,'EUR','€',0,2,1,0,0.84,'2025-01-21 08:51:10','2025-01-21 08:51:10'),(3,'VND','₫',0,0,2,0,23203,'2025-01-21 08:51:10','2025-01-21 08:51:10'),(4,'NGN','₦',1,2,2,0,895.52,'2025-01-21 08:51:10','2025-01-21 08:51:10');

--
-- Table structure for table `ec_customer_addresses`
--

CREATE TABLE `ec_customer_addresses` (
  `id` bigint unsigned NOT NULL AUTO_INCREMENT,
  `name` varchar(191) COLLATE utf8mb4_unicode_ci NOT NULL,
  `email` varchar(60) COLLATE utf8mb4_unicode_ci DEFAULT NULL,
  `phone` varchar(20) COLLATE utf8mb4_unicode_ci DEFAULT NULL,
  `country` varchar(120) COLLATE utf8mb4_unicode_ci DEFAULT NULL,
  `state` varchar(120) COLLATE utf8mb4_unicode_ci DEFAULT NULL,
  `city` varchar(120) COLLATE utf8mb4_unicode_ci DEFAULT NULL,
  `address` varchar(191) COLLATE utf8mb4_unicode_ci DEFAULT NULL,
  `customer_id` bigint unsigned NOT NULL,
  `is_default` tinyint unsigned NOT NULL DEFAULT '0',
  `created_at` timestamp NULL DEFAULT NULL,
  `updated_at` timestamp NULL DEFAULT NULL,
  `zip_code` varchar(20) COLLATE utf8mb4_unicode_ci DEFAULT NULL,
  PRIMARY KEY (`id`)
) ENGINE=InnoDB AUTO_INCREMENT=13 DEFAULT CHARSET=utf8mb4 COLLATE=utf8mb4_unicode_ci;

--
-- Dumping data for table `ec_customer_addresses`
--

INSERT INTO `ec_customer_addresses` VALUES (1,'Liliana Denesik','customer@botble.com','+16013035493','AU','Montana','South Norene','6133 Newton Villages Suite 995',1,1,'2025-01-21 08:51:18','2025-01-21 08:51:18','93592'),(2,'Liliana Denesik','customer@botble.com','+19096398777','MR','Arizona','South Agnesmouth','353 Emmanuelle Road',1,0,'2025-01-21 08:51:18','2025-01-21 08:51:18','92122'),(3,'Eryn Breitenberg','vendor@botble.com','+14248636650','KH','Tennessee','Lake Allan','96316 Botsford Pass',2,1,'2025-01-21 08:51:18','2025-01-21 08:51:18','96844'),(4,'Eryn Breitenberg','vendor@botble.com','+17868269355','VE','Missouri','East Heather','63126 Dayton Fords Apt. 262',2,0,'2025-01-21 08:51:18','2025-01-21 08:51:18','45711'),(5,'Bonnie Lockman','laura.padberg@example.com','+13045347297','JM','West Virginia','Tiahaven','712 Tillman Village',3,1,'2025-01-21 08:51:19','2025-01-21 08:51:19','17121'),(6,'Dr. Doris Sporer','stark.herminia@example.org','+15317210539','NL','Nebraska','Charlieville','45570 Dariana Locks',4,1,'2025-01-21 08:51:19','2025-01-21 08:51:19','04871'),(7,'Veda Reinger','bsatterfield@example.net','+15207822357','VC','North Carolina','Lake Tabitha','431 Mayert Rapid',5,1,'2025-01-21 08:51:19','2025-01-21 08:51:19','67865'),(8,'Francesco Schaefer','cade.tillman@example.com','+14239071076','HN','California','West Ceasarstad','613 Block Meadows',6,1,'2025-01-21 08:51:19','2025-01-21 08:51:19','21556-5786'),(9,'Magdalen Brown','michale79@example.com','+14585478731','KG','Arkansas','Keelingburgh','10962 Bednar Parkway Apt. 576',7,1,'2025-01-21 08:51:20','2025-01-21 08:51:20','56265-1380'),(10,'Stanley Schroeder PhD','runolfsdottir.juana@example.com','+19173561109','JE','South Carolina','North Eloyview','88542 Bergstrom Streets',8,1,'2025-01-21 08:51:20','2025-01-21 08:51:20','14023'),(11,'Angelina Jakubowski','wweimann@example.com','+19406850557','GF','Louisiana','Garlandborough','53095 Arvid Crest',9,1,'2025-01-21 08:51:20','2025-01-21 08:51:20','34307-2268'),(12,'Litzy Grant V','werner02@example.com','+14455286455','AL','Idaho','Arnofurt','573 Carter Flats Apt. 842',10,1,'2025-01-21 08:51:21','2025-01-21 08:51:21','33770');

--
-- Table structure for table `ec_customer_deletion_requests`
--

CREATE TABLE `ec_customer_deletion_requests` (
  `id` bigint unsigned NOT NULL AUTO_INCREMENT,
  `customer_id` bigint unsigned NOT NULL,
  `customer_name` varchar(191) COLLATE utf8mb4_unicode_ci DEFAULT NULL,
  `customer_phone` varchar(191) COLLATE utf8mb4_unicode_ci DEFAULT NULL,
  `customer_email` varchar(191) COLLATE utf8mb4_unicode_ci DEFAULT NULL,
  `token` varchar(191) COLLATE utf8mb4_unicode_ci NOT NULL,
  `status` varchar(50) COLLATE utf8mb4_unicode_ci NOT NULL DEFAULT 'waiting_for_confirmation',
  `reason` text COLLATE utf8mb4_unicode_ci,
  `confirmed_at` datetime DEFAULT NULL,
  `created_at` timestamp NULL DEFAULT NULL,
  `updated_at` timestamp NULL DEFAULT NULL,
  PRIMARY KEY (`id`),
  UNIQUE KEY `ec_customer_deletion_requests_token_unique` (`token`)
) ENGINE=InnoDB DEFAULT CHARSET=utf8mb4 COLLATE=utf8mb4_unicode_ci;

--
-- Dumping data for table `ec_customer_deletion_requests`
--


--
-- Table structure for table `ec_customer_password_resets`
--

CREATE TABLE `ec_customer_password_resets` (
  `email` varchar(191) COLLATE utf8mb4_unicode_ci NOT NULL,
  `token` varchar(191) COLLATE utf8mb4_unicode_ci NOT NULL,
  `created_at` timestamp NULL DEFAULT NULL,
  KEY `ec_customer_password_resets_email_index` (`email`),
  KEY `ec_customer_password_resets_token_index` (`token`)
) ENGINE=InnoDB DEFAULT CHARSET=utf8mb4 COLLATE=utf8mb4_unicode_ci;

--
-- Dumping data for table `ec_customer_password_resets`
--


--
-- Table structure for table `ec_customer_recently_viewed_products`
--

CREATE TABLE `ec_customer_recently_viewed_products` (
  `id` bigint unsigned NOT NULL AUTO_INCREMENT,
  `customer_id` bigint unsigned NOT NULL,
  `product_id` bigint unsigned NOT NULL,
  PRIMARY KEY (`id`)
) ENGINE=InnoDB DEFAULT CHARSET=utf8mb4 COLLATE=utf8mb4_unicode_ci;

--
-- Dumping data for table `ec_customer_recently_viewed_products`
--


--
-- Table structure for table `ec_customer_used_coupons`
--

CREATE TABLE `ec_customer_used_coupons` (
  `discount_id` bigint unsigned NOT NULL,
  `customer_id` bigint unsigned NOT NULL,
  PRIMARY KEY (`discount_id`,`customer_id`)
) ENGINE=InnoDB DEFAULT CHARSET=utf8mb4 COLLATE=utf8mb4_unicode_ci;

--
-- Dumping data for table `ec_customer_used_coupons`
--


--
-- Table structure for table `ec_customers`
--

CREATE TABLE `ec_customers` (
  `id` bigint unsigned NOT NULL AUTO_INCREMENT,
  `name` varchar(191) COLLATE utf8mb4_unicode_ci NOT NULL,
  `email` varchar(191) COLLATE utf8mb4_unicode_ci DEFAULT NULL,
  `password` varchar(191) COLLATE utf8mb4_unicode_ci NOT NULL,
  `avatar` varchar(191) COLLATE utf8mb4_unicode_ci DEFAULT NULL,
  `dob` date DEFAULT NULL,
  `phone` varchar(20) COLLATE utf8mb4_unicode_ci DEFAULT NULL,
  `remember_token` varchar(100) COLLATE utf8mb4_unicode_ci DEFAULT NULL,
  `created_at` timestamp NULL DEFAULT NULL,
  `updated_at` timestamp NULL DEFAULT NULL,
  `confirmed_at` datetime DEFAULT NULL,
  `email_verify_token` varchar(120) COLLATE utf8mb4_unicode_ci DEFAULT NULL,
  `status` varchar(60) COLLATE utf8mb4_unicode_ci NOT NULL DEFAULT 'activated',
  `block_reason` varchar(400) COLLATE utf8mb4_unicode_ci DEFAULT NULL,
  `private_notes` text COLLATE utf8mb4_unicode_ci,
  `is_vendor` tinyint(1) NOT NULL DEFAULT '0',
  `vendor_verified_at` datetime DEFAULT NULL,
  `stripe_account_id` varchar(191) COLLATE utf8mb4_unicode_ci DEFAULT NULL,
  `stripe_account_active` tinyint(1) NOT NULL DEFAULT '0',
  PRIMARY KEY (`id`),
  UNIQUE KEY `ec_customers_email_unique` (`email`)
) ENGINE=InnoDB AUTO_INCREMENT=11 DEFAULT CHARSET=utf8mb4 COLLATE=utf8mb4_unicode_ci;

--
-- Dumping data for table `ec_customers`
--

INSERT INTO `ec_customers` VALUES (1,'Liliana Denesik','customer@botble.com','$2y$12$3NwOUkOMgHOShiiEPTR6rOcsH3FEtBi9isi4Yg/N7zUAvzHmK835O','customers/9.jpg','1991-01-11','+18382815641',NULL,'2025-01-21 08:51:18','2025-01-21 08:51:18','2025-01-21 15:51:18',NULL,'activated',NULL,NULL,0,NULL,NULL,0),(2,'Eryn Breitenberg','vendor@botble.com','$2y$12$OXrpSEexf6tZz7aNxYacbuNjuIrZspJOnkconS7TlHsoFl/hpEjqu','customers/9.jpg','1985-01-18','+14258132961',NULL,'2025-01-21 08:51:18','2025-01-21 08:51:25','2025-01-21 15:51:18',NULL,'activated',NULL,NULL,1,'2025-01-21 15:51:25',NULL,0),(3,'Bonnie Lockman','laura.padberg@example.com','$2y$12$4Od6yUsEU7M1.HQs9QeS2.Kl7aDFKBYZ7DGUzckNWjcItkLvFTmK6','customers/1.jpg','1975-12-24','+12819342520',NULL,'2025-01-21 08:51:19','2025-01-21 08:51:19','2025-01-21 15:51:19',NULL,'activated',NULL,NULL,0,NULL,NULL,0),(4,'Dr. Doris Sporer','stark.herminia@example.org','$2y$12$09MkgAhiwDJ.KYViiJFvKOgP2vUKdrX3b/RvAeGVEVzRrtz3dQTea','customers/2.jpg','1976-01-02','+14429545237',NULL,'2025-01-21 08:51:19','2025-01-21 08:51:19','2025-01-21 15:51:19',NULL,'activated',NULL,NULL,0,NULL,NULL,0),(5,'Veda Reinger','bsatterfield@example.net','$2y$12$ysJENBBcd20ftkszcu6BAujmeYngiSRTWaOefMgHEKLLFAoI39ULy','customers/3.jpg','1999-01-17','+12085073117',NULL,'2025-01-21 08:51:19','2025-01-21 08:51:19','2025-01-21 15:51:19',NULL,'activated',NULL,NULL,0,NULL,NULL,0),(6,'Francesco Schaefer','cade.tillman@example.com','$2y$12$nWV8BW36Q6yiu2PihOr27Ot6/hO16CJNkzgJ3e9san6OKxGhwt3lO','customers/4.jpg','1989-12-29','+12346219686',NULL,'2025-01-21 08:51:19','2025-01-21 08:51:26','2025-01-21 15:51:19',NULL,'activated',NULL,NULL,1,'2025-01-21 15:51:26',NULL,0),(7,'Magdalen Brown','michale79@example.com','$2y$12$o3lGSXpNd/f2ggcMUO.ogOmEAB9Q2cNa2zRDHs.Ui0hScOku01xYq','customers/5.jpg','1993-01-13','+19368541391',NULL,'2025-01-21 08:51:20','2025-01-21 08:51:26','2025-01-21 15:51:20',NULL,'activated',NULL,NULL,1,'2025-01-21 15:51:26',NULL,0),(8,'Stanley Schroeder PhD','runolfsdottir.juana@example.com','$2y$12$QEwfzqy9.LBGb9jmW/QaSO0LGuANQF9JQazwBN7QKPknhLzw3K4rS','customers/6.jpg','1978-01-06','+17378648606',NULL,'2025-01-21 08:51:20','2025-01-21 08:51:26','2025-01-21 15:51:20',NULL,'activated',NULL,NULL,1,'2025-01-21 15:51:26',NULL,0),(9,'Angelina Jakubowski','wweimann@example.com','$2y$12$62tnLHjhuj.Q9xybJ5YvNOeU0H47DuRA7zcJtxkuwa9X9vjrYMKKa','customers/7.jpg','1985-01-07','+18722744684',NULL,'2025-01-21 08:51:20','2025-01-21 08:51:20','2025-01-21 15:51:20',NULL,'activated',NULL,NULL,0,NULL,NULL,0),(10,'Litzy Grant V','werner02@example.com','$2y$12$JrMpXRd.rKLscLRHGI8QzuxQuxGoLofqSfq5gxOjvnwyK5KF1ar8i','customers/8.jpg','1988-01-07','+17654369094',NULL,'2025-01-21 08:51:21','2025-01-21 08:51:21','2025-01-21 15:51:21',NULL,'activated',NULL,NULL,0,NULL,NULL,0);

--
-- Table structure for table `ec_discount_customers`
--

CREATE TABLE `ec_discount_customers` (
  `discount_id` bigint unsigned NOT NULL,
  `customer_id` bigint unsigned NOT NULL,
  PRIMARY KEY (`discount_id`,`customer_id`)
) ENGINE=InnoDB DEFAULT CHARSET=utf8mb4 COLLATE=utf8mb4_unicode_ci;

--
-- Dumping data for table `ec_discount_customers`
--


--
-- Table structure for table `ec_discount_product_categories`
--

CREATE TABLE `ec_discount_product_categories` (
  `discount_id` bigint unsigned NOT NULL,
  `product_category_id` bigint unsigned NOT NULL,
  PRIMARY KEY (`discount_id`,`product_category_id`)
) ENGINE=InnoDB DEFAULT CHARSET=utf8mb4 COLLATE=utf8mb4_unicode_ci;

--
-- Dumping data for table `ec_discount_product_categories`
--


--
-- Table structure for table `ec_discount_product_collections`
--

CREATE TABLE `ec_discount_product_collections` (
  `discount_id` bigint unsigned NOT NULL,
  `product_collection_id` bigint unsigned NOT NULL,
  PRIMARY KEY (`discount_id`,`product_collection_id`)
) ENGINE=InnoDB DEFAULT CHARSET=utf8mb4 COLLATE=utf8mb4_unicode_ci;

--
-- Dumping data for table `ec_discount_product_collections`
--


--
-- Table structure for table `ec_discount_products`
--

CREATE TABLE `ec_discount_products` (
  `discount_id` bigint unsigned NOT NULL,
  `product_id` bigint unsigned NOT NULL,
  PRIMARY KEY (`discount_id`,`product_id`)
) ENGINE=InnoDB DEFAULT CHARSET=utf8mb4 COLLATE=utf8mb4_unicode_ci;

--
-- Dumping data for table `ec_discount_products`
--


--
-- Table structure for table `ec_discounts`
--

CREATE TABLE `ec_discounts` (
  `id` bigint unsigned NOT NULL AUTO_INCREMENT,
  `title` varchar(120) COLLATE utf8mb4_unicode_ci DEFAULT NULL,
  `code` varchar(20) COLLATE utf8mb4_unicode_ci DEFAULT NULL,
  `start_date` datetime DEFAULT NULL,
  `end_date` datetime DEFAULT NULL,
  `quantity` int DEFAULT NULL,
  `total_used` int unsigned NOT NULL DEFAULT '0',
  `value` double DEFAULT NULL,
  `type` varchar(60) COLLATE utf8mb4_unicode_ci DEFAULT 'coupon',
  `can_use_with_promotion` tinyint(1) NOT NULL DEFAULT '0',
  `can_use_with_flash_sale` tinyint(1) NOT NULL DEFAULT '0',
  `discount_on` varchar(20) COLLATE utf8mb4_unicode_ci DEFAULT NULL,
  `product_quantity` int unsigned DEFAULT NULL,
  `type_option` varchar(100) COLLATE utf8mb4_unicode_ci NOT NULL DEFAULT 'amount',
  `target` varchar(100) COLLATE utf8mb4_unicode_ci NOT NULL DEFAULT 'all-orders',
  `min_order_price` decimal(15,2) DEFAULT NULL,
  `apply_via_url` tinyint(1) NOT NULL DEFAULT '0',
  `display_at_checkout` tinyint(1) NOT NULL DEFAULT '0',
  `created_at` timestamp NULL DEFAULT NULL,
  `updated_at` timestamp NULL DEFAULT NULL,
  `description` varchar(400) COLLATE utf8mb4_unicode_ci DEFAULT NULL,
  `store_id` bigint unsigned DEFAULT NULL,
  PRIMARY KEY (`id`),
  UNIQUE KEY `ec_discounts_code_unique` (`code`)
) ENGINE=InnoDB DEFAULT CHARSET=utf8mb4 COLLATE=utf8mb4_unicode_ci;

--
-- Dumping data for table `ec_discounts`
--


--
-- Table structure for table `ec_flash_sale_products`
--

CREATE TABLE `ec_flash_sale_products` (
  `flash_sale_id` bigint unsigned NOT NULL,
  `product_id` bigint unsigned NOT NULL,
  `price` double unsigned DEFAULT NULL,
  `quantity` int unsigned DEFAULT NULL,
  `sold` int unsigned NOT NULL DEFAULT '0'
) ENGINE=InnoDB DEFAULT CHARSET=utf8mb4 COLLATE=utf8mb4_unicode_ci;

--
-- Dumping data for table `ec_flash_sale_products`
--

INSERT INTO `ec_flash_sale_products` VALUES (1,1,40.125,20,3),(1,2,22.68,8,5),(1,3,9.8,11,5),(1,4,227.04,6,5),(1,5,284.31,16,3),(1,6,449.1,10,4),(1,7,425.58,19,2),(1,8,953.9376,11,4),(1,9,251.24,6,5),(1,10,407.75,8,2);

--
-- Table structure for table `ec_flash_sales`
--

CREATE TABLE `ec_flash_sales` (
  `id` bigint unsigned NOT NULL AUTO_INCREMENT,
  `name` varchar(191) COLLATE utf8mb4_unicode_ci NOT NULL,
  `end_date` datetime NOT NULL,
  `status` varchar(60) COLLATE utf8mb4_unicode_ci NOT NULL DEFAULT 'published',
  `created_at` timestamp NULL DEFAULT NULL,
  `updated_at` timestamp NULL DEFAULT NULL,
  PRIMARY KEY (`id`)
) ENGINE=InnoDB AUTO_INCREMENT=2 DEFAULT CHARSET=utf8mb4 COLLATE=utf8mb4_unicode_ci;

--
-- Dumping data for table `ec_flash_sales`
--

INSERT INTO `ec_flash_sales` VALUES (1,'Winter Sale','2025-02-20 00:00:00','published','2025-01-21 08:51:21','2025-01-21 08:51:21');

--
-- Table structure for table `ec_flash_sales_translations`
--

CREATE TABLE `ec_flash_sales_translations` (
  `lang_code` varchar(191) COLLATE utf8mb4_unicode_ci NOT NULL,
  `ec_flash_sales_id` bigint unsigned NOT NULL,
  `name` varchar(191) COLLATE utf8mb4_unicode_ci DEFAULT NULL,
  PRIMARY KEY (`lang_code`,`ec_flash_sales_id`)
) ENGINE=InnoDB DEFAULT CHARSET=utf8mb4 COLLATE=utf8mb4_unicode_ci;

--
-- Dumping data for table `ec_flash_sales_translations`
--


--
-- Table structure for table `ec_global_option_value`
--

CREATE TABLE `ec_global_option_value` (
  `id` bigint unsigned NOT NULL AUTO_INCREMENT,
  `option_id` bigint unsigned NOT NULL COMMENT 'option id',
  `option_value` tinytext COLLATE utf8mb4_unicode_ci COMMENT 'option value',
  `affect_price` double DEFAULT NULL COMMENT 'value of price of this option affect',
  `order` int NOT NULL DEFAULT '9999',
  `affect_type` tinyint NOT NULL DEFAULT '0' COMMENT '0. fixed 1. percent',
  `created_at` timestamp NULL DEFAULT NULL,
  `updated_at` timestamp NULL DEFAULT NULL,
  PRIMARY KEY (`id`)
) ENGINE=InnoDB AUTO_INCREMENT=13 DEFAULT CHARSET=utf8mb4 COLLATE=utf8mb4_unicode_ci;

--
-- Dumping data for table `ec_global_option_value`
--

INSERT INTO `ec_global_option_value` VALUES (1,1,'1 Year',0,9999,0,'2025-01-21 08:51:24','2025-01-21 08:51:24'),(2,1,'2 Year',10,9999,0,'2025-01-21 08:51:24','2025-01-21 08:51:24'),(3,1,'3 Year',20,9999,0,'2025-01-21 08:51:24','2025-01-21 08:51:24'),(4,2,'4GB',0,9999,0,'2025-01-21 08:51:24','2025-01-21 08:51:24'),(5,2,'8GB',10,9999,0,'2025-01-21 08:51:24','2025-01-21 08:51:24'),(6,2,'16GB',20,9999,0,'2025-01-21 08:51:24','2025-01-21 08:51:24'),(7,3,'Core i5',0,9999,0,'2025-01-21 08:51:24','2025-01-21 08:51:24'),(8,3,'Core i7',10,9999,0,'2025-01-21 08:51:24','2025-01-21 08:51:24'),(9,3,'Core i9',20,9999,0,'2025-01-21 08:51:24','2025-01-21 08:51:24'),(10,4,'128GB',0,9999,0,'2025-01-21 08:51:24','2025-01-21 08:51:24'),(11,4,'256GB',10,9999,0,'2025-01-21 08:51:24','2025-01-21 08:51:24'),(12,4,'512GB',20,9999,0,'2025-01-21 08:51:25','2025-01-21 08:51:25');

--
-- Table structure for table `ec_global_option_value_translations`
--

CREATE TABLE `ec_global_option_value_translations` (
  `lang_code` varchar(191) COLLATE utf8mb4_unicode_ci NOT NULL,
  `ec_global_option_value_id` bigint unsigned NOT NULL,
  `option_value` varchar(191) COLLATE utf8mb4_unicode_ci DEFAULT NULL,
  PRIMARY KEY (`lang_code`,`ec_global_option_value_id`)
) ENGINE=InnoDB DEFAULT CHARSET=utf8mb4 COLLATE=utf8mb4_unicode_ci;

--
-- Dumping data for table `ec_global_option_value_translations`
--


--
-- Table structure for table `ec_global_options`
--

CREATE TABLE `ec_global_options` (
  `id` bigint unsigned NOT NULL AUTO_INCREMENT,
  `name` varchar(191) COLLATE utf8mb4_unicode_ci NOT NULL COMMENT 'Name of options',
  `option_type` varchar(191) COLLATE utf8mb4_unicode_ci NOT NULL COMMENT 'option type',
  `required` tinyint(1) NOT NULL DEFAULT '0' COMMENT 'Checked if this option is required',
  `created_at` timestamp NULL DEFAULT NULL,
  `updated_at` timestamp NULL DEFAULT NULL,
  PRIMARY KEY (`id`)
) ENGINE=InnoDB AUTO_INCREMENT=5 DEFAULT CHARSET=utf8mb4 COLLATE=utf8mb4_unicode_ci;

--
-- Dumping data for table `ec_global_options`
--

INSERT INTO `ec_global_options` VALUES (1,'Warranty','Botble\\Ecommerce\\Option\\OptionType\\RadioButton',1,'2025-01-21 08:51:24','2025-01-21 08:51:24'),(2,'RAM','Botble\\Ecommerce\\Option\\OptionType\\RadioButton',1,'2025-01-21 08:51:24','2025-01-21 08:51:24'),(3,'CPU','Botble\\Ecommerce\\Option\\OptionType\\RadioButton',1,'2025-01-21 08:51:24','2025-01-21 08:51:24'),(4,'HDD','Botble\\Ecommerce\\Option\\OptionType\\Dropdown',0,'2025-01-21 08:51:24','2025-01-21 08:51:24');

--
-- Table structure for table `ec_global_options_translations`
--

CREATE TABLE `ec_global_options_translations` (
  `lang_code` varchar(191) COLLATE utf8mb4_unicode_ci NOT NULL,
  `ec_global_options_id` bigint unsigned NOT NULL,
  `name` varchar(191) COLLATE utf8mb4_unicode_ci DEFAULT NULL,
  PRIMARY KEY (`lang_code`,`ec_global_options_id`)
) ENGINE=InnoDB DEFAULT CHARSET=utf8mb4 COLLATE=utf8mb4_unicode_ci;

--
-- Dumping data for table `ec_global_options_translations`
--


--
-- Table structure for table `ec_grouped_products`
--

CREATE TABLE `ec_grouped_products` (
  `id` bigint unsigned NOT NULL AUTO_INCREMENT,
  `parent_product_id` bigint unsigned NOT NULL,
  `product_id` bigint unsigned NOT NULL,
  `fixed_qty` int NOT NULL DEFAULT '1',
  PRIMARY KEY (`id`)
) ENGINE=InnoDB DEFAULT CHARSET=utf8mb4 COLLATE=utf8mb4_unicode_ci;

--
-- Dumping data for table `ec_grouped_products`
--


--
-- Table structure for table `ec_invoice_items`
--

CREATE TABLE `ec_invoice_items` (
  `id` bigint unsigned NOT NULL AUTO_INCREMENT,
  `invoice_id` bigint unsigned NOT NULL,
  `reference_type` varchar(191) COLLATE utf8mb4_unicode_ci NOT NULL,
  `reference_id` bigint unsigned NOT NULL,
  `name` varchar(191) COLLATE utf8mb4_unicode_ci NOT NULL,
  `description` varchar(400) COLLATE utf8mb4_unicode_ci DEFAULT NULL,
  `image` varchar(191) COLLATE utf8mb4_unicode_ci DEFAULT NULL,
  `qty` int unsigned NOT NULL,
  `price` decimal(15,2) NOT NULL DEFAULT '0.00',
  `sub_total` decimal(15,2) unsigned NOT NULL,
  `tax_amount` decimal(15,2) unsigned NOT NULL DEFAULT '0.00',
  `discount_amount` decimal(15,2) unsigned NOT NULL DEFAULT '0.00',
  `amount` decimal(15,2) unsigned NOT NULL,
  `options` text COLLATE utf8mb4_unicode_ci,
  `created_at` timestamp NULL DEFAULT NULL,
  `updated_at` timestamp NULL DEFAULT NULL,
  PRIMARY KEY (`id`),
  KEY `ec_invoice_items_reference_type_reference_id_index` (`reference_type`,`reference_id`)
) ENGINE=InnoDB DEFAULT CHARSET=utf8mb4 COLLATE=utf8mb4_unicode_ci;

--
-- Dumping data for table `ec_invoice_items`
--


--
-- Table structure for table `ec_invoices`
--

CREATE TABLE `ec_invoices` (
  `id` bigint unsigned NOT NULL AUTO_INCREMENT,
  `reference_type` varchar(191) COLLATE utf8mb4_unicode_ci NOT NULL,
  `reference_id` bigint unsigned NOT NULL,
  `code` varchar(191) COLLATE utf8mb4_unicode_ci NOT NULL,
  `customer_name` varchar(191) COLLATE utf8mb4_unicode_ci DEFAULT NULL,
  `company_name` varchar(191) COLLATE utf8mb4_unicode_ci DEFAULT NULL,
  `company_logo` varchar(191) COLLATE utf8mb4_unicode_ci DEFAULT NULL,
  `customer_email` varchar(191) COLLATE utf8mb4_unicode_ci DEFAULT NULL,
  `customer_phone` varchar(191) COLLATE utf8mb4_unicode_ci DEFAULT NULL,
  `customer_address` varchar(191) COLLATE utf8mb4_unicode_ci DEFAULT NULL,
  `customer_tax_id` varchar(191) COLLATE utf8mb4_unicode_ci DEFAULT NULL,
  `sub_total` decimal(15,2) unsigned NOT NULL,
  `tax_amount` decimal(15,2) unsigned NOT NULL DEFAULT '0.00',
  `shipping_amount` decimal(15,2) unsigned NOT NULL DEFAULT '0.00',
  `discount_amount` decimal(15,2) unsigned NOT NULL DEFAULT '0.00',
  `shipping_option` varchar(60) COLLATE utf8mb4_unicode_ci DEFAULT NULL,
  `shipping_method` varchar(60) COLLATE utf8mb4_unicode_ci NOT NULL DEFAULT 'default',
  `coupon_code` varchar(120) COLLATE utf8mb4_unicode_ci DEFAULT NULL,
  `discount_description` varchar(191) COLLATE utf8mb4_unicode_ci DEFAULT NULL,
  `amount` decimal(15,2) unsigned NOT NULL,
  `description` text COLLATE utf8mb4_unicode_ci,
  `payment_id` bigint unsigned DEFAULT NULL,
  `status` varchar(191) COLLATE utf8mb4_unicode_ci NOT NULL DEFAULT 'pending',
  `paid_at` timestamp NULL DEFAULT NULL,
  `created_at` timestamp NULL DEFAULT NULL,
  `updated_at` timestamp NULL DEFAULT NULL,
  PRIMARY KEY (`id`),
  UNIQUE KEY `ec_invoices_code_unique` (`code`),
  KEY `ec_invoices_reference_type_reference_id_index` (`reference_type`,`reference_id`),
  KEY `ec_invoices_payment_id_index` (`payment_id`),
  KEY `ec_invoices_status_index` (`status`)
) ENGINE=InnoDB DEFAULT CHARSET=utf8mb4 COLLATE=utf8mb4_unicode_ci;

--
-- Dumping data for table `ec_invoices`
--


--
-- Table structure for table `ec_option_value`
--

CREATE TABLE `ec_option_value` (
  `id` bigint unsigned NOT NULL AUTO_INCREMENT,
  `option_id` bigint unsigned NOT NULL COMMENT 'option id',
  `option_value` tinytext COLLATE utf8mb4_unicode_ci COMMENT 'option value',
  `affect_price` double DEFAULT NULL COMMENT 'value of price of this option affect',
  `order` int NOT NULL DEFAULT '9999',
  `affect_type` tinyint NOT NULL DEFAULT '0' COMMENT '0. fixed 1. percent',
  `created_at` timestamp NULL DEFAULT NULL,
  `updated_at` timestamp NULL DEFAULT NULL,
  PRIMARY KEY (`id`)
) ENGINE=InnoDB DEFAULT CHARSET=utf8mb4 COLLATE=utf8mb4_unicode_ci;

--
-- Dumping data for table `ec_option_value`
--


--
-- Table structure for table `ec_option_value_translations`
--

CREATE TABLE `ec_option_value_translations` (
  `lang_code` varchar(191) COLLATE utf8mb4_unicode_ci NOT NULL,
  `ec_option_value_id` bigint unsigned NOT NULL,
  `option_value` varchar(191) COLLATE utf8mb4_unicode_ci DEFAULT NULL,
  PRIMARY KEY (`lang_code`,`ec_option_value_id`)
) ENGINE=InnoDB DEFAULT CHARSET=utf8mb4 COLLATE=utf8mb4_unicode_ci;

--
-- Dumping data for table `ec_option_value_translations`
--


--
-- Table structure for table `ec_options`
--

CREATE TABLE `ec_options` (
  `id` bigint unsigned NOT NULL AUTO_INCREMENT,
  `name` varchar(191) COLLATE utf8mb4_unicode_ci NOT NULL COMMENT 'Name of options',
  `option_type` varchar(191) COLLATE utf8mb4_unicode_ci DEFAULT NULL COMMENT 'option type',
  `product_id` bigint unsigned NOT NULL DEFAULT '0',
  `order` int NOT NULL DEFAULT '9999',
  `required` tinyint(1) NOT NULL DEFAULT '0' COMMENT 'Checked if this option is required',
  `created_at` timestamp NULL DEFAULT NULL,
  `updated_at` timestamp NULL DEFAULT NULL,
  PRIMARY KEY (`id`)
) ENGINE=InnoDB DEFAULT CHARSET=utf8mb4 COLLATE=utf8mb4_unicode_ci;

--
-- Dumping data for table `ec_options`
--


--
-- Table structure for table `ec_options_translations`
--

CREATE TABLE `ec_options_translations` (
  `lang_code` varchar(191) COLLATE utf8mb4_unicode_ci NOT NULL,
  `ec_options_id` bigint unsigned NOT NULL,
  `name` varchar(191) COLLATE utf8mb4_unicode_ci DEFAULT NULL,
  PRIMARY KEY (`lang_code`,`ec_options_id`)
) ENGINE=InnoDB DEFAULT CHARSET=utf8mb4 COLLATE=utf8mb4_unicode_ci;

--
-- Dumping data for table `ec_options_translations`
--


--
-- Table structure for table `ec_order_addresses`
--

CREATE TABLE `ec_order_addresses` (
  `id` bigint unsigned NOT NULL AUTO_INCREMENT,
  `name` varchar(191) COLLATE utf8mb4_unicode_ci NOT NULL,
  `phone` varchar(20) COLLATE utf8mb4_unicode_ci DEFAULT NULL,
  `email` varchar(191) COLLATE utf8mb4_unicode_ci DEFAULT NULL,
  `country` varchar(120) COLLATE utf8mb4_unicode_ci DEFAULT NULL,
  `state` varchar(120) COLLATE utf8mb4_unicode_ci DEFAULT NULL,
  `city` varchar(120) COLLATE utf8mb4_unicode_ci DEFAULT NULL,
  `address` varchar(191) COLLATE utf8mb4_unicode_ci DEFAULT NULL,
  `order_id` bigint unsigned NOT NULL,
  `zip_code` varchar(20) COLLATE utf8mb4_unicode_ci DEFAULT NULL,
  `type` varchar(60) COLLATE utf8mb4_unicode_ci NOT NULL DEFAULT 'shipping_address',
  PRIMARY KEY (`id`)
) ENGINE=InnoDB DEFAULT CHARSET=utf8mb4 COLLATE=utf8mb4_unicode_ci;

--
-- Dumping data for table `ec_order_addresses`
--


--
-- Table structure for table `ec_order_histories`
--

CREATE TABLE `ec_order_histories` (
  `id` bigint unsigned NOT NULL AUTO_INCREMENT,
  `action` varchar(120) COLLATE utf8mb4_unicode_ci NOT NULL,
  `description` varchar(400) COLLATE utf8mb4_unicode_ci DEFAULT NULL,
  `user_id` bigint unsigned DEFAULT NULL,
  `order_id` bigint unsigned NOT NULL,
  `extras` text COLLATE utf8mb4_unicode_ci,
  `created_at` timestamp NULL DEFAULT NULL,
  `updated_at` timestamp NULL DEFAULT NULL,
  PRIMARY KEY (`id`)
) ENGINE=InnoDB DEFAULT CHARSET=utf8mb4 COLLATE=utf8mb4_unicode_ci;

--
-- Dumping data for table `ec_order_histories`
--


--
-- Table structure for table `ec_order_product`
--

CREATE TABLE `ec_order_product` (
  `id` bigint unsigned NOT NULL AUTO_INCREMENT,
  `order_id` bigint unsigned NOT NULL,
  `qty` int NOT NULL,
  `price` decimal(15,2) NOT NULL,
  `tax_amount` decimal(15,2) NOT NULL,
  `options` text COLLATE utf8mb4_unicode_ci,
  `product_options` text COLLATE utf8mb4_unicode_ci COMMENT 'product option data',
  `product_id` bigint unsigned DEFAULT NULL,
  `product_name` varchar(191) COLLATE utf8mb4_unicode_ci NOT NULL,
  `product_image` varchar(191) COLLATE utf8mb4_unicode_ci DEFAULT NULL,
  `weight` double DEFAULT '0',
  `restock_quantity` int unsigned DEFAULT '0',
  `created_at` timestamp NULL DEFAULT NULL,
  `updated_at` timestamp NULL DEFAULT NULL,
  `product_type` varchar(60) COLLATE utf8mb4_unicode_ci NOT NULL DEFAULT 'physical',
  `times_downloaded` int NOT NULL DEFAULT '0',
  `license_code` char(36) COLLATE utf8mb4_unicode_ci DEFAULT NULL,
  `downloaded_at` timestamp NULL DEFAULT NULL,
  PRIMARY KEY (`id`)
) ENGINE=InnoDB DEFAULT CHARSET=utf8mb4 COLLATE=utf8mb4_unicode_ci;

--
-- Dumping data for table `ec_order_product`
--


--
-- Table structure for table `ec_order_referrals`
--

CREATE TABLE `ec_order_referrals` (
  `id` bigint unsigned NOT NULL AUTO_INCREMENT,
  `ip` varchar(39) COLLATE utf8mb4_unicode_ci DEFAULT NULL,
  `landing_domain` varchar(191) COLLATE utf8mb4_unicode_ci DEFAULT NULL,
  `landing_page` varchar(191) COLLATE utf8mb4_unicode_ci DEFAULT NULL,
  `landing_params` varchar(191) COLLATE utf8mb4_unicode_ci DEFAULT NULL,
  `referral` varchar(191) COLLATE utf8mb4_unicode_ci DEFAULT NULL,
  `gclid` varchar(191) COLLATE utf8mb4_unicode_ci DEFAULT NULL,
  `fclid` varchar(191) COLLATE utf8mb4_unicode_ci DEFAULT NULL,
  `utm_source` varchar(191) COLLATE utf8mb4_unicode_ci DEFAULT NULL,
  `utm_campaign` varchar(191) COLLATE utf8mb4_unicode_ci DEFAULT NULL,
  `utm_medium` varchar(191) COLLATE utf8mb4_unicode_ci DEFAULT NULL,
  `utm_term` varchar(191) COLLATE utf8mb4_unicode_ci DEFAULT NULL,
  `utm_content` varchar(191) COLLATE utf8mb4_unicode_ci DEFAULT NULL,
  `referrer_url` text COLLATE utf8mb4_unicode_ci,
  `referrer_domain` varchar(191) COLLATE utf8mb4_unicode_ci DEFAULT NULL,
  `order_id` bigint unsigned DEFAULT NULL,
  `created_at` timestamp NULL DEFAULT NULL,
  `updated_at` timestamp NULL DEFAULT NULL,
  PRIMARY KEY (`id`),
  KEY `ec_order_referrals_order_id_index` (`order_id`)
) ENGINE=InnoDB DEFAULT CHARSET=utf8mb4 COLLATE=utf8mb4_unicode_ci;

--
-- Dumping data for table `ec_order_referrals`
--


--
-- Table structure for table `ec_order_return_histories`
--

CREATE TABLE `ec_order_return_histories` (
  `id` bigint unsigned NOT NULL AUTO_INCREMENT,
  `user_id` bigint unsigned DEFAULT NULL,
  `order_return_id` bigint unsigned NOT NULL,
  `action` varchar(191) COLLATE utf8mb4_unicode_ci NOT NULL,
  `description` varchar(400) COLLATE utf8mb4_unicode_ci DEFAULT NULL,
  `reason` varchar(191) COLLATE utf8mb4_unicode_ci DEFAULT NULL,
  `created_at` timestamp NULL DEFAULT NULL,
  `updated_at` timestamp NULL DEFAULT NULL,
  PRIMARY KEY (`id`)
) ENGINE=InnoDB DEFAULT CHARSET=utf8mb4 COLLATE=utf8mb4_unicode_ci;

--
-- Dumping data for table `ec_order_return_histories`
--


--
-- Table structure for table `ec_order_return_items`
--

CREATE TABLE `ec_order_return_items` (
  `id` bigint unsigned NOT NULL AUTO_INCREMENT,
  `order_return_id` bigint unsigned NOT NULL COMMENT 'Order return id',
  `order_product_id` bigint unsigned NOT NULL COMMENT 'Order product id',
  `product_id` bigint unsigned NOT NULL COMMENT 'Product id',
  `product_name` varchar(191) COLLATE utf8mb4_unicode_ci NOT NULL,
  `product_image` varchar(191) COLLATE utf8mb4_unicode_ci DEFAULT NULL,
  `qty` int NOT NULL COMMENT 'Quantity return',
  `price` decimal(15,2) NOT NULL COMMENT 'Price Product',
  `reason` text COLLATE utf8mb4_unicode_ci,
  `created_at` timestamp NULL DEFAULT NULL,
  `updated_at` timestamp NULL DEFAULT NULL,
  `refund_amount` decimal(12,2) DEFAULT '0.00',
  PRIMARY KEY (`id`)
) ENGINE=InnoDB DEFAULT CHARSET=utf8mb4 COLLATE=utf8mb4_unicode_ci;

--
-- Dumping data for table `ec_order_return_items`
--


--
-- Table structure for table `ec_order_returns`
--

CREATE TABLE `ec_order_returns` (
  `id` bigint unsigned NOT NULL AUTO_INCREMENT,
  `code` varchar(191) COLLATE utf8mb4_unicode_ci DEFAULT NULL,
  `order_id` bigint unsigned NOT NULL COMMENT 'Order ID',
  `store_id` bigint unsigned DEFAULT NULL COMMENT 'Store ID',
  `user_id` bigint unsigned NOT NULL COMMENT 'Customer ID',
  `reason` text COLLATE utf8mb4_unicode_ci COMMENT 'Reason return order',
  `order_status` varchar(191) COLLATE utf8mb4_unicode_ci DEFAULT NULL COMMENT 'Order current status',
  `return_status` varchar(191) COLLATE utf8mb4_unicode_ci NOT NULL COMMENT 'Return status',
  `created_at` timestamp NULL DEFAULT NULL,
  `updated_at` timestamp NULL DEFAULT NULL,
  PRIMARY KEY (`id`),
  UNIQUE KEY `ec_order_returns_code_unique` (`code`)
) ENGINE=InnoDB DEFAULT CHARSET=utf8mb4 COLLATE=utf8mb4_unicode_ci;

--
-- Dumping data for table `ec_order_returns`
--


--
-- Table structure for table `ec_order_tax_information`
--

CREATE TABLE `ec_order_tax_information` (
  `id` bigint unsigned NOT NULL AUTO_INCREMENT,
  `order_id` bigint unsigned NOT NULL,
  `company_name` varchar(120) COLLATE utf8mb4_unicode_ci NOT NULL,
  `company_address` varchar(191) COLLATE utf8mb4_unicode_ci NOT NULL,
  `company_tax_code` varchar(20) COLLATE utf8mb4_unicode_ci NOT NULL,
  `company_email` varchar(60) COLLATE utf8mb4_unicode_ci NOT NULL,
  `created_at` timestamp NULL DEFAULT NULL,
  `updated_at` timestamp NULL DEFAULT NULL,
  PRIMARY KEY (`id`),
  KEY `ec_order_tax_information_order_id_index` (`order_id`)
) ENGINE=InnoDB DEFAULT CHARSET=utf8mb4 COLLATE=utf8mb4_unicode_ci;

--
-- Dumping data for table `ec_order_tax_information`
--


--
-- Table structure for table `ec_orders`
--

CREATE TABLE `ec_orders` (
  `id` bigint unsigned NOT NULL AUTO_INCREMENT,
  `code` varchar(191) COLLATE utf8mb4_unicode_ci DEFAULT NULL,
  `user_id` bigint unsigned NOT NULL,
  `shipping_option` varchar(60) COLLATE utf8mb4_unicode_ci DEFAULT NULL,
  `shipping_method` varchar(60) COLLATE utf8mb4_unicode_ci NOT NULL DEFAULT 'default',
  `status` varchar(120) COLLATE utf8mb4_unicode_ci NOT NULL DEFAULT 'pending',
  `amount` decimal(15,2) NOT NULL,
  `tax_amount` decimal(15,2) DEFAULT NULL,
  `shipping_amount` decimal(15,2) DEFAULT NULL,
  `description` text COLLATE utf8mb4_unicode_ci,
  `coupon_code` varchar(120) COLLATE utf8mb4_unicode_ci DEFAULT NULL,
  `discount_amount` decimal(15,2) DEFAULT NULL,
  `sub_total` decimal(15,2) NOT NULL,
  `is_confirmed` tinyint(1) NOT NULL DEFAULT '0',
  `discount_description` varchar(191) COLLATE utf8mb4_unicode_ci DEFAULT NULL,
  `is_finished` tinyint(1) DEFAULT '0',
  `cancellation_reason` varchar(191) COLLATE utf8mb4_unicode_ci DEFAULT NULL,
  `cancellation_reason_description` varchar(191) COLLATE utf8mb4_unicode_ci DEFAULT NULL,
  `completed_at` timestamp NULL DEFAULT NULL,
  `token` varchar(120) COLLATE utf8mb4_unicode_ci DEFAULT NULL,
  `payment_id` bigint unsigned DEFAULT NULL,
  `created_at` timestamp NULL DEFAULT NULL,
  `updated_at` timestamp NULL DEFAULT NULL,
  `proof_file` varchar(191) COLLATE utf8mb4_unicode_ci DEFAULT NULL,
  `store_id` bigint unsigned DEFAULT NULL,
  PRIMARY KEY (`id`),
  UNIQUE KEY `ec_orders_code_unique` (`code`),
  KEY `ec_orders_user_id_status_created_at_index` (`user_id`,`status`,`created_at`)
) ENGINE=InnoDB DEFAULT CHARSET=utf8mb4 COLLATE=utf8mb4_unicode_ci;

--
-- Dumping data for table `ec_orders`
--


--
-- Table structure for table `ec_product_attribute_sets`
--

CREATE TABLE `ec_product_attribute_sets` (
  `id` bigint unsigned NOT NULL AUTO_INCREMENT,
  `title` varchar(120) COLLATE utf8mb4_unicode_ci NOT NULL,
  `slug` varchar(120) COLLATE utf8mb4_unicode_ci DEFAULT NULL,
  `display_layout` varchar(191) COLLATE utf8mb4_unicode_ci NOT NULL DEFAULT 'swatch_dropdown',
  `is_searchable` tinyint unsigned NOT NULL DEFAULT '1',
  `is_comparable` tinyint unsigned NOT NULL DEFAULT '1',
  `is_use_in_product_listing` tinyint unsigned NOT NULL DEFAULT '0',
  `status` varchar(60) COLLATE utf8mb4_unicode_ci NOT NULL DEFAULT 'published',
  `order` tinyint unsigned NOT NULL DEFAULT '0',
  `created_at` timestamp NULL DEFAULT NULL,
  `updated_at` timestamp NULL DEFAULT NULL,
  `use_image_from_product_variation` tinyint unsigned NOT NULL DEFAULT '0',
  PRIMARY KEY (`id`)
) ENGINE=InnoDB AUTO_INCREMENT=3 DEFAULT CHARSET=utf8mb4 COLLATE=utf8mb4_unicode_ci;

--
-- Dumping data for table `ec_product_attribute_sets`
--

INSERT INTO `ec_product_attribute_sets` VALUES (1,'Color','color','visual',1,1,1,'published',0,'2025-01-21 08:51:17','2025-01-21 08:51:17',0),(2,'Size','size','text',1,1,1,'published',1,'2025-01-21 08:51:17','2025-01-21 08:51:17',0);

--
-- Table structure for table `ec_product_attribute_sets_translations`
--

CREATE TABLE `ec_product_attribute_sets_translations` (
  `lang_code` varchar(191) COLLATE utf8mb4_unicode_ci NOT NULL,
  `ec_product_attribute_sets_id` bigint unsigned NOT NULL,
  `title` varchar(191) COLLATE utf8mb4_unicode_ci DEFAULT NULL,
  PRIMARY KEY (`lang_code`,`ec_product_attribute_sets_id`)
) ENGINE=InnoDB DEFAULT CHARSET=utf8mb4 COLLATE=utf8mb4_unicode_ci;

--
-- Dumping data for table `ec_product_attribute_sets_translations`
--


--
-- Table structure for table `ec_product_attributes`
--

CREATE TABLE `ec_product_attributes` (
  `id` bigint unsigned NOT NULL AUTO_INCREMENT,
  `attribute_set_id` bigint unsigned NOT NULL,
  `title` varchar(120) COLLATE utf8mb4_unicode_ci NOT NULL,
  `slug` varchar(120) COLLATE utf8mb4_unicode_ci DEFAULT NULL,
  `color` varchar(50) COLLATE utf8mb4_unicode_ci DEFAULT NULL,
  `image` varchar(191) COLLATE utf8mb4_unicode_ci DEFAULT NULL,
  `is_default` tinyint unsigned NOT NULL DEFAULT '0',
  `order` tinyint unsigned NOT NULL DEFAULT '0',
  `created_at` timestamp NULL DEFAULT NULL,
  `updated_at` timestamp NULL DEFAULT NULL,
  PRIMARY KEY (`id`),
  KEY `attribute_set_status_index` (`attribute_set_id`)
) ENGINE=InnoDB AUTO_INCREMENT=11 DEFAULT CHARSET=utf8mb4 COLLATE=utf8mb4_unicode_ci;

--
-- Dumping data for table `ec_product_attributes`
--

INSERT INTO `ec_product_attributes` VALUES (1,1,'Green','green','#5FB7D4',NULL,1,1,'2025-01-21 08:51:17','2025-01-21 08:51:17'),(2,1,'Blue','blue','#333333',NULL,0,2,'2025-01-21 08:51:17','2025-01-21 08:51:17'),(3,1,'Red','red','#DA323F',NULL,0,3,'2025-01-21 08:51:17','2025-01-21 08:51:17'),(4,1,'Black','black','#2F366C',NULL,0,4,'2025-01-21 08:51:17','2025-01-21 08:51:17'),(5,1,'Brown','brown','#87554B',NULL,0,5,'2025-01-21 08:51:17','2025-01-21 08:51:17'),(6,2,'S','s',NULL,NULL,1,1,'2025-01-21 08:51:17','2025-01-21 08:51:17'),(7,2,'M','m',NULL,NULL,0,2,'2025-01-21 08:51:17','2025-01-21 08:51:17'),(8,2,'L','l',NULL,NULL,0,3,'2025-01-21 08:51:17','2025-01-21 08:51:17'),(9,2,'XL','xl',NULL,NULL,0,4,'2025-01-21 08:51:17','2025-01-21 08:51:17'),(10,2,'XXL','xxl',NULL,NULL,0,5,'2025-01-21 08:51:17','2025-01-21 08:51:17');

--
-- Table structure for table `ec_product_attributes_translations`
--

CREATE TABLE `ec_product_attributes_translations` (
  `lang_code` varchar(191) COLLATE utf8mb4_unicode_ci NOT NULL,
  `ec_product_attributes_id` bigint unsigned NOT NULL,
  `title` varchar(191) COLLATE utf8mb4_unicode_ci DEFAULT NULL,
  PRIMARY KEY (`lang_code`,`ec_product_attributes_id`)
) ENGINE=InnoDB DEFAULT CHARSET=utf8mb4 COLLATE=utf8mb4_unicode_ci;

--
-- Dumping data for table `ec_product_attributes_translations`
--


--
-- Table structure for table `ec_product_categories`
--

CREATE TABLE `ec_product_categories` (
  `id` bigint unsigned NOT NULL AUTO_INCREMENT,
  `name` varchar(191) COLLATE utf8mb4_unicode_ci NOT NULL,
  `parent_id` bigint unsigned NOT NULL DEFAULT '0',
  `description` mediumtext COLLATE utf8mb4_unicode_ci,
  `status` varchar(60) COLLATE utf8mb4_unicode_ci NOT NULL DEFAULT 'published',
  `order` int unsigned NOT NULL DEFAULT '0',
  `image` varchar(191) COLLATE utf8mb4_unicode_ci DEFAULT NULL,
  `is_featured` tinyint unsigned NOT NULL DEFAULT '0',
  `created_at` timestamp NULL DEFAULT NULL,
  `updated_at` timestamp NULL DEFAULT NULL,
  `icon` varchar(191) COLLATE utf8mb4_unicode_ci DEFAULT NULL,
  `icon_image` varchar(191) COLLATE utf8mb4_unicode_ci DEFAULT NULL,
  PRIMARY KEY (`id`),
  KEY `ec_product_categories_parent_id_status_created_at_index` (`parent_id`,`status`,`created_at`),
  KEY `ec_product_categories_parent_id_status_index` (`parent_id`,`status`)
) ENGINE=InnoDB AUTO_INCREMENT=38 DEFAULT CHARSET=utf8mb4 COLLATE=utf8mb4_unicode_ci;

--
-- Dumping data for table `ec_product_categories`
--

INSERT INTO `ec_product_categories` VALUES (1,'Hot Promotions',0,NULL,'published',0,NULL,0,'2025-01-21 08:51:11','2025-01-21 08:51:11',NULL,NULL),(2,'Electronics',0,NULL,'published',1,'product-categories/1.jpg',1,'2025-01-21 08:51:11','2025-01-21 08:51:11',NULL,NULL),(3,'Consumer Electronic',2,NULL,'published',0,NULL,0,'2025-01-21 08:51:11','2025-01-21 08:51:11',NULL,NULL),(4,'Home Audio & Theaters',3,NULL,'published',0,NULL,0,'2025-01-21 08:51:11','2025-01-21 08:51:11',NULL,NULL),(5,'TV & Videos',3,NULL,'published',1,NULL,0,'2025-01-21 08:51:11','2025-01-21 08:51:11',NULL,NULL),(6,'Camera, Photos & Videos',3,NULL,'published',2,NULL,0,'2025-01-21 08:51:11','2025-01-21 08:51:11',NULL,NULL),(7,'Cellphones & Accessories',3,NULL,'published',3,NULL,0,'2025-01-21 08:51:11','2025-01-21 08:51:11',NULL,NULL),(8,'Headphones',3,NULL,'published',4,NULL,0,'2025-01-21 08:51:11','2025-01-21 08:51:11',NULL,NULL),(9,'Videos games',3,NULL,'published',5,NULL,0,'2025-01-21 08:51:11','2025-01-21 08:51:11',NULL,NULL),(10,'Wireless Speakers',3,NULL,'published',6,NULL,0,'2025-01-21 08:51:11','2025-01-21 08:51:11',NULL,NULL),(11,'Office Electronic',3,NULL,'published',7,NULL,0,'2025-01-21 08:51:11','2025-01-21 08:51:11',NULL,NULL),(12,'Accessories & Parts',2,NULL,'published',1,NULL,0,'2025-01-21 08:51:11','2025-01-21 08:51:11',NULL,NULL),(13,'Digital Cables',12,NULL,'published',0,NULL,0,'2025-01-21 08:51:11','2025-01-21 08:51:11',NULL,NULL),(14,'Audio & Video Cables',12,NULL,'published',1,NULL,0,'2025-01-21 08:51:11','2025-01-21 08:51:11',NULL,NULL),(15,'Batteries',12,NULL,'published',2,NULL,0,'2025-01-21 08:51:11','2025-01-21 08:51:11',NULL,NULL),(16,'Clothing',0,NULL,'published',2,'product-categories/2.jpg',1,'2025-01-21 08:51:11','2025-01-21 08:51:11',NULL,NULL),(17,'Computers',0,NULL,'published',3,'product-categories/3.jpg',1,'2025-01-21 08:51:11','2025-01-21 08:51:11',NULL,NULL),(18,'Computer & Technologies',17,NULL,'published',0,NULL,0,'2025-01-21 08:51:11','2025-01-21 08:51:11',NULL,NULL),(19,'Computer & Tablets',18,NULL,'published',0,NULL,0,'2025-01-21 08:51:11','2025-01-21 08:51:11',NULL,NULL),(20,'Laptop',18,NULL,'published',1,NULL,0,'2025-01-21 08:51:11','2025-01-21 08:51:11',NULL,NULL),(21,'Monitors',18,NULL,'published',2,NULL,0,'2025-01-21 08:51:11','2025-01-21 08:51:11',NULL,NULL),(22,'Computer Components',18,NULL,'published',3,NULL,0,'2025-01-21 08:51:11','2025-01-21 08:51:11',NULL,NULL),(23,'Networking',17,NULL,'published',1,NULL,0,'2025-01-21 08:51:11','2025-01-21 08:51:11',NULL,NULL),(24,'Drive & Storages',23,NULL,'published',0,NULL,0,'2025-01-21 08:51:11','2025-01-21 08:51:11',NULL,NULL),(25,'Gaming Laptop',23,NULL,'published',1,NULL,0,'2025-01-21 08:51:11','2025-01-21 08:51:11',NULL,NULL),(26,'Security & Protection',23,NULL,'published',2,NULL,0,'2025-01-21 08:51:11','2025-01-21 08:51:11',NULL,NULL),(27,'Accessories',23,NULL,'published',3,NULL,0,'2025-01-21 08:51:11','2025-01-21 08:51:11',NULL,NULL),(28,'Home & Kitchen',0,NULL,'published',4,'product-categories/4.jpg',1,'2025-01-21 08:51:11','2025-01-21 08:51:11',NULL,NULL),(29,'Health & Beauty',0,NULL,'published',5,'product-categories/5.jpg',1,'2025-01-21 08:51:11','2025-01-21 08:51:11',NULL,NULL),(30,'Jewelry & Watch',0,NULL,'published',6,'product-categories/6.jpg',1,'2025-01-21 08:51:11','2025-01-21 08:51:11',NULL,NULL),(31,'Technology Toys',0,NULL,'published',7,'product-categories/7.jpg',1,'2025-01-21 08:51:11','2025-01-21 08:51:11',NULL,NULL),(32,'Phones',0,NULL,'published',8,'product-categories/8.jpg',1,'2025-01-21 08:51:11','2025-01-21 08:51:11',NULL,NULL),(33,'Babies & Moms',0,NULL,'published',9,NULL,0,'2025-01-21 08:51:11','2025-01-21 08:51:11',NULL,NULL),(34,'Sport & Outdoor',0,NULL,'published',10,NULL,0,'2025-01-21 08:51:11','2025-01-21 08:51:11',NULL,NULL),(35,'Books & Office',0,NULL,'published',11,NULL,0,'2025-01-21 08:51:11','2025-01-21 08:51:11',NULL,NULL),(36,'Cars & Motorcycles',0,NULL,'published',12,NULL,0,'2025-01-21 08:51:11','2025-01-21 08:51:11',NULL,NULL),(37,'Home Improvements',0,NULL,'published',13,NULL,0,'2025-01-21 08:51:11','2025-01-21 08:51:11',NULL,NULL);

--
-- Table structure for table `ec_product_categories_translations`
--

CREATE TABLE `ec_product_categories_translations` (
  `lang_code` varchar(191) COLLATE utf8mb4_unicode_ci NOT NULL,
  `ec_product_categories_id` bigint unsigned NOT NULL,
  `name` varchar(191) COLLATE utf8mb4_unicode_ci DEFAULT NULL,
  `description` mediumtext COLLATE utf8mb4_unicode_ci,
  PRIMARY KEY (`lang_code`,`ec_product_categories_id`)
) ENGINE=InnoDB DEFAULT CHARSET=utf8mb4 COLLATE=utf8mb4_unicode_ci;

--
-- Dumping data for table `ec_product_categories_translations`
--


--
-- Table structure for table `ec_product_categorizables`
--

CREATE TABLE `ec_product_categorizables` (
  `category_id` bigint unsigned NOT NULL,
  `reference_id` bigint unsigned NOT NULL,
  `reference_type` varchar(120) COLLATE utf8mb4_unicode_ci NOT NULL,
  PRIMARY KEY (`category_id`,`reference_id`,`reference_type`),
  KEY `ec_product_categorizables_category_id_index` (`category_id`),
  KEY `ec_product_categorizables_reference_id_index` (`reference_id`),
  KEY `ec_product_categorizables_reference_type_index` (`reference_type`)
) ENGINE=InnoDB DEFAULT CHARSET=utf8mb4 COLLATE=utf8mb4_unicode_ci;

--
-- Dumping data for table `ec_product_categorizables`
--


--
-- Table structure for table `ec_product_category_product`
--

CREATE TABLE `ec_product_category_product` (
  `category_id` bigint unsigned NOT NULL,
  `product_id` bigint unsigned NOT NULL,
  PRIMARY KEY (`product_id`,`category_id`),
  KEY `ec_product_category_product_category_id_index` (`category_id`),
  KEY `ec_product_category_product_product_id_index` (`product_id`)
) ENGINE=InnoDB DEFAULT CHARSET=utf8mb4 COLLATE=utf8mb4_unicode_ci;

--
-- Dumping data for table `ec_product_category_product`
--

INSERT INTO `ec_product_category_product` VALUES (1,2),(1,8),(2,6),(2,14),(2,21),(3,13),(4,3),(4,23),(5,4),(5,9),(5,15),(5,20),(6,18),(7,9),(7,21),(8,2),(8,3),(8,12),(8,21),(9,23),(10,1),(10,10),(10,17),(11,3),(11,6),(11,14),(11,15),(11,17),(12,7),(12,14),(13,10),(14,12),(15,11),(15,13),(15,18),(15,22),(16,7),(16,11),(16,15),(16,19),(16,20),(17,2),(17,8),(18,12),(18,16),(18,19),(18,21),(19,7),(19,20),(19,23),(21,5),(21,17),(21,18),(22,11),(22,22),(23,10),(24,6),(24,9),(24,20),(25,6),(25,16),(25,19),(26,1),(26,5),(26,7),(28,8),(28,11),(28,16),(29,10),(29,13),(29,22),(29,23),(31,3),(31,4),(31,5),(31,14),(32,8),(32,12),(32,16),(33,4),(33,15),(34,18),(36,9),(36,13),(36,19),(36,22),(37,1),(37,2),(37,5);

--
-- Table structure for table `ec_product_collection_products`
--

CREATE TABLE `ec_product_collection_products` (
  `product_collection_id` bigint unsigned NOT NULL,
  `product_id` bigint unsigned NOT NULL,
  PRIMARY KEY (`product_id`,`product_collection_id`),
  KEY `ec_product_collection_products_product_collection_id_index` (`product_collection_id`),
  KEY `ec_product_collection_products_product_id_index` (`product_id`)
) ENGINE=InnoDB DEFAULT CHARSET=utf8mb4 COLLATE=utf8mb4_unicode_ci;

--
-- Dumping data for table `ec_product_collection_products`
--

INSERT INTO `ec_product_collection_products` VALUES (1,1),(1,2),(1,5),(1,7),(1,8),(1,13),(1,16),(1,20),(2,12),(2,14),(2,15),(2,18),(2,21),(3,3),(3,4),(3,6),(3,9),(3,10),(3,11),(3,17),(3,19),(3,22),(3,23);

--
-- Table structure for table `ec_product_collections`
--

CREATE TABLE `ec_product_collections` (
  `id` bigint unsigned NOT NULL AUTO_INCREMENT,
  `name` varchar(191) COLLATE utf8mb4_unicode_ci NOT NULL,
  `slug` varchar(191) COLLATE utf8mb4_unicode_ci NOT NULL,
  `description` varchar(400) COLLATE utf8mb4_unicode_ci DEFAULT NULL,
  `image` varchar(191) COLLATE utf8mb4_unicode_ci DEFAULT NULL,
  `status` varchar(60) COLLATE utf8mb4_unicode_ci NOT NULL DEFAULT 'published',
  `created_at` timestamp NULL DEFAULT NULL,
  `updated_at` timestamp NULL DEFAULT NULL,
  `is_featured` tinyint unsigned NOT NULL DEFAULT '0',
  PRIMARY KEY (`id`)
) ENGINE=InnoDB AUTO_INCREMENT=4 DEFAULT CHARSET=utf8mb4 COLLATE=utf8mb4_unicode_ci;

--
-- Dumping data for table `ec_product_collections`
--

INSERT INTO `ec_product_collections` VALUES (1,'New Arrival','new-arrival',NULL,NULL,'published','2025-01-21 08:51:11','2025-01-21 08:51:11',0),(2,'Best Sellers','best-sellers',NULL,NULL,'published','2025-01-21 08:51:11','2025-01-21 08:51:11',0),(3,'Special Offer','special-offer',NULL,NULL,'published','2025-01-21 08:51:11','2025-01-21 08:51:11',0);

--
-- Table structure for table `ec_product_collections_translations`
--

CREATE TABLE `ec_product_collections_translations` (
  `lang_code` varchar(191) COLLATE utf8mb4_unicode_ci NOT NULL,
  `ec_product_collections_id` bigint unsigned NOT NULL,
  `name` varchar(191) COLLATE utf8mb4_unicode_ci DEFAULT NULL,
  `description` varchar(400) COLLATE utf8mb4_unicode_ci DEFAULT NULL,
  PRIMARY KEY (`lang_code`,`ec_product_collections_id`)
) ENGINE=InnoDB DEFAULT CHARSET=utf8mb4 COLLATE=utf8mb4_unicode_ci;

--
-- Dumping data for table `ec_product_collections_translations`
--


--
-- Table structure for table `ec_product_cross_sale_relations`
--

CREATE TABLE `ec_product_cross_sale_relations` (
  `from_product_id` bigint unsigned NOT NULL,
  `to_product_id` bigint unsigned NOT NULL,
  `is_variant` tinyint(1) NOT NULL DEFAULT '0',
  `price` decimal(15,2) DEFAULT '0.00',
  `price_type` varchar(191) COLLATE utf8mb4_unicode_ci NOT NULL DEFAULT 'fixed',
  `apply_to_all_variations` tinyint(1) NOT NULL DEFAULT '1',
  PRIMARY KEY (`from_product_id`,`to_product_id`),
  KEY `ec_product_cross_sale_relations_from_product_id_index` (`from_product_id`),
  KEY `ec_product_cross_sale_relations_to_product_id_index` (`to_product_id`)
) ENGINE=InnoDB DEFAULT CHARSET=utf8mb4 COLLATE=utf8mb4_unicode_ci;

--
-- Dumping data for table `ec_product_cross_sale_relations`
--

INSERT INTO `ec_product_cross_sale_relations` VALUES (1,5,0,0.00,'fixed',1),(1,6,0,0.00,'fixed',1),(1,9,0,0.00,'fixed',1),(1,10,0,0.00,'fixed',1),(1,13,0,0.00,'fixed',1),(1,17,0,0.00,'fixed',1),(2,3,0,0.00,'fixed',1),(2,5,0,0.00,'fixed',1),(2,10,0,0.00,'fixed',1),(2,12,0,0.00,'fixed',1),(2,15,0,0.00,'fixed',1),(2,20,0,0.00,'fixed',1),(3,5,0,0.00,'fixed',1),(3,8,0,0.00,'fixed',1),(3,14,0,0.00,'fixed',1),(3,17,0,0.00,'fixed',1),(4,1,0,0.00,'fixed',1),(4,8,0,0.00,'fixed',1),(4,11,0,0.00,'fixed',1),(4,13,0,0.00,'fixed',1),(4,18,0,0.00,'fixed',1),(4,19,0,0.00,'fixed',1),(5,2,0,0.00,'fixed',1),(5,4,0,0.00,'fixed',1),(5,7,0,0.00,'fixed',1),(5,13,0,0.00,'fixed',1),(5,14,0,0.00,'fixed',1),(5,18,0,0.00,'fixed',1),(5,20,0,0.00,'fixed',1),(6,1,0,0.00,'fixed',1),(6,8,0,0.00,'fixed',1),(6,11,0,0.00,'fixed',1),(6,17,0,0.00,'fixed',1),(6,20,0,0.00,'fixed',1),(7,4,0,0.00,'fixed',1),(7,6,0,0.00,'fixed',1),(7,8,0,0.00,'fixed',1),(7,11,0,0.00,'fixed',1),(7,13,0,0.00,'fixed',1),(8,1,0,0.00,'fixed',1),(8,4,0,0.00,'fixed',1),(8,10,0,0.00,'fixed',1),(8,15,0,0.00,'fixed',1),(8,16,0,0.00,'fixed',1),(8,18,0,0.00,'fixed',1),(8,19,0,0.00,'fixed',1),(9,1,0,0.00,'fixed',1),(9,4,0,0.00,'fixed',1),(9,6,0,0.00,'fixed',1),(9,7,0,0.00,'fixed',1),(9,13,0,0.00,'fixed',1),(9,15,0,0.00,'fixed',1),(10,2,0,0.00,'fixed',1),(10,4,0,0.00,'fixed',1),(10,6,0,0.00,'fixed',1),(10,7,0,0.00,'fixed',1),(10,18,0,0.00,'fixed',1),(10,20,0,0.00,'fixed',1),(11,2,0,0.00,'fixed',1),(11,4,0,0.00,'fixed',1),(11,9,0,0.00,'fixed',1),(11,14,0,0.00,'fixed',1),(11,17,0,0.00,'fixed',1),(11,20,0,0.00,'fixed',1),(12,1,0,0.00,'fixed',1),(12,6,0,0.00,'fixed',1),(12,7,0,0.00,'fixed',1),(12,8,0,0.00,'fixed',1),(12,10,0,0.00,'fixed',1),(12,13,0,0.00,'fixed',1),(12,19,0,0.00,'fixed',1),(13,1,0,0.00,'fixed',1),(13,7,0,0.00,'fixed',1),(13,10,0,0.00,'fixed',1),(13,12,0,0.00,'fixed',1),(13,14,0,0.00,'fixed',1),(13,16,0,0.00,'fixed',1),(14,5,0,0.00,'fixed',1),(14,6,0,0.00,'fixed',1),(14,7,0,0.00,'fixed',1),(14,15,0,0.00,'fixed',1),(14,17,0,0.00,'fixed',1),(14,20,0,0.00,'fixed',1),(15,8,0,0.00,'fixed',1),(15,10,0,0.00,'fixed',1),(15,12,0,0.00,'fixed',1),(15,13,0,0.00,'fixed',1),(15,14,0,0.00,'fixed',1),(15,19,0,0.00,'fixed',1),(16,2,0,0.00,'fixed',1),(16,6,0,0.00,'fixed',1),(16,8,0,0.00,'fixed',1),(16,9,0,0.00,'fixed',1),(16,10,0,0.00,'fixed',1),(17,1,0,0.00,'fixed',1),(17,4,0,0.00,'fixed',1),(17,5,0,0.00,'fixed',1),(17,7,0,0.00,'fixed',1),(17,8,0,0.00,'fixed',1),(17,11,0,0.00,'fixed',1),(18,7,0,0.00,'fixed',1),(18,9,0,0.00,'fixed',1),(18,11,0,0.00,'fixed',1),(18,15,0,0.00,'fixed',1),(18,17,0,0.00,'fixed',1),(18,19,0,0.00,'fixed',1),(19,5,0,0.00,'fixed',1),(19,6,0,0.00,'fixed',1),(19,9,0,0.00,'fixed',1),(19,13,0,0.00,'fixed',1),(19,15,0,0.00,'fixed',1),(19,20,0,0.00,'fixed',1),(20,6,0,0.00,'fixed',1),(20,9,0,0.00,'fixed',1),(20,10,0,0.00,'fixed',1),(20,11,0,0.00,'fixed',1),(20,13,0,0.00,'fixed',1),(20,18,0,0.00,'fixed',1),(20,19,0,0.00,'fixed',1),(21,1,0,0.00,'fixed',1),(21,4,0,0.00,'fixed',1),(21,5,0,0.00,'fixed',1),(21,9,0,0.00,'fixed',1),(21,15,0,0.00,'fixed',1),(22,3,0,0.00,'fixed',1),(22,4,0,0.00,'fixed',1),(22,7,0,0.00,'fixed',1),(22,9,0,0.00,'fixed',1),(22,14,0,0.00,'fixed',1),(23,2,0,0.00,'fixed',1),(23,3,0,0.00,'fixed',1),(23,11,0,0.00,'fixed',1),(23,13,0,0.00,'fixed',1),(23,17,0,0.00,'fixed',1);

--
-- Table structure for table `ec_product_files`
--

CREATE TABLE `ec_product_files` (
  `id` bigint unsigned NOT NULL AUTO_INCREMENT,
  `product_id` bigint unsigned DEFAULT NULL,
  `url` varchar(400) COLLATE utf8mb4_unicode_ci DEFAULT NULL,
  `extras` mediumtext COLLATE utf8mb4_unicode_ci,
  `created_at` timestamp NULL DEFAULT NULL,
  `updated_at` timestamp NULL DEFAULT NULL,
  PRIMARY KEY (`id`),
  KEY `ec_product_files_product_id_index` (`product_id`)
) ENGINE=InnoDB AUTO_INCREMENT=44 DEFAULT CHARSET=utf8mb4 COLLATE=utf8mb4_unicode_ci;

--
-- Dumping data for table `ec_product_files`
--

INSERT INTO `ec_product_files` VALUES (1,24,'ecommerce/digital-product-files/1.jpg','{\"filename\":\"1.jpg\",\"url\":\"ecommerce\\/digital-product-files\\/1.jpg\",\"mime_type\":\"image\\/jpeg\",\"size\":9730,\"modified\":\"2025-01-21 15:51:17\",\"name\":\"1\",\"extension\":\"jpg\"}','2025-01-21 08:51:17','2025-01-21 08:51:17'),(2,25,'ecommerce/digital-product-files/1.jpg','{\"filename\":\"1.jpg\",\"url\":\"ecommerce\\/digital-product-files\\/1.jpg\",\"mime_type\":\"image\\/jpeg\",\"size\":9730,\"modified\":\"2025-01-21 15:51:17\",\"name\":\"1\",\"extension\":\"jpg\"}','2025-01-21 08:51:17','2025-01-21 08:51:17'),(3,26,'ecommerce/digital-product-files/1.jpg','{\"filename\":\"1.jpg\",\"url\":\"ecommerce\\/digital-product-files\\/1.jpg\",\"mime_type\":\"image\\/jpeg\",\"size\":9730,\"modified\":\"2025-01-21 15:51:17\",\"name\":\"1\",\"extension\":\"jpg\"}','2025-01-21 08:51:17','2025-01-21 08:51:17'),(4,36,'ecommerce/digital-product-files/5.jpg','{\"filename\":\"5.jpg\",\"url\":\"ecommerce\\/digital-product-files\\/5.jpg\",\"mime_type\":\"image\\/jpeg\",\"size\":9730,\"modified\":\"2025-01-21 15:51:17\",\"name\":\"5\",\"extension\":\"jpg\"}','2025-01-21 08:51:17','2025-01-21 08:51:17'),(5,36,'ecommerce/digital-product-files/5-1.jpg','{\"filename\":\"5-1.jpg\",\"url\":\"ecommerce\\/digital-product-files\\/5-1.jpg\",\"mime_type\":\"image\\/jpeg\",\"size\":9730,\"modified\":\"2025-01-21 15:51:17\",\"name\":\"5-1\",\"extension\":\"jpg\"}','2025-01-21 08:51:17','2025-01-21 08:51:17'),(6,36,'ecommerce/digital-product-files/5-2.jpg','{\"filename\":\"5-2.jpg\",\"url\":\"ecommerce\\/digital-product-files\\/5-2.jpg\",\"mime_type\":\"image\\/jpeg\",\"size\":9730,\"modified\":\"2025-01-21 15:51:17\",\"name\":\"5-2\",\"extension\":\"jpg\"}','2025-01-21 08:51:17','2025-01-21 08:51:17'),(7,36,'ecommerce/digital-product-files/5-3.jpg','{\"filename\":\"5-3.jpg\",\"url\":\"ecommerce\\/digital-product-files\\/5-3.jpg\",\"mime_type\":\"image\\/jpeg\",\"size\":9730,\"modified\":\"2025-01-21 15:51:17\",\"name\":\"5-3\",\"extension\":\"jpg\"}','2025-01-21 08:51:17','2025-01-21 08:51:17'),(8,37,'ecommerce/digital-product-files/5.jpg','{\"filename\":\"5.jpg\",\"url\":\"ecommerce\\/digital-product-files\\/5.jpg\",\"mime_type\":\"image\\/jpeg\",\"size\":9730,\"modified\":\"2025-01-21 15:51:17\",\"name\":\"5\",\"extension\":\"jpg\"}','2025-01-21 08:51:17','2025-01-21 08:51:17'),(9,37,'ecommerce/digital-product-files/5-1.jpg','{\"filename\":\"5-1.jpg\",\"url\":\"ecommerce\\/digital-product-files\\/5-1.jpg\",\"mime_type\":\"image\\/jpeg\",\"size\":9730,\"modified\":\"2025-01-21 15:51:17\",\"name\":\"5-1\",\"extension\":\"jpg\"}','2025-01-21 08:51:17','2025-01-21 08:51:17'),(10,37,'ecommerce/digital-product-files/5-2.jpg','{\"filename\":\"5-2.jpg\",\"url\":\"ecommerce\\/digital-product-files\\/5-2.jpg\",\"mime_type\":\"image\\/jpeg\",\"size\":9730,\"modified\":\"2025-01-21 15:51:17\",\"name\":\"5-2\",\"extension\":\"jpg\"}','2025-01-21 08:51:17','2025-01-21 08:51:17'),(11,37,'ecommerce/digital-product-files/5-3.jpg','{\"filename\":\"5-3.jpg\",\"url\":\"ecommerce\\/digital-product-files\\/5-3.jpg\",\"mime_type\":\"image\\/jpeg\",\"size\":9730,\"modified\":\"2025-01-21 15:51:17\",\"name\":\"5-3\",\"extension\":\"jpg\"}','2025-01-21 08:51:17','2025-01-21 08:51:17'),(12,38,'ecommerce/digital-product-files/5.jpg','{\"filename\":\"5.jpg\",\"url\":\"ecommerce\\/digital-product-files\\/5.jpg\",\"mime_type\":\"image\\/jpeg\",\"size\":9730,\"modified\":\"2025-01-21 15:51:17\",\"name\":\"5\",\"extension\":\"jpg\"}','2025-01-21 08:51:17','2025-01-21 08:51:17'),(13,38,'ecommerce/digital-product-files/5-1.jpg','{\"filename\":\"5-1.jpg\",\"url\":\"ecommerce\\/digital-product-files\\/5-1.jpg\",\"mime_type\":\"image\\/jpeg\",\"size\":9730,\"modified\":\"2025-01-21 15:51:17\",\"name\":\"5-1\",\"extension\":\"jpg\"}','2025-01-21 08:51:17','2025-01-21 08:51:17'),(14,38,'ecommerce/digital-product-files/5-2.jpg','{\"filename\":\"5-2.jpg\",\"url\":\"ecommerce\\/digital-product-files\\/5-2.jpg\",\"mime_type\":\"image\\/jpeg\",\"size\":9730,\"modified\":\"2025-01-21 15:51:17\",\"name\":\"5-2\",\"extension\":\"jpg\"}','2025-01-21 08:51:17','2025-01-21 08:51:17'),(15,38,'ecommerce/digital-product-files/5-3.jpg','{\"filename\":\"5-3.jpg\",\"url\":\"ecommerce\\/digital-product-files\\/5-3.jpg\",\"mime_type\":\"image\\/jpeg\",\"size\":9730,\"modified\":\"2025-01-21 15:51:17\",\"name\":\"5-3\",\"extension\":\"jpg\"}','2025-01-21 08:51:17','2025-01-21 08:51:17'),(16,47,'ecommerce/digital-product-files/9.jpg','{\"filename\":\"9.jpg\",\"url\":\"ecommerce\\/digital-product-files\\/9.jpg\",\"mime_type\":\"image\\/jpeg\",\"size\":9730,\"modified\":\"2025-01-21 15:51:17\",\"name\":\"9\",\"extension\":\"jpg\"}','2025-01-21 08:51:17','2025-01-21 08:51:17'),(17,47,'ecommerce/digital-product-files/9-1.jpg','{\"filename\":\"9-1.jpg\",\"url\":\"ecommerce\\/digital-product-files\\/9-1.jpg\",\"mime_type\":\"image\\/jpeg\",\"size\":9730,\"modified\":\"2025-01-21 15:51:17\",\"name\":\"9-1\",\"extension\":\"jpg\"}','2025-01-21 08:51:17','2025-01-21 08:51:17'),(18,47,'ecommerce/digital-product-files/9-2.jpg','{\"filename\":\"9-2.jpg\",\"url\":\"ecommerce\\/digital-product-files\\/9-2.jpg\",\"mime_type\":\"image\\/jpeg\",\"size\":9730,\"modified\":\"2025-01-21 15:51:17\",\"name\":\"9-2\",\"extension\":\"jpg\"}','2025-01-21 08:51:17','2025-01-21 08:51:17'),(19,48,'ecommerce/digital-product-files/9.jpg','{\"filename\":\"9.jpg\",\"url\":\"ecommerce\\/digital-product-files\\/9.jpg\",\"mime_type\":\"image\\/jpeg\",\"size\":9730,\"modified\":\"2025-01-21 15:51:17\",\"name\":\"9\",\"extension\":\"jpg\"}','2025-01-21 08:51:17','2025-01-21 08:51:17'),(20,48,'ecommerce/digital-product-files/9-1.jpg','{\"filename\":\"9-1.jpg\",\"url\":\"ecommerce\\/digital-product-files\\/9-1.jpg\",\"mime_type\":\"image\\/jpeg\",\"size\":9730,\"modified\":\"2025-01-21 15:51:17\",\"name\":\"9-1\",\"extension\":\"jpg\"}','2025-01-21 08:51:17','2025-01-21 08:51:17'),(21,48,'ecommerce/digital-product-files/9-2.jpg','{\"filename\":\"9-2.jpg\",\"url\":\"ecommerce\\/digital-product-files\\/9-2.jpg\",\"mime_type\":\"image\\/jpeg\",\"size\":9730,\"modified\":\"2025-01-21 15:51:17\",\"name\":\"9-2\",\"extension\":\"jpg\"}','2025-01-21 08:51:17','2025-01-21 08:51:17'),(22,49,'ecommerce/digital-product-files/9.jpg','{\"filename\":\"9.jpg\",\"url\":\"ecommerce\\/digital-product-files\\/9.jpg\",\"mime_type\":\"image\\/jpeg\",\"size\":9730,\"modified\":\"2025-01-21 15:51:17\",\"name\":\"9\",\"extension\":\"jpg\"}','2025-01-21 08:51:17','2025-01-21 08:51:17'),(23,49,'ecommerce/digital-product-files/9-1.jpg','{\"filename\":\"9-1.jpg\",\"url\":\"ecommerce\\/digital-product-files\\/9-1.jpg\",\"mime_type\":\"image\\/jpeg\",\"size\":9730,\"modified\":\"2025-01-21 15:51:17\",\"name\":\"9-1\",\"extension\":\"jpg\"}','2025-01-21 08:51:17','2025-01-21 08:51:17'),(24,49,'ecommerce/digital-product-files/9-2.jpg','{\"filename\":\"9-2.jpg\",\"url\":\"ecommerce\\/digital-product-files\\/9-2.jpg\",\"mime_type\":\"image\\/jpeg\",\"size\":9730,\"modified\":\"2025-01-21 15:51:17\",\"name\":\"9-2\",\"extension\":\"jpg\"}','2025-01-21 08:51:17','2025-01-21 08:51:17'),(25,61,'ecommerce/digital-product-files/13.jpg','{\"filename\":\"13.jpg\",\"url\":\"ecommerce\\/digital-product-files\\/13.jpg\",\"mime_type\":\"image\\/jpeg\",\"size\":9730,\"modified\":\"2025-01-21 15:51:17\",\"name\":\"13\",\"extension\":\"jpg\"}','2025-01-21 08:51:17','2025-01-21 08:51:17'),(26,61,'ecommerce/digital-product-files/13-1.jpg','{\"filename\":\"13-1.jpg\",\"url\":\"ecommerce\\/digital-product-files\\/13-1.jpg\",\"mime_type\":\"image\\/jpeg\",\"size\":9730,\"modified\":\"2025-01-21 15:51:17\",\"name\":\"13-1\",\"extension\":\"jpg\"}','2025-01-21 08:51:17','2025-01-21 08:51:17'),(27,66,'ecommerce/digital-product-files/17.jpg','{\"filename\":\"17.jpg\",\"url\":\"ecommerce\\/digital-product-files\\/17.jpg\",\"mime_type\":\"image\\/jpeg\",\"size\":9730,\"modified\":\"2025-01-21 15:51:17\",\"name\":\"17\",\"extension\":\"jpg\"}','2025-01-21 08:51:17','2025-01-21 08:51:17'),(28,66,'ecommerce/digital-product-files/17-1.jpg','{\"filename\":\"17-1.jpg\",\"url\":\"ecommerce\\/digital-product-files\\/17-1.jpg\",\"mime_type\":\"image\\/jpeg\",\"size\":9730,\"modified\":\"2025-01-21 15:51:17\",\"name\":\"17-1\",\"extension\":\"jpg\"}','2025-01-21 08:51:17','2025-01-21 08:51:17'),(29,66,'ecommerce/digital-product-files/17-2.jpg','{\"filename\":\"17-2.jpg\",\"url\":\"ecommerce\\/digital-product-files\\/17-2.jpg\",\"mime_type\":\"image\\/jpeg\",\"size\":9730,\"modified\":\"2025-01-21 15:51:17\",\"name\":\"17-2\",\"extension\":\"jpg\"}','2025-01-21 08:51:17','2025-01-21 08:51:17'),(30,66,'ecommerce/digital-product-files/17-3.jpg','{\"filename\":\"17-3.jpg\",\"url\":\"ecommerce\\/digital-product-files\\/17-3.jpg\",\"mime_type\":\"image\\/jpeg\",\"size\":9730,\"modified\":\"2025-01-21 15:51:17\",\"name\":\"17-3\",\"extension\":\"jpg\"}','2025-01-21 08:51:17','2025-01-21 08:51:17'),(31,67,'ecommerce/digital-product-files/17.jpg','{\"filename\":\"17.jpg\",\"url\":\"ecommerce\\/digital-product-files\\/17.jpg\",\"mime_type\":\"image\\/jpeg\",\"size\":9730,\"modified\":\"2025-01-21 15:51:17\",\"name\":\"17\",\"extension\":\"jpg\"}','2025-01-21 08:51:17','2025-01-21 08:51:17'),(32,67,'ecommerce/digital-product-files/17-1.jpg','{\"filename\":\"17-1.jpg\",\"url\":\"ecommerce\\/digital-product-files\\/17-1.jpg\",\"mime_type\":\"image\\/jpeg\",\"size\":9730,\"modified\":\"2025-01-21 15:51:17\",\"name\":\"17-1\",\"extension\":\"jpg\"}','2025-01-21 08:51:17','2025-01-21 08:51:17'),(33,67,'ecommerce/digital-product-files/17-2.jpg','{\"filename\":\"17-2.jpg\",\"url\":\"ecommerce\\/digital-product-files\\/17-2.jpg\",\"mime_type\":\"image\\/jpeg\",\"size\":9730,\"modified\":\"2025-01-21 15:51:17\",\"name\":\"17-2\",\"extension\":\"jpg\"}','2025-01-21 08:51:17','2025-01-21 08:51:17'),(34,67,'ecommerce/digital-product-files/17-3.jpg','{\"filename\":\"17-3.jpg\",\"url\":\"ecommerce\\/digital-product-files\\/17-3.jpg\",\"mime_type\":\"image\\/jpeg\",\"size\":9730,\"modified\":\"2025-01-21 15:51:17\",\"name\":\"17-3\",\"extension\":\"jpg\"}','2025-01-21 08:51:17','2025-01-21 08:51:17'),(35,76,'ecommerce/digital-product-files/21.jpg','{\"filename\":\"21.jpg\",\"url\":\"ecommerce\\/digital-product-files\\/21.jpg\",\"mime_type\":\"image\\/jpeg\",\"size\":9730,\"modified\":\"2025-01-21 15:51:17\",\"name\":\"21\",\"extension\":\"jpg\"}','2025-01-21 08:51:17','2025-01-21 08:51:17'),(36,76,'ecommerce/digital-product-files/21-1.jpg','{\"filename\":\"21-1.jpg\",\"url\":\"ecommerce\\/digital-product-files\\/21-1.jpg\",\"mime_type\":\"image\\/jpeg\",\"size\":9730,\"modified\":\"2025-01-21 15:51:17\",\"name\":\"21-1\",\"extension\":\"jpg\"}','2025-01-21 08:51:17','2025-01-21 08:51:17'),(37,76,'ecommerce/digital-product-files/21-2.jpg','{\"filename\":\"21-2.jpg\",\"url\":\"ecommerce\\/digital-product-files\\/21-2.jpg\",\"mime_type\":\"image\\/jpeg\",\"size\":9730,\"modified\":\"2025-01-21 15:51:17\",\"name\":\"21-2\",\"extension\":\"jpg\"}','2025-01-21 08:51:17','2025-01-21 08:51:17'),(38,77,'ecommerce/digital-product-files/21.jpg','{\"filename\":\"21.jpg\",\"url\":\"ecommerce\\/digital-product-files\\/21.jpg\",\"mime_type\":\"image\\/jpeg\",\"size\":9730,\"modified\":\"2025-01-21 15:51:17\",\"name\":\"21\",\"extension\":\"jpg\"}','2025-01-21 08:51:17','2025-01-21 08:51:17'),(39,77,'ecommerce/digital-product-files/21-1.jpg','{\"filename\":\"21-1.jpg\",\"url\":\"ecommerce\\/digital-product-files\\/21-1.jpg\",\"mime_type\":\"image\\/jpeg\",\"size\":9730,\"modified\":\"2025-01-21 15:51:17\",\"name\":\"21-1\",\"extension\":\"jpg\"}','2025-01-21 08:51:17','2025-01-21 08:51:17'),(40,77,'ecommerce/digital-product-files/21-2.jpg','{\"filename\":\"21-2.jpg\",\"url\":\"ecommerce\\/digital-product-files\\/21-2.jpg\",\"mime_type\":\"image\\/jpeg\",\"size\":9730,\"modified\":\"2025-01-21 15:51:17\",\"name\":\"21-2\",\"extension\":\"jpg\"}','2025-01-21 08:51:17','2025-01-21 08:51:17'),(41,78,'ecommerce/digital-product-files/21.jpg','{\"filename\":\"21.jpg\",\"url\":\"ecommerce\\/digital-product-files\\/21.jpg\",\"mime_type\":\"image\\/jpeg\",\"size\":9730,\"modified\":\"2025-01-21 15:51:17\",\"name\":\"21\",\"extension\":\"jpg\"}','2025-01-21 08:51:17','2025-01-21 08:51:17'),(42,78,'ecommerce/digital-product-files/21-1.jpg','{\"filename\":\"21-1.jpg\",\"url\":\"ecommerce\\/digital-product-files\\/21-1.jpg\",\"mime_type\":\"image\\/jpeg\",\"size\":9730,\"modified\":\"2025-01-21 15:51:17\",\"name\":\"21-1\",\"extension\":\"jpg\"}','2025-01-21 08:51:17','2025-01-21 08:51:17'),(43,78,'ecommerce/digital-product-files/21-2.jpg','{\"filename\":\"21-2.jpg\",\"url\":\"ecommerce\\/digital-product-files\\/21-2.jpg\",\"mime_type\":\"image\\/jpeg\",\"size\":9730,\"modified\":\"2025-01-21 15:51:17\",\"name\":\"21-2\",\"extension\":\"jpg\"}','2025-01-21 08:51:17','2025-01-21 08:51:17');

--
-- Table structure for table `ec_product_label_products`
--

CREATE TABLE `ec_product_label_products` (
  `product_label_id` bigint unsigned NOT NULL,
  `product_id` bigint unsigned NOT NULL,
  PRIMARY KEY (`product_label_id`,`product_id`),
  KEY `ec_product_label_products_product_label_id_index` (`product_label_id`),
  KEY `ec_product_label_products_product_id_index` (`product_id`)
) ENGINE=InnoDB DEFAULT CHARSET=utf8mb4 COLLATE=utf8mb4_unicode_ci;

--
-- Dumping data for table `ec_product_label_products`
--

INSERT INTO `ec_product_label_products` VALUES (1,3),(1,6),(1,9),(1,12),(1,15),(1,18),(3,21);

--
-- Table structure for table `ec_product_labels`
--

CREATE TABLE `ec_product_labels` (
  `id` bigint unsigned NOT NULL AUTO_INCREMENT,
  `name` varchar(191) COLLATE utf8mb4_unicode_ci NOT NULL,
  `color` varchar(120) COLLATE utf8mb4_unicode_ci DEFAULT NULL,
  `status` varchar(60) COLLATE utf8mb4_unicode_ci NOT NULL DEFAULT 'published',
  `created_at` timestamp NULL DEFAULT NULL,
  `updated_at` timestamp NULL DEFAULT NULL,
  PRIMARY KEY (`id`)
) ENGINE=InnoDB AUTO_INCREMENT=4 DEFAULT CHARSET=utf8mb4 COLLATE=utf8mb4_unicode_ci;

--
-- Dumping data for table `ec_product_labels`
--

INSERT INTO `ec_product_labels` VALUES (1,'Hot','#d71e2d','published','2025-01-21 08:51:12','2025-01-21 08:51:12'),(2,'New','#02856e','published','2025-01-21 08:51:12','2025-01-21 08:51:12'),(3,'Sale','#fe9931','published','2025-01-21 08:51:12','2025-01-21 08:51:12');

--
-- Table structure for table `ec_product_labels_translations`
--

CREATE TABLE `ec_product_labels_translations` (
  `lang_code` varchar(191) COLLATE utf8mb4_unicode_ci NOT NULL,
  `ec_product_labels_id` bigint unsigned NOT NULL,
  `name` varchar(191) COLLATE utf8mb4_unicode_ci DEFAULT NULL,
  `description` varchar(400) COLLATE utf8mb4_unicode_ci DEFAULT NULL,
  PRIMARY KEY (`lang_code`,`ec_product_labels_id`)
) ENGINE=InnoDB DEFAULT CHARSET=utf8mb4 COLLATE=utf8mb4_unicode_ci;

--
-- Dumping data for table `ec_product_labels_translations`
--


--
-- Table structure for table `ec_product_related_relations`
--

CREATE TABLE `ec_product_related_relations` (
  `from_product_id` bigint unsigned NOT NULL,
  `to_product_id` bigint unsigned NOT NULL,
  PRIMARY KEY (`from_product_id`,`to_product_id`),
  KEY `ec_product_related_relations_from_product_id_index` (`from_product_id`),
  KEY `ec_product_related_relations_to_product_id_index` (`to_product_id`)
) ENGINE=InnoDB DEFAULT CHARSET=utf8mb4 COLLATE=utf8mb4_unicode_ci;

--
-- Dumping data for table `ec_product_related_relations`
--


--
-- Table structure for table `ec_product_specification_attribute`
--

CREATE TABLE `ec_product_specification_attribute` (
  `product_id` bigint unsigned NOT NULL,
  `attribute_id` bigint unsigned NOT NULL,
  `value` text COLLATE utf8mb4_unicode_ci,
  `hidden` tinyint(1) NOT NULL DEFAULT '0',
  `order` tinyint NOT NULL DEFAULT '0',
  PRIMARY KEY (`product_id`,`attribute_id`)
) ENGINE=InnoDB DEFAULT CHARSET=utf8mb4 COLLATE=utf8mb4_unicode_ci;

--
-- Dumping data for table `ec_product_specification_attribute`
--

INSERT INTO `ec_product_specification_attribute` VALUES (1,6,'56.11 cm',0,0),(1,7,'45.55 cm',0,0),(1,8,'1920x1080',0,0),(2,1,'48.27 cm',0,0),(2,2,'80.94 cm',0,0),(2,3,'64.03 cm',0,0),(2,4,'60.59 cm',0,0),(2,5,'55.25 cm',0,0),(3,1,'43.43 cm',0,0),(3,2,'85.9 cm',0,0),(3,3,'17.09 cm',0,0),(3,4,'95.89 cm',0,0),(3,5,'32.98 cm',0,0),(4,6,'89.99 cm',0,0),(4,7,'22.42 cm',0,0),(4,8,'3840x2160',0,0),(5,6,'13.55 cm',0,0),(5,7,'62.52 cm',0,0),(5,8,'1920x1080',0,0),(6,1,'2.38 cm',0,0),(6,2,'94.87 cm',0,0),(6,3,'36.93 cm',0,0),(6,4,'56.69 cm',0,0),(6,5,'47.94 cm',0,0),(7,6,'56.24 cm',0,0),(7,7,'8.38 cm',0,0),(7,8,'2560x1440',0,0),(8,1,'25.91 cm',0,0),(8,2,'55.47 cm',0,0),(8,3,'15.24 cm',0,0),(8,4,'18.35 cm',0,0),(8,5,'50.4 cm',0,0),(9,6,'40.15 cm',0,0),(9,7,'96.06 cm',0,0),(9,8,'1920x1080',0,0),(10,1,'43.54 cm',0,0),(10,2,'92.67 cm',0,0),(10,3,'19.56 cm',0,0),(10,4,'38.36 cm',0,0),(10,5,'39.83 cm',0,0),(11,1,'11.49 cm',0,0),(11,2,'7.95 cm',0,0),(11,3,'77.37 cm',0,0),(11,4,'25.8 cm',0,0),(11,5,'6.17 cm',0,0),(12,1,'20.33 cm',0,0),(12,2,'49.62 cm',0,0),(12,3,'75.76 cm',0,0),(12,4,'68.16 cm',0,0),(12,5,'53.04 cm',0,0),(13,6,'72.38 cm',0,0),(13,7,'19.04 cm',0,0),(13,8,'1920x1080',0,0),(14,6,'90.6 cm',0,0),(14,7,'6.74 cm',0,0),(14,8,'2560x1440',0,0),(15,1,'56.63 cm',0,0),(15,2,'88.02 cm',0,0),(15,3,'61.91 cm',0,0),(15,4,'76.64 cm',0,0),(15,5,'75.52 cm',0,0),(16,6,'84.11 cm',0,0),(16,7,'6.31 cm',0,0),(16,8,'2560x1440',0,0),(17,6,'13.15 cm',0,0),(17,7,'63.21 cm',0,0),(17,8,'3840x2160',0,0),(18,6,'5.11 cm',0,0),(18,7,'97.02 cm',0,0),(18,8,'3840x2160',0,0),(19,1,'42.48 cm',0,0),(19,2,'73.22 cm',0,0),(19,3,'19.38 cm',0,0),(19,4,'97.56 cm',0,0),(19,5,'12.58 cm',0,0),(20,6,'77.28 cm',0,0),(20,7,'10.97 cm',0,0),(20,8,'2560x1440',0,0),(21,1,'89.75 cm',0,0),(21,2,'67.1 cm',0,0),(21,3,'79.19 cm',0,0),(21,4,'25.1 cm',0,0),(21,5,'28.59 cm',0,0),(22,6,'82.82 cm',0,0),(22,7,'86.41 cm',0,0),(22,8,'3840x2160',0,0),(23,1,'6.65 cm',0,0),(23,2,'82.29 cm',0,0),(23,3,'13.15 cm',0,0),(23,4,'55.72 cm',0,0),(23,5,'23.51 cm',0,0);

--
-- Table structure for table `ec_product_tag_product`
--

CREATE TABLE `ec_product_tag_product` (
  `product_id` bigint unsigned NOT NULL,
  `tag_id` bigint unsigned NOT NULL,
  PRIMARY KEY (`product_id`,`tag_id`),
  KEY `ec_product_tag_product_product_id_index` (`product_id`),
  KEY `ec_product_tag_product_tag_id_index` (`tag_id`)
) ENGINE=InnoDB DEFAULT CHARSET=utf8mb4 COLLATE=utf8mb4_unicode_ci;

--
-- Dumping data for table `ec_product_tag_product`
--

INSERT INTO `ec_product_tag_product` VALUES (1,2),(1,3),(2,5),(2,6),(3,1),(3,3),(3,6),(4,2),(4,5),(5,1),(6,1),(6,2),(6,4),(7,3),(7,5),(8,1),(8,3),(8,5),(9,2),(9,4),(10,6),(11,2),(11,3),(12,2),(12,3),(12,6),(13,1),(13,2),(13,3),(14,1),(14,4),(14,5),(15,1),(15,4),(15,5),(16,2),(16,5),(17,1),(17,4),(17,5),(18,1),(18,4),(18,6),(19,2),(19,4),(19,5),(20,1),(20,4),(20,6),(21,6),(22,1),(22,5),(23,1),(23,4),(23,5);

--
-- Table structure for table `ec_product_tags`
--

CREATE TABLE `ec_product_tags` (
  `id` bigint unsigned NOT NULL AUTO_INCREMENT,
  `name` varchar(120) COLLATE utf8mb4_unicode_ci NOT NULL,
  `description` varchar(400) COLLATE utf8mb4_unicode_ci DEFAULT NULL,
  `status` varchar(60) COLLATE utf8mb4_unicode_ci NOT NULL DEFAULT 'published',
  `created_at` timestamp NULL DEFAULT NULL,
  `updated_at` timestamp NULL DEFAULT NULL,
  PRIMARY KEY (`id`)
) ENGINE=InnoDB AUTO_INCREMENT=7 DEFAULT CHARSET=utf8mb4 COLLATE=utf8mb4_unicode_ci;

--
-- Dumping data for table `ec_product_tags`
--

INSERT INTO `ec_product_tags` VALUES (1,'Electronic',NULL,'published','2025-01-21 08:51:21','2025-01-21 08:51:21'),(2,'Mobile',NULL,'published','2025-01-21 08:51:21','2025-01-21 08:51:21'),(3,'Iphone',NULL,'published','2025-01-21 08:51:21','2025-01-21 08:51:21'),(4,'Printer',NULL,'published','2025-01-21 08:51:21','2025-01-21 08:51:21'),(5,'Office',NULL,'published','2025-01-21 08:51:21','2025-01-21 08:51:21'),(6,'IT',NULL,'published','2025-01-21 08:51:21','2025-01-21 08:51:21');

--
-- Table structure for table `ec_product_tags_translations`
--

CREATE TABLE `ec_product_tags_translations` (
  `lang_code` varchar(191) COLLATE utf8mb4_unicode_ci NOT NULL,
  `ec_product_tags_id` bigint unsigned NOT NULL,
  `name` varchar(191) COLLATE utf8mb4_unicode_ci DEFAULT NULL,
  PRIMARY KEY (`lang_code`,`ec_product_tags_id`)
) ENGINE=InnoDB DEFAULT CHARSET=utf8mb4 COLLATE=utf8mb4_unicode_ci;

--
-- Dumping data for table `ec_product_tags_translations`
--


--
-- Table structure for table `ec_product_up_sale_relations`
--

CREATE TABLE `ec_product_up_sale_relations` (
  `from_product_id` bigint unsigned NOT NULL,
  `to_product_id` bigint unsigned NOT NULL,
  PRIMARY KEY (`from_product_id`,`to_product_id`),
  KEY `ec_product_up_sale_relations_from_product_id_index` (`from_product_id`),
  KEY `ec_product_up_sale_relations_to_product_id_index` (`to_product_id`)
) ENGINE=InnoDB DEFAULT CHARSET=utf8mb4 COLLATE=utf8mb4_unicode_ci;

--
-- Dumping data for table `ec_product_up_sale_relations`
--


--
-- Table structure for table `ec_product_variation_items`
--

CREATE TABLE `ec_product_variation_items` (
  `id` bigint unsigned NOT NULL AUTO_INCREMENT,
  `attribute_id` bigint unsigned NOT NULL,
  `variation_id` bigint unsigned NOT NULL,
  PRIMARY KEY (`id`),
  UNIQUE KEY `ec_product_variation_items_attribute_id_variation_id_unique` (`attribute_id`,`variation_id`),
  KEY `attribute_variation_index` (`attribute_id`,`variation_id`)
) ENGINE=InnoDB AUTO_INCREMENT=125 DEFAULT CHARSET=utf8mb4 COLLATE=utf8mb4_unicode_ci;

--
-- Dumping data for table `ec_product_variation_items`
--

INSERT INTO `ec_product_variation_items` VALUES (3,1,2),(11,1,6),(21,1,11),(25,1,13),(29,1,15),(31,1,16),(47,1,24),(51,1,26),(73,1,37),(97,1,49),(107,1,54),(109,1,55),(113,1,57),(119,1,60),(1,2,1),(15,2,8),(19,2,10),(35,2,18),(41,2,21),(57,2,29),(59,2,30),(61,2,31),(65,2,33),(67,2,34),(87,2,44),(89,2,45),(93,2,47),(99,2,50),(117,2,59),(123,2,62),(7,3,4),(9,3,5),(37,3,19),(39,3,20),(45,3,23),(49,3,25),(55,3,28),(69,3,35),(77,3,39),(79,3,40),(81,3,41),(95,3,48),(115,3,58),(5,4,3),(17,4,9),(23,4,12),(43,4,22),(75,4,38),(85,4,43),(101,4,51),(103,4,52),(105,4,53),(111,4,56),(121,4,61),(13,5,7),(27,5,14),(33,5,17),(53,5,27),(63,5,32),(71,5,36),(83,5,42),(91,5,46),(4,6,2),(20,6,10),(40,6,20),(52,6,26),(54,6,27),(58,6,29),(64,6,32),(72,6,36),(76,6,38),(80,6,40),(96,6,48),(110,6,55),(8,7,4),(10,7,5),(22,7,11),(32,7,16),(36,7,18),(48,7,24),(50,7,25),(56,7,28),(78,7,39),(82,7,41),(6,8,3),(12,8,6),(24,8,12),(26,8,13),(42,8,21),(62,8,31),(68,8,34),(84,8,42),(90,8,45),(98,8,49),(116,8,58),(118,8,59),(2,9,1),(28,9,14),(30,9,15),(38,9,19),(44,9,22),(60,9,30),(74,9,37),(88,9,44),(92,9,46),(100,9,50),(108,9,54),(114,9,57),(122,9,61),(14,10,7),(16,10,8),(18,10,9),(34,10,17),(46,10,23),(66,10,33),(70,10,35),(86,10,43),(94,10,47),(102,10,51),(104,10,52),(106,10,53),(112,10,56),(120,10,60),(124,10,62);

--
-- Table structure for table `ec_product_variations`
--

CREATE TABLE `ec_product_variations` (
  `id` bigint unsigned NOT NULL AUTO_INCREMENT,
  `product_id` bigint unsigned DEFAULT NULL,
  `configurable_product_id` bigint unsigned NOT NULL,
  `is_default` tinyint NOT NULL DEFAULT '0',
  PRIMARY KEY (`id`),
  UNIQUE KEY `ec_product_variations_product_id_configurable_product_id_unique` (`product_id`,`configurable_product_id`),
  KEY `configurable_product_index` (`product_id`,`configurable_product_id`)
) ENGINE=InnoDB AUTO_INCREMENT=63 DEFAULT CHARSET=utf8mb4 COLLATE=utf8mb4_unicode_ci;

--
-- Dumping data for table `ec_product_variations`
--

INSERT INTO `ec_product_variations` VALUES (1,24,1,1),(2,25,1,0),(3,26,1,0),(4,27,2,1),(5,28,3,1),(6,29,3,0),(7,30,3,0),(8,31,3,0),(9,32,4,1),(10,33,4,0),(11,34,4,0),(12,35,4,0),(13,36,5,1),(14,37,5,0),(15,38,5,0),(16,39,6,1),(17,40,6,0),(18,41,6,0),(19,42,6,0),(20,43,7,1),(21,44,7,0),(22,45,8,1),(23,46,8,0),(24,47,9,1),(25,48,9,0),(26,49,9,0),(27,50,10,1),(28,51,10,0),(29,52,10,0),(30,53,11,1),(31,54,11,0),(32,55,11,0),(33,56,11,0),(34,57,11,0),(35,58,12,1),(36,59,12,0),(37,60,12,0),(38,61,13,1),(39,62,14,1),(40,63,15,1),(41,64,16,1),(42,65,16,0),(43,66,17,1),(44,67,17,0),(45,68,18,1),(46,69,18,0),(47,70,18,0),(48,71,19,1),(49,72,20,1),(50,73,20,0),(51,74,20,0),(52,75,20,0),(53,76,21,1),(54,77,21,0),(55,78,21,0),(56,79,22,1),(57,80,22,0),(58,81,22,0),(59,82,22,0),(60,83,23,1),(61,84,23,0),(62,85,23,0);

--
-- Table structure for table `ec_product_views`
--

CREATE TABLE `ec_product_views` (
  `id` bigint unsigned NOT NULL AUTO_INCREMENT,
  `product_id` bigint unsigned NOT NULL,
  `views` int NOT NULL DEFAULT '1',
  `date` date NOT NULL DEFAULT '2025-01-21',
  PRIMARY KEY (`id`),
  UNIQUE KEY `ec_product_views_product_id_date_unique` (`product_id`,`date`),
  KEY `ec_product_views_product_id_index` (`product_id`)
) ENGINE=InnoDB DEFAULT CHARSET=utf8mb4 COLLATE=utf8mb4_unicode_ci;

--
-- Dumping data for table `ec_product_views`
--


--
-- Table structure for table `ec_product_with_attribute_set`
--

CREATE TABLE `ec_product_with_attribute_set` (
  `attribute_set_id` bigint unsigned NOT NULL,
  `product_id` bigint unsigned NOT NULL,
  `order` tinyint unsigned NOT NULL DEFAULT '0',
  PRIMARY KEY (`product_id`,`attribute_set_id`)
) ENGINE=InnoDB DEFAULT CHARSET=utf8mb4 COLLATE=utf8mb4_unicode_ci;

--
-- Dumping data for table `ec_product_with_attribute_set`
--

INSERT INTO `ec_product_with_attribute_set` VALUES (1,1,0),(2,1,0),(1,2,0),(2,2,0),(1,3,0),(2,3,0),(1,4,0),(2,4,0),(1,5,0),(2,5,0),(1,6,0),(2,6,0),(1,7,0),(2,7,0),(1,8,0),(2,8,0),(1,9,0),(2,9,0),(1,10,0),(2,10,0),(1,11,0),(2,11,0),(1,12,0),(2,12,0),(1,13,0),(2,13,0),(1,14,0),(2,14,0),(1,15,0),(2,15,0),(1,16,0),(2,16,0),(1,17,0),(2,17,0),(1,18,0),(2,18,0),(1,19,0),(2,19,0),(1,20,0),(2,20,0),(1,21,0),(2,21,0),(1,22,0),(2,22,0),(1,23,0),(2,23,0);

--
-- Table structure for table `ec_products`
--

CREATE TABLE `ec_products` (
  `id` bigint unsigned NOT NULL AUTO_INCREMENT,
  `name` varchar(191) COLLATE utf8mb4_unicode_ci NOT NULL,
  `description` text COLLATE utf8mb4_unicode_ci,
  `content` longtext COLLATE utf8mb4_unicode_ci,
  `status` varchar(60) COLLATE utf8mb4_unicode_ci NOT NULL DEFAULT 'published',
  `images` text COLLATE utf8mb4_unicode_ci,
  `video_media` text COLLATE utf8mb4_unicode_ci,
  `sku` varchar(191) COLLATE utf8mb4_unicode_ci DEFAULT NULL,
  `order` int unsigned NOT NULL DEFAULT '0',
  `quantity` int unsigned DEFAULT NULL,
  `allow_checkout_when_out_of_stock` tinyint unsigned NOT NULL DEFAULT '0',
  `with_storehouse_management` tinyint unsigned NOT NULL DEFAULT '0',
  `stock_status` varchar(191) COLLATE utf8mb4_unicode_ci DEFAULT 'in_stock',
  `is_featured` tinyint unsigned NOT NULL DEFAULT '0',
  `brand_id` bigint unsigned DEFAULT NULL,
  `is_variation` tinyint NOT NULL DEFAULT '0',
  `sale_type` tinyint NOT NULL DEFAULT '0',
  `price` double unsigned DEFAULT NULL,
  `sale_price` double unsigned DEFAULT NULL,
  `start_date` timestamp NULL DEFAULT NULL,
  `end_date` timestamp NULL DEFAULT NULL,
  `length` double DEFAULT NULL,
  `wide` double DEFAULT NULL,
  `height` double DEFAULT NULL,
  `weight` double DEFAULT NULL,
  `tax_id` bigint unsigned DEFAULT NULL,
  `views` bigint NOT NULL DEFAULT '0',
  `created_at` timestamp NULL DEFAULT NULL,
  `updated_at` timestamp NULL DEFAULT NULL,
  `created_by_id` bigint unsigned DEFAULT '0',
  `created_by_type` varchar(191) COLLATE utf8mb4_unicode_ci NOT NULL DEFAULT 'Botble\\ACL\\Models\\User',
  `image` varchar(191) COLLATE utf8mb4_unicode_ci DEFAULT NULL,
  `product_type` varchar(60) COLLATE utf8mb4_unicode_ci DEFAULT 'physical',
  `barcode` varchar(50) COLLATE utf8mb4_unicode_ci DEFAULT NULL,
  `cost_per_item` double DEFAULT NULL,
  `generate_license_code` tinyint(1) NOT NULL DEFAULT '0',
  `minimum_order_quantity` int unsigned DEFAULT '0',
  `maximum_order_quantity` int unsigned DEFAULT '0',
  `notify_attachment_updated` tinyint(1) NOT NULL DEFAULT '0',
  `specification_table_id` bigint unsigned DEFAULT NULL,
  `store_id` bigint unsigned DEFAULT NULL,
  `approved_by` bigint unsigned DEFAULT '0',
  PRIMARY KEY (`id`),
  KEY `ec_products_brand_id_status_is_variation_created_at_index` (`brand_id`,`status`,`is_variation`,`created_at`),
  KEY `sale_type_index` (`sale_type`),
  KEY `start_date_index` (`start_date`),
  KEY `end_date_index` (`end_date`),
  KEY `sale_price_index` (`sale_price`),
  KEY `is_variation_index` (`is_variation`),
  KEY `ec_products_sku_index` (`sku`)
) ENGINE=InnoDB AUTO_INCREMENT=86 DEFAULT CHARSET=utf8mb4 COLLATE=utf8mb4_unicode_ci;

--
-- Dumping data for table `ec_products`
--

INSERT INTO `ec_products` VALUES (1,'Dual Camera 20MP (Digital)','<ul><li> Unrestrained and portable active stereo speaker</li>\n            <li> Free from the confines of wires and chords</li>\n            <li> 20 hours of portable capabilities</li>\n            <li> Double-ended Coil Cord with 3.5mm Stereo Plugs Included</li>\n            <li> 3/4″ Dome Tweeters: 2X and 4″ Woofer: 1X</li></ul>','<p>Short Hooded Coat features a straight body, large pockets with button flaps, ventilation air holes, and a string detail along the hemline. The style is completed with a drawstring hood, featuring Rains’ signature built-in cap. Made from waterproof, matte PU, this lightweight unisex rain jacket is an ode to nostalgia through its classic silhouette and utilitarian design details.</p>\n                                <p>- Casual unisex fit</p>\n\n                                <p>- 64% polyester, 36% polyurethane</p>\n\n                                <p>- Water column pressure: 4000 mm</p>\n\n                                <p>- Model is 187cm tall and wearing a size S / M</p>\n\n                                <p>- Unisex fit</p>\n\n                                <p>- Drawstring hood with built-in cap</p>\n\n                                <p>- Front placket with snap buttons</p>\n\n                                <p>- Ventilation under armpit</p>\n\n                                <p>- Adjustable cuffs</p>\n\n                                <p>- Double welted front pockets</p>\n\n                                <p>- Adjustable elastic string at hempen</p>\n\n                                <p>- Ultrasonically welded seams</p>\n\n                                <p>This is a unisex item, please check our clothing &amp; footwear sizing guide for specific Rains jacket sizing information. RAINS comes from the rainy nation of Denmark at the edge of the European continent, close to the ocean and with prevailing westerly winds; all factors that contribute to an average of 121 rain days each year. Arising from these rainy weather conditions comes the attitude that a quick rain shower may be beautiful, as well as moody- but first and foremost requires the right outfit. Rains focus on the whole experience of going outside on rainy days, issuing an invitation to explore even in the most mercurial weather.</p>','published','[\"products\\/1.jpg\"]',NULL,'SW-192-A0',0,18,0,1,'in_stock',1,6,0,0,80.25,NULL,NULL,NULL,13,10,18,578,NULL,180719,'2025-01-21 08:51:17','2025-01-21 08:51:26',0,'Botble\\ACL\\Models\\User',NULL,'digital',NULL,NULL,0,0,0,0,2,2,0),(2,'Smart Watches','<ul><li> Unrestrained and portable active stereo speaker</li>\n            <li> Free from the confines of wires and chords</li>\n            <li> 20 hours of portable capabilities</li>\n            <li> Double-ended Coil Cord with 3.5mm Stereo Plugs Included</li>\n            <li> 3/4″ Dome Tweeters: 2X and 4″ Woofer: 1X</li></ul>','<p>Short Hooded Coat features a straight body, large pockets with button flaps, ventilation air holes, and a string detail along the hemline. The style is completed with a drawstring hood, featuring Rains’ signature built-in cap. Made from waterproof, matte PU, this lightweight unisex rain jacket is an ode to nostalgia through its classic silhouette and utilitarian design details.</p>\n                                <p>- Casual unisex fit</p>\n\n                                <p>- 64% polyester, 36% polyurethane</p>\n\n                                <p>- Water column pressure: 4000 mm</p>\n\n                                <p>- Model is 187cm tall and wearing a size S / M</p>\n\n                                <p>- Unisex fit</p>\n\n                                <p>- Drawstring hood with built-in cap</p>\n\n                                <p>- Front placket with snap buttons</p>\n\n                                <p>- Ventilation under armpit</p>\n\n                                <p>- Adjustable cuffs</p>\n\n                                <p>- Double welted front pockets</p>\n\n                                <p>- Adjustable elastic string at hempen</p>\n\n                                <p>- Ultrasonically welded seams</p>\n\n                                <p>This is a unisex item, please check our clothing &amp; footwear sizing guide for specific Rains jacket sizing information. RAINS comes from the rainy nation of Denmark at the edge of the European continent, close to the ocean and with prevailing westerly winds; all factors that contribute to an average of 121 rain days each year. Arising from these rainy weather conditions comes the attitude that a quick rain shower may be beautiful, as well as moody- but first and foremost requires the right outfit. Rains focus on the whole experience of going outside on rainy days, issuing an invitation to explore even in the most mercurial weather.</p>','published','[\"products\\/2.jpg\",\"products\\/2-1.jpg\",\"products\\/2-2.jpg\",\"products\\/2-3.jpg\"]',NULL,'SW-172-A0',0,15,0,1,'in_stock',1,1,0,0,40.5,NULL,NULL,NULL,11,16,14,585,NULL,149529,'2025-01-21 08:51:17','2025-01-21 08:51:26',0,'Botble\\ACL\\Models\\User',NULL,'physical',NULL,NULL,0,0,0,0,1,3,0),(3,'Beat Headphone','<ul><li> Unrestrained and portable active stereo speaker</li>\n            <li> Free from the confines of wires and chords</li>\n            <li> 20 hours of portable capabilities</li>\n            <li> Double-ended Coil Cord with 3.5mm Stereo Plugs Included</li>\n            <li> 3/4″ Dome Tweeters: 2X and 4″ Woofer: 1X</li></ul>','<p>Short Hooded Coat features a straight body, large pockets with button flaps, ventilation air holes, and a string detail along the hemline. The style is completed with a drawstring hood, featuring Rains’ signature built-in cap. Made from waterproof, matte PU, this lightweight unisex rain jacket is an ode to nostalgia through its classic silhouette and utilitarian design details.</p>\n                                <p>- Casual unisex fit</p>\n\n                                <p>- 64% polyester, 36% polyurethane</p>\n\n                                <p>- Water column pressure: 4000 mm</p>\n\n                                <p>- Model is 187cm tall and wearing a size S / M</p>\n\n                                <p>- Unisex fit</p>\n\n                                <p>- Drawstring hood with built-in cap</p>\n\n                                <p>- Front placket with snap buttons</p>\n\n                                <p>- Ventilation under armpit</p>\n\n                                <p>- Adjustable cuffs</p>\n\n                                <p>- Double welted front pockets</p>\n\n                                <p>- Adjustable elastic string at hempen</p>\n\n                                <p>- Ultrasonically welded seams</p>\n\n                                <p>This is a unisex item, please check our clothing &amp; footwear sizing guide for specific Rains jacket sizing information. RAINS comes from the rainy nation of Denmark at the edge of the European continent, close to the ocean and with prevailing westerly winds; all factors that contribute to an average of 121 rain days each year. Arising from these rainy weather conditions comes the attitude that a quick rain shower may be beautiful, as well as moody- but first and foremost requires the right outfit. Rains focus on the whole experience of going outside on rainy days, issuing an invitation to explore even in the most mercurial weather.</p>','published','[\"products\\/3.jpg\"]',NULL,'SW-131-A0',0,20,0,1,'in_stock',1,7,0,0,20,NULL,NULL,NULL,17,15,17,616,NULL,152644,'2025-01-21 08:51:17','2025-01-21 08:51:26',0,'Botble\\ACL\\Models\\User',NULL,'physical',NULL,NULL,0,0,0,0,1,1,0),(4,'Red &amp; Black Headphone','<ul><li> Unrestrained and portable active stereo speaker</li>\n            <li> Free from the confines of wires and chords</li>\n            <li> 20 hours of portable capabilities</li>\n            <li> Double-ended Coil Cord with 3.5mm Stereo Plugs Included</li>\n            <li> 3/4″ Dome Tweeters: 2X and 4″ Woofer: 1X</li></ul>','<p>Short Hooded Coat features a straight body, large pockets with button flaps, ventilation air holes, and a string detail along the hemline. The style is completed with a drawstring hood, featuring Rains’ signature built-in cap. Made from waterproof, matte PU, this lightweight unisex rain jacket is an ode to nostalgia through its classic silhouette and utilitarian design details.</p>\n                                <p>- Casual unisex fit</p>\n\n                                <p>- 64% polyester, 36% polyurethane</p>\n\n                                <p>- Water column pressure: 4000 mm</p>\n\n                                <p>- Model is 187cm tall and wearing a size S / M</p>\n\n                                <p>- Unisex fit</p>\n\n                                <p>- Drawstring hood with built-in cap</p>\n\n                                <p>- Front placket with snap buttons</p>\n\n                                <p>- Ventilation under armpit</p>\n\n                                <p>- Adjustable cuffs</p>\n\n                                <p>- Double welted front pockets</p>\n\n                                <p>- Adjustable elastic string at hempen</p>\n\n                                <p>- Ultrasonically welded seams</p>\n\n                                <p>This is a unisex item, please check our clothing &amp; footwear sizing guide for specific Rains jacket sizing information. RAINS comes from the rainy nation of Denmark at the edge of the European continent, close to the ocean and with prevailing westerly winds; all factors that contribute to an average of 121 rain days each year. Arising from these rainy weather conditions comes the attitude that a quick rain shower may be beautiful, as well as moody- but first and foremost requires the right outfit. Rains focus on the whole experience of going outside on rainy days, issuing an invitation to explore even in the most mercurial weather.</p>','published','[\"products\\/4.jpg\",\"products\\/4-1.jpg\",\"products\\/4-2.jpg\",\"products\\/4-3.jpg\"]',NULL,'SW-108-A0',0,18,0,1,'in_stock',1,2,0,0,600,528,NULL,NULL,17,10,16,663,NULL,192533,'2025-01-21 08:51:17','2025-01-21 08:51:26',0,'Botble\\ACL\\Models\\User',NULL,'physical',NULL,NULL,0,0,0,0,2,4,0),(5,'Smart Watch External (Digital)','<ul><li> Unrestrained and portable active stereo speaker</li>\n            <li> Free from the confines of wires and chords</li>\n            <li> 20 hours of portable capabilities</li>\n            <li> Double-ended Coil Cord with 3.5mm Stereo Plugs Included</li>\n            <li> 3/4″ Dome Tweeters: 2X and 4″ Woofer: 1X</li></ul>','<p>Short Hooded Coat features a straight body, large pockets with button flaps, ventilation air holes, and a string detail along the hemline. The style is completed with a drawstring hood, featuring Rains’ signature built-in cap. Made from waterproof, matte PU, this lightweight unisex rain jacket is an ode to nostalgia through its classic silhouette and utilitarian design details.</p>\n                                <p>- Casual unisex fit</p>\n\n                                <p>- 64% polyester, 36% polyurethane</p>\n\n                                <p>- Water column pressure: 4000 mm</p>\n\n                                <p>- Model is 187cm tall and wearing a size S / M</p>\n\n                                <p>- Unisex fit</p>\n\n                                <p>- Drawstring hood with built-in cap</p>\n\n                                <p>- Front placket with snap buttons</p>\n\n                                <p>- Ventilation under armpit</p>\n\n                                <p>- Adjustable cuffs</p>\n\n                                <p>- Double welted front pockets</p>\n\n                                <p>- Adjustable elastic string at hempen</p>\n\n                                <p>- Ultrasonically welded seams</p>\n\n                                <p>This is a unisex item, please check our clothing &amp; footwear sizing guide for specific Rains jacket sizing information. RAINS comes from the rainy nation of Denmark at the edge of the European continent, close to the ocean and with prevailing westerly winds; all factors that contribute to an average of 121 rain days each year. Arising from these rainy weather conditions comes the attitude that a quick rain shower may be beautiful, as well as moody- but first and foremost requires the right outfit. Rains focus on the whole experience of going outside on rainy days, issuing an invitation to explore even in the most mercurial weather.</p>','published','[\"products\\/5.jpg\",\"products\\/5-1.jpg\",\"products\\/5-2.jpg\",\"products\\/5-3.jpg\"]',NULL,'SW-143-A0',0,15,0,1,'in_stock',1,4,0,0,729,NULL,NULL,NULL,10,15,16,572,NULL,49115,'2025-01-21 08:51:17','2025-01-21 08:51:26',0,'Botble\\ACL\\Models\\User',NULL,'digital',NULL,NULL,0,0,0,0,2,4,0),(6,'Nikon HD camera','<ul><li> Unrestrained and portable active stereo speaker</li>\n            <li> Free from the confines of wires and chords</li>\n            <li> 20 hours of portable capabilities</li>\n            <li> Double-ended Coil Cord with 3.5mm Stereo Plugs Included</li>\n            <li> 3/4″ Dome Tweeters: 2X and 4″ Woofer: 1X</li></ul>','<p>Short Hooded Coat features a straight body, large pockets with button flaps, ventilation air holes, and a string detail along the hemline. The style is completed with a drawstring hood, featuring Rains’ signature built-in cap. Made from waterproof, matte PU, this lightweight unisex rain jacket is an ode to nostalgia through its classic silhouette and utilitarian design details.</p>\n                                <p>- Casual unisex fit</p>\n\n                                <p>- 64% polyester, 36% polyurethane</p>\n\n                                <p>- Water column pressure: 4000 mm</p>\n\n                                <p>- Model is 187cm tall and wearing a size S / M</p>\n\n                                <p>- Unisex fit</p>\n\n                                <p>- Drawstring hood with built-in cap</p>\n\n                                <p>- Front placket with snap buttons</p>\n\n                                <p>- Ventilation under armpit</p>\n\n                                <p>- Adjustable cuffs</p>\n\n                                <p>- Double welted front pockets</p>\n\n                                <p>- Adjustable elastic string at hempen</p>\n\n                                <p>- Ultrasonically welded seams</p>\n\n                                <p>This is a unisex item, please check our clothing &amp; footwear sizing guide for specific Rains jacket sizing information. RAINS comes from the rainy nation of Denmark at the edge of the European continent, close to the ocean and with prevailing westerly winds; all factors that contribute to an average of 121 rain days each year. Arising from these rainy weather conditions comes the attitude that a quick rain shower may be beautiful, as well as moody- but first and foremost requires the right outfit. Rains focus on the whole experience of going outside on rainy days, issuing an invitation to explore even in the most mercurial weather.</p>','published','[\"products\\/6.jpg\"]',NULL,'SW-196-A0',0,12,0,1,'in_stock',1,5,0,0,499,NULL,NULL,NULL,19,18,19,564,NULL,174407,'2025-01-21 08:51:17','2025-01-21 08:51:26',0,'Botble\\ACL\\Models\\User',NULL,'physical',NULL,NULL,0,0,0,0,1,1,0),(7,'Audio Equipment','<ul><li> Unrestrained and portable active stereo speaker</li>\n            <li> Free from the confines of wires and chords</li>\n            <li> 20 hours of portable capabilities</li>\n            <li> Double-ended Coil Cord with 3.5mm Stereo Plugs Included</li>\n            <li> 3/4″ Dome Tweeters: 2X and 4″ Woofer: 1X</li></ul>','<p>Short Hooded Coat features a straight body, large pockets with button flaps, ventilation air holes, and a string detail along the hemline. The style is completed with a drawstring hood, featuring Rains’ signature built-in cap. Made from waterproof, matte PU, this lightweight unisex rain jacket is an ode to nostalgia through its classic silhouette and utilitarian design details.</p>\n                                <p>- Casual unisex fit</p>\n\n                                <p>- 64% polyester, 36% polyurethane</p>\n\n                                <p>- Water column pressure: 4000 mm</p>\n\n                                <p>- Model is 187cm tall and wearing a size S / M</p>\n\n                                <p>- Unisex fit</p>\n\n                                <p>- Drawstring hood with built-in cap</p>\n\n                                <p>- Front placket with snap buttons</p>\n\n                                <p>- Ventilation under armpit</p>\n\n                                <p>- Adjustable cuffs</p>\n\n                                <p>- Double welted front pockets</p>\n\n                                <p>- Adjustable elastic string at hempen</p>\n\n                                <p>- Ultrasonically welded seams</p>\n\n                                <p>This is a unisex item, please check our clothing &amp; footwear sizing guide for specific Rains jacket sizing information. RAINS comes from the rainy nation of Denmark at the edge of the European continent, close to the ocean and with prevailing westerly winds; all factors that contribute to an average of 121 rain days each year. Arising from these rainy weather conditions comes the attitude that a quick rain shower may be beautiful, as well as moody- but first and foremost requires the right outfit. Rains focus on the whole experience of going outside on rainy days, issuing an invitation to explore even in the most mercurial weather.</p>','published','[\"products\\/7.jpg\"]',NULL,'SW-146-A0',0,15,0,1,'in_stock',1,5,0,0,519,NULL,NULL,NULL,10,17,10,711,NULL,145104,'2025-01-21 08:51:17','2025-01-21 08:51:26',0,'Botble\\ACL\\Models\\User',NULL,'physical',NULL,NULL,0,0,0,0,2,1,0),(8,'Smart Televisions','<ul><li> Unrestrained and portable active stereo speaker</li>\n            <li> Free from the confines of wires and chords</li>\n            <li> 20 hours of portable capabilities</li>\n            <li> Double-ended Coil Cord with 3.5mm Stereo Plugs Included</li>\n            <li> 3/4″ Dome Tweeters: 2X and 4″ Woofer: 1X</li></ul>','<p>Short Hooded Coat features a straight body, large pockets with button flaps, ventilation air holes, and a string detail along the hemline. The style is completed with a drawstring hood, featuring Rains’ signature built-in cap. Made from waterproof, matte PU, this lightweight unisex rain jacket is an ode to nostalgia through its classic silhouette and utilitarian design details.</p>\n                                <p>- Casual unisex fit</p>\n\n                                <p>- 64% polyester, 36% polyurethane</p>\n\n                                <p>- Water column pressure: 4000 mm</p>\n\n                                <p>- Model is 187cm tall and wearing a size S / M</p>\n\n                                <p>- Unisex fit</p>\n\n                                <p>- Drawstring hood with built-in cap</p>\n\n                                <p>- Front placket with snap buttons</p>\n\n                                <p>- Ventilation under armpit</p>\n\n                                <p>- Adjustable cuffs</p>\n\n                                <p>- Double welted front pockets</p>\n\n                                <p>- Adjustable elastic string at hempen</p>\n\n                                <p>- Ultrasonically welded seams</p>\n\n                                <p>This is a unisex item, please check our clothing &amp; footwear sizing guide for specific Rains jacket sizing information. RAINS comes from the rainy nation of Denmark at the edge of the European continent, close to the ocean and with prevailing westerly winds; all factors that contribute to an average of 121 rain days each year. Arising from these rainy weather conditions comes the attitude that a quick rain shower may be beautiful, as well as moody- but first and foremost requires the right outfit. Rains focus on the whole experience of going outside on rainy days, issuing an invitation to explore even in the most mercurial weather.</p>','published','[\"products\\/8.jpg\",\"products\\/8-1.jpg\",\"products\\/8-2.jpg\",\"products\\/8-3.jpg\"]',NULL,'SW-199-A0',0,17,0,1,'in_stock',1,6,0,0,1246,1096.48,NULL,NULL,17,16,10,824,NULL,16912,'2025-01-21 08:51:17','2025-01-21 08:51:26',0,'Botble\\ACL\\Models\\User',NULL,'physical',NULL,NULL,0,0,0,0,1,1,0),(9,'Samsung Smart Phone (Digital)','<ul><li> Unrestrained and portable active stereo speaker</li>\n            <li> Free from the confines of wires and chords</li>\n            <li> 20 hours of portable capabilities</li>\n            <li> Double-ended Coil Cord with 3.5mm Stereo Plugs Included</li>\n            <li> 3/4″ Dome Tweeters: 2X and 4″ Woofer: 1X</li></ul>','<p>Short Hooded Coat features a straight body, large pockets with button flaps, ventilation air holes, and a string detail along the hemline. The style is completed with a drawstring hood, featuring Rains’ signature built-in cap. Made from waterproof, matte PU, this lightweight unisex rain jacket is an ode to nostalgia through its classic silhouette and utilitarian design details.</p>\n                                <p>- Casual unisex fit</p>\n\n                                <p>- 64% polyester, 36% polyurethane</p>\n\n                                <p>- Water column pressure: 4000 mm</p>\n\n                                <p>- Model is 187cm tall and wearing a size S / M</p>\n\n                                <p>- Unisex fit</p>\n\n                                <p>- Drawstring hood with built-in cap</p>\n\n                                <p>- Front placket with snap buttons</p>\n\n                                <p>- Ventilation under armpit</p>\n\n                                <p>- Adjustable cuffs</p>\n\n                                <p>- Double welted front pockets</p>\n\n                                <p>- Adjustable elastic string at hempen</p>\n\n                                <p>- Ultrasonically welded seams</p>\n\n                                <p>This is a unisex item, please check our clothing &amp; footwear sizing guide for specific Rains jacket sizing information. RAINS comes from the rainy nation of Denmark at the edge of the European continent, close to the ocean and with prevailing westerly winds; all factors that contribute to an average of 121 rain days each year. Arising from these rainy weather conditions comes the attitude that a quick rain shower may be beautiful, as well as moody- but first and foremost requires the right outfit. Rains focus on the whole experience of going outside on rainy days, issuing an invitation to explore even in the most mercurial weather.</p>','published','[\"products\\/9.jpg\",\"products\\/9-1.jpg\",\"products\\/9-2.jpg\"]',NULL,'SW-190-A0',0,19,0,1,'in_stock',1,6,0,0,571,NULL,NULL,NULL,14,12,18,724,NULL,141562,'2025-01-21 08:51:17','2025-01-21 08:51:26',0,'Botble\\ACL\\Models\\User',NULL,'digital',NULL,NULL,0,0,0,0,2,4,0),(10,'Herschel Leather Duffle Bag In Brown Color','<ul><li> Unrestrained and portable active stereo speaker</li>\n            <li> Free from the confines of wires and chords</li>\n            <li> 20 hours of portable capabilities</li>\n            <li> Double-ended Coil Cord with 3.5mm Stereo Plugs Included</li>\n            <li> 3/4″ Dome Tweeters: 2X and 4″ Woofer: 1X</li></ul>','<p>Short Hooded Coat features a straight body, large pockets with button flaps, ventilation air holes, and a string detail along the hemline. The style is completed with a drawstring hood, featuring Rains’ signature built-in cap. Made from waterproof, matte PU, this lightweight unisex rain jacket is an ode to nostalgia through its classic silhouette and utilitarian design details.</p>\n                                <p>- Casual unisex fit</p>\n\n                                <p>- 64% polyester, 36% polyurethane</p>\n\n                                <p>- Water column pressure: 4000 mm</p>\n\n                                <p>- Model is 187cm tall and wearing a size S / M</p>\n\n                                <p>- Unisex fit</p>\n\n                                <p>- Drawstring hood with built-in cap</p>\n\n                                <p>- Front placket with snap buttons</p>\n\n                                <p>- Ventilation under armpit</p>\n\n                                <p>- Adjustable cuffs</p>\n\n                                <p>- Double welted front pockets</p>\n\n                                <p>- Adjustable elastic string at hempen</p>\n\n                                <p>- Ultrasonically welded seams</p>\n\n                                <p>This is a unisex item, please check our clothing &amp; footwear sizing guide for specific Rains jacket sizing information. RAINS comes from the rainy nation of Denmark at the edge of the European continent, close to the ocean and with prevailing westerly winds; all factors that contribute to an average of 121 rain days each year. Arising from these rainy weather conditions comes the attitude that a quick rain shower may be beautiful, as well as moody- but first and foremost requires the right outfit. Rains focus on the whole experience of going outside on rainy days, issuing an invitation to explore even in the most mercurial weather.</p>','published','[\"products\\/10.jpg\",\"products\\/10-1.jpg\",\"products\\/10-2.jpg\"]',NULL,'SW-134-A0',0,12,0,1,'in_stock',0,1,0,0,1165,NULL,NULL,NULL,15,11,18,669,NULL,198322,'2025-01-21 08:51:17','2025-01-21 08:51:26',0,'Botble\\ACL\\Models\\User',NULL,'physical',NULL,NULL,0,0,0,0,1,1,0),(11,'Xbox One Wireless Controller Black Color','<ul><li> Unrestrained and portable active stereo speaker</li>\n            <li> Free from the confines of wires and chords</li>\n            <li> 20 hours of portable capabilities</li>\n            <li> Double-ended Coil Cord with 3.5mm Stereo Plugs Included</li>\n            <li> 3/4″ Dome Tweeters: 2X and 4″ Woofer: 1X</li></ul>','<p>Short Hooded Coat features a straight body, large pockets with button flaps, ventilation air holes, and a string detail along the hemline. The style is completed with a drawstring hood, featuring Rains’ signature built-in cap. Made from waterproof, matte PU, this lightweight unisex rain jacket is an ode to nostalgia through its classic silhouette and utilitarian design details.</p>\n                                <p>- Casual unisex fit</p>\n\n                                <p>- 64% polyester, 36% polyurethane</p>\n\n                                <p>- Water column pressure: 4000 mm</p>\n\n                                <p>- Model is 187cm tall and wearing a size S / M</p>\n\n                                <p>- Unisex fit</p>\n\n                                <p>- Drawstring hood with built-in cap</p>\n\n                                <p>- Front placket with snap buttons</p>\n\n                                <p>- Ventilation under armpit</p>\n\n                                <p>- Adjustable cuffs</p>\n\n                                <p>- Double welted front pockets</p>\n\n                                <p>- Adjustable elastic string at hempen</p>\n\n                                <p>- Ultrasonically welded seams</p>\n\n                                <p>This is a unisex item, please check our clothing &amp; footwear sizing guide for specific Rains jacket sizing information. RAINS comes from the rainy nation of Denmark at the edge of the European continent, close to the ocean and with prevailing westerly winds; all factors that contribute to an average of 121 rain days each year. Arising from these rainy weather conditions comes the attitude that a quick rain shower may be beautiful, as well as moody- but first and foremost requires the right outfit. Rains focus on the whole experience of going outside on rainy days, issuing an invitation to explore even in the most mercurial weather.</p>','published','[\"products\\/11.jpg\",\"products\\/11-1.jpg\",\"products\\/11-2.jpg\",\"products\\/11-3.jpg\"]',NULL,'SW-115-A0',0,13,0,1,'in_stock',0,7,0,0,1263,NULL,NULL,NULL,20,11,15,832,NULL,21169,'2025-01-21 08:51:17','2025-01-21 08:51:26',0,'Botble\\ACL\\Models\\User',NULL,'physical',NULL,NULL,0,0,0,0,1,2,0),(12,'EPSION Plaster Printer','<ul><li> Unrestrained and portable active stereo speaker</li>\n            <li> Free from the confines of wires and chords</li>\n            <li> 20 hours of portable capabilities</li>\n            <li> Double-ended Coil Cord with 3.5mm Stereo Plugs Included</li>\n            <li> 3/4″ Dome Tweeters: 2X and 4″ Woofer: 1X</li></ul>','<p>Short Hooded Coat features a straight body, large pockets with button flaps, ventilation air holes, and a string detail along the hemline. The style is completed with a drawstring hood, featuring Rains’ signature built-in cap. Made from waterproof, matte PU, this lightweight unisex rain jacket is an ode to nostalgia through its classic silhouette and utilitarian design details.</p>\n                                <p>- Casual unisex fit</p>\n\n                                <p>- 64% polyester, 36% polyurethane</p>\n\n                                <p>- Water column pressure: 4000 mm</p>\n\n                                <p>- Model is 187cm tall and wearing a size S / M</p>\n\n                                <p>- Unisex fit</p>\n\n                                <p>- Drawstring hood with built-in cap</p>\n\n                                <p>- Front placket with snap buttons</p>\n\n                                <p>- Ventilation under armpit</p>\n\n                                <p>- Adjustable cuffs</p>\n\n                                <p>- Double welted front pockets</p>\n\n                                <p>- Adjustable elastic string at hempen</p>\n\n                                <p>- Ultrasonically welded seams</p>\n\n                                <p>This is a unisex item, please check our clothing &amp; footwear sizing guide for specific Rains jacket sizing information. RAINS comes from the rainy nation of Denmark at the edge of the European continent, close to the ocean and with prevailing westerly winds; all factors that contribute to an average of 121 rain days each year. Arising from these rainy weather conditions comes the attitude that a quick rain shower may be beautiful, as well as moody- but first and foremost requires the right outfit. Rains focus on the whole experience of going outside on rainy days, issuing an invitation to explore even in the most mercurial weather.</p>','published','[\"products\\/12.jpg\",\"products\\/12-1.jpg\",\"products\\/12-2.jpg\",\"products\\/12-3.jpg\"]',NULL,'SW-147-A0',0,13,0,1,'in_stock',0,3,0,0,563,456.03,NULL,NULL,16,16,14,881,NULL,48511,'2025-01-21 08:51:17','2025-01-21 08:51:26',0,'Botble\\ACL\\Models\\User',NULL,'physical',NULL,NULL,0,0,0,0,1,4,0),(13,'Sound Intone I65 Earphone White Version (Digital)','<ul><li> Unrestrained and portable active stereo speaker</li>\n            <li> Free from the confines of wires and chords</li>\n            <li> 20 hours of portable capabilities</li>\n            <li> Double-ended Coil Cord with 3.5mm Stereo Plugs Included</li>\n            <li> 3/4″ Dome Tweeters: 2X and 4″ Woofer: 1X</li></ul>','<p>Short Hooded Coat features a straight body, large pockets with button flaps, ventilation air holes, and a string detail along the hemline. The style is completed with a drawstring hood, featuring Rains’ signature built-in cap. Made from waterproof, matte PU, this lightweight unisex rain jacket is an ode to nostalgia through its classic silhouette and utilitarian design details.</p>\n                                <p>- Casual unisex fit</p>\n\n                                <p>- 64% polyester, 36% polyurethane</p>\n\n                                <p>- Water column pressure: 4000 mm</p>\n\n                                <p>- Model is 187cm tall and wearing a size S / M</p>\n\n                                <p>- Unisex fit</p>\n\n                                <p>- Drawstring hood with built-in cap</p>\n\n                                <p>- Front placket with snap buttons</p>\n\n                                <p>- Ventilation under armpit</p>\n\n                                <p>- Adjustable cuffs</p>\n\n                                <p>- Double welted front pockets</p>\n\n                                <p>- Adjustable elastic string at hempen</p>\n\n                                <p>- Ultrasonically welded seams</p>\n\n                                <p>This is a unisex item, please check our clothing &amp; footwear sizing guide for specific Rains jacket sizing information. RAINS comes from the rainy nation of Denmark at the edge of the European continent, close to the ocean and with prevailing westerly winds; all factors that contribute to an average of 121 rain days each year. Arising from these rainy weather conditions comes the attitude that a quick rain shower may be beautiful, as well as moody- but first and foremost requires the right outfit. Rains focus on the whole experience of going outside on rainy days, issuing an invitation to explore even in the most mercurial weather.</p>','published','[\"products\\/13.jpg\",\"products\\/13-1.jpg\"]',NULL,'SW-157-A0',0,13,0,1,'in_stock',0,6,0,0,587,NULL,NULL,NULL,13,10,16,598,NULL,148720,'2025-01-21 08:51:17','2025-01-21 08:51:26',0,'Botble\\ACL\\Models\\User',NULL,'digital',NULL,NULL,0,0,0,0,2,4,0),(14,'B&amp;O Play Mini Bluetooth Speaker','<ul><li> Unrestrained and portable active stereo speaker</li>\n            <li> Free from the confines of wires and chords</li>\n            <li> 20 hours of portable capabilities</li>\n            <li> Double-ended Coil Cord with 3.5mm Stereo Plugs Included</li>\n            <li> 3/4″ Dome Tweeters: 2X and 4″ Woofer: 1X</li></ul>','<p>Short Hooded Coat features a straight body, large pockets with button flaps, ventilation air holes, and a string detail along the hemline. The style is completed with a drawstring hood, featuring Rains’ signature built-in cap. Made from waterproof, matte PU, this lightweight unisex rain jacket is an ode to nostalgia through its classic silhouette and utilitarian design details.</p>\n                                <p>- Casual unisex fit</p>\n\n                                <p>- 64% polyester, 36% polyurethane</p>\n\n                                <p>- Water column pressure: 4000 mm</p>\n\n                                <p>- Model is 187cm tall and wearing a size S / M</p>\n\n                                <p>- Unisex fit</p>\n\n                                <p>- Drawstring hood with built-in cap</p>\n\n                                <p>- Front placket with snap buttons</p>\n\n                                <p>- Ventilation under armpit</p>\n\n                                <p>- Adjustable cuffs</p>\n\n                                <p>- Double welted front pockets</p>\n\n                                <p>- Adjustable elastic string at hempen</p>\n\n                                <p>- Ultrasonically welded seams</p>\n\n                                <p>This is a unisex item, please check our clothing &amp; footwear sizing guide for specific Rains jacket sizing information. RAINS comes from the rainy nation of Denmark at the edge of the European continent, close to the ocean and with prevailing westerly winds; all factors that contribute to an average of 121 rain days each year. Arising from these rainy weather conditions comes the attitude that a quick rain shower may be beautiful, as well as moody- but first and foremost requires the right outfit. Rains focus on the whole experience of going outside on rainy days, issuing an invitation to explore even in the most mercurial weather.</p>','published','[\"products\\/14.jpg\"]',NULL,'SW-120-A0',0,19,0,1,'in_stock',0,3,0,0,514,NULL,NULL,NULL,20,19,12,852,NULL,131923,'2025-01-21 08:51:17','2025-01-21 08:51:26',0,'Botble\\ACL\\Models\\User',NULL,'physical',NULL,NULL,0,0,0,0,2,2,0),(15,'Apple MacBook Air Retina 13.3-Inch Laptop','<ul><li> Unrestrained and portable active stereo speaker</li>\n            <li> Free from the confines of wires and chords</li>\n            <li> 20 hours of portable capabilities</li>\n            <li> Double-ended Coil Cord with 3.5mm Stereo Plugs Included</li>\n            <li> 3/4″ Dome Tweeters: 2X and 4″ Woofer: 1X</li></ul>','<p>Short Hooded Coat features a straight body, large pockets with button flaps, ventilation air holes, and a string detail along the hemline. The style is completed with a drawstring hood, featuring Rains’ signature built-in cap. Made from waterproof, matte PU, this lightweight unisex rain jacket is an ode to nostalgia through its classic silhouette and utilitarian design details.</p>\n                                <p>- Casual unisex fit</p>\n\n                                <p>- 64% polyester, 36% polyurethane</p>\n\n                                <p>- Water column pressure: 4000 mm</p>\n\n                                <p>- Model is 187cm tall and wearing a size S / M</p>\n\n                                <p>- Unisex fit</p>\n\n                                <p>- Drawstring hood with built-in cap</p>\n\n                                <p>- Front placket with snap buttons</p>\n\n                                <p>- Ventilation under armpit</p>\n\n                                <p>- Adjustable cuffs</p>\n\n                                <p>- Double welted front pockets</p>\n\n                                <p>- Adjustable elastic string at hempen</p>\n\n                                <p>- Ultrasonically welded seams</p>\n\n                                <p>This is a unisex item, please check our clothing &amp; footwear sizing guide for specific Rains jacket sizing information. RAINS comes from the rainy nation of Denmark at the edge of the European continent, close to the ocean and with prevailing westerly winds; all factors that contribute to an average of 121 rain days each year. Arising from these rainy weather conditions comes the attitude that a quick rain shower may be beautiful, as well as moody- but first and foremost requires the right outfit. Rains focus on the whole experience of going outside on rainy days, issuing an invitation to explore even in the most mercurial weather.</p>','published','[\"products\\/15.jpg\",\"products\\/15-1.jpg\"]',NULL,'SW-181-A0',0,19,0,1,'in_stock',0,2,0,0,516,NULL,NULL,NULL,15,11,15,789,NULL,61895,'2025-01-21 08:51:17','2025-01-21 08:51:26',0,'Botble\\ACL\\Models\\User',NULL,'physical',NULL,NULL,0,0,0,0,1,1,0),(16,'Apple MacBook Air Retina 12-Inch Laptop','<ul><li> Unrestrained and portable active stereo speaker</li>\n            <li> Free from the confines of wires and chords</li>\n            <li> 20 hours of portable capabilities</li>\n            <li> Double-ended Coil Cord with 3.5mm Stereo Plugs Included</li>\n            <li> 3/4″ Dome Tweeters: 2X and 4″ Woofer: 1X</li></ul>','<p>Short Hooded Coat features a straight body, large pockets with button flaps, ventilation air holes, and a string detail along the hemline. The style is completed with a drawstring hood, featuring Rains’ signature built-in cap. Made from waterproof, matte PU, this lightweight unisex rain jacket is an ode to nostalgia through its classic silhouette and utilitarian design details.</p>\n                                <p>- Casual unisex fit</p>\n\n                                <p>- 64% polyester, 36% polyurethane</p>\n\n                                <p>- Water column pressure: 4000 mm</p>\n\n                                <p>- Model is 187cm tall and wearing a size S / M</p>\n\n                                <p>- Unisex fit</p>\n\n                                <p>- Drawstring hood with built-in cap</p>\n\n                                <p>- Front placket with snap buttons</p>\n\n                                <p>- Ventilation under armpit</p>\n\n                                <p>- Adjustable cuffs</p>\n\n                                <p>- Double welted front pockets</p>\n\n                                <p>- Adjustable elastic string at hempen</p>\n\n                                <p>- Ultrasonically welded seams</p>\n\n                                <p>This is a unisex item, please check our clothing &amp; footwear sizing guide for specific Rains jacket sizing information. RAINS comes from the rainy nation of Denmark at the edge of the European continent, close to the ocean and with prevailing westerly winds; all factors that contribute to an average of 121 rain days each year. Arising from these rainy weather conditions comes the attitude that a quick rain shower may be beautiful, as well as moody- but first and foremost requires the right outfit. Rains focus on the whole experience of going outside on rainy days, issuing an invitation to explore even in the most mercurial weather.</p>','published','[\"products\\/16.jpg\"]',NULL,'SW-190-A0',0,13,0,1,'in_stock',0,1,0,0,506,430.1,NULL,NULL,18,12,20,859,NULL,50219,'2025-01-21 08:51:17','2025-01-21 08:51:26',0,'Botble\\ACL\\Models\\User',NULL,'physical',NULL,NULL,0,0,0,0,2,1,0),(17,'Samsung Gear VR Virtual Reality Headset (Digital)','<ul><li> Unrestrained and portable active stereo speaker</li>\n            <li> Free from the confines of wires and chords</li>\n            <li> 20 hours of portable capabilities</li>\n            <li> Double-ended Coil Cord with 3.5mm Stereo Plugs Included</li>\n            <li> 3/4″ Dome Tweeters: 2X and 4″ Woofer: 1X</li></ul>','<p>Short Hooded Coat features a straight body, large pockets with button flaps, ventilation air holes, and a string detail along the hemline. The style is completed with a drawstring hood, featuring Rains’ signature built-in cap. Made from waterproof, matte PU, this lightweight unisex rain jacket is an ode to nostalgia through its classic silhouette and utilitarian design details.</p>\n                                <p>- Casual unisex fit</p>\n\n                                <p>- 64% polyester, 36% polyurethane</p>\n\n                                <p>- Water column pressure: 4000 mm</p>\n\n                                <p>- Model is 187cm tall and wearing a size S / M</p>\n\n                                <p>- Unisex fit</p>\n\n                                <p>- Drawstring hood with built-in cap</p>\n\n                                <p>- Front placket with snap buttons</p>\n\n                                <p>- Ventilation under armpit</p>\n\n                                <p>- Adjustable cuffs</p>\n\n                                <p>- Double welted front pockets</p>\n\n                                <p>- Adjustable elastic string at hempen</p>\n\n                                <p>- Ultrasonically welded seams</p>\n\n                                <p>This is a unisex item, please check our clothing &amp; footwear sizing guide for specific Rains jacket sizing information. RAINS comes from the rainy nation of Denmark at the edge of the European continent, close to the ocean and with prevailing westerly winds; all factors that contribute to an average of 121 rain days each year. Arising from these rainy weather conditions comes the attitude that a quick rain shower may be beautiful, as well as moody- but first and foremost requires the right outfit. Rains focus on the whole experience of going outside on rainy days, issuing an invitation to explore even in the most mercurial weather.</p>','published','[\"products\\/17.jpg\",\"products\\/17-1.jpg\",\"products\\/17-2.jpg\",\"products\\/17-3.jpg\"]',NULL,'SW-134-A0',0,11,0,1,'in_stock',0,3,0,0,535,NULL,NULL,NULL,20,16,15,818,NULL,165924,'2025-01-21 08:51:17','2025-01-21 08:51:26',0,'Botble\\ACL\\Models\\User',NULL,'digital',NULL,NULL,0,0,0,0,2,3,0),(18,'Aveeno Moisturizing Body Shower 450ml','<ul><li> Unrestrained and portable active stereo speaker</li>\n            <li> Free from the confines of wires and chords</li>\n            <li> 20 hours of portable capabilities</li>\n            <li> Double-ended Coil Cord with 3.5mm Stereo Plugs Included</li>\n            <li> 3/4″ Dome Tweeters: 2X and 4″ Woofer: 1X</li></ul>','<p>Short Hooded Coat features a straight body, large pockets with button flaps, ventilation air holes, and a string detail along the hemline. The style is completed with a drawstring hood, featuring Rains’ signature built-in cap. Made from waterproof, matte PU, this lightweight unisex rain jacket is an ode to nostalgia through its classic silhouette and utilitarian design details.</p>\n                                <p>- Casual unisex fit</p>\n\n                                <p>- 64% polyester, 36% polyurethane</p>\n\n                                <p>- Water column pressure: 4000 mm</p>\n\n                                <p>- Model is 187cm tall and wearing a size S / M</p>\n\n                                <p>- Unisex fit</p>\n\n                                <p>- Drawstring hood with built-in cap</p>\n\n                                <p>- Front placket with snap buttons</p>\n\n                                <p>- Ventilation under armpit</p>\n\n                                <p>- Adjustable cuffs</p>\n\n                                <p>- Double welted front pockets</p>\n\n                                <p>- Adjustable elastic string at hempen</p>\n\n                                <p>- Ultrasonically welded seams</p>\n\n                                <p>This is a unisex item, please check our clothing &amp; footwear sizing guide for specific Rains jacket sizing information. RAINS comes from the rainy nation of Denmark at the edge of the European continent, close to the ocean and with prevailing westerly winds; all factors that contribute to an average of 121 rain days each year. Arising from these rainy weather conditions comes the attitude that a quick rain shower may be beautiful, as well as moody- but first and foremost requires the right outfit. Rains focus on the whole experience of going outside on rainy days, issuing an invitation to explore even in the most mercurial weather.</p>','published','[\"products\\/18.jpg\",\"products\\/18-1.jpg\",\"products\\/18-2.jpg\",\"products\\/18-3.jpg\"]',NULL,'SW-191-A0',0,20,0,1,'in_stock',0,3,0,0,1034,NULL,NULL,NULL,14,11,19,845,NULL,2002,'2025-01-21 08:51:17','2025-01-21 08:51:26',0,'Botble\\ACL\\Models\\User',NULL,'physical',NULL,NULL,0,0,0,0,2,4,0),(19,'NYX Beauty Couton Pallete Makeup 12','<ul><li> Unrestrained and portable active stereo speaker</li>\n            <li> Free from the confines of wires and chords</li>\n            <li> 20 hours of portable capabilities</li>\n            <li> Double-ended Coil Cord with 3.5mm Stereo Plugs Included</li>\n            <li> 3/4″ Dome Tweeters: 2X and 4″ Woofer: 1X</li></ul>','<p>Short Hooded Coat features a straight body, large pockets with button flaps, ventilation air holes, and a string detail along the hemline. The style is completed with a drawstring hood, featuring Rains’ signature built-in cap. Made from waterproof, matte PU, this lightweight unisex rain jacket is an ode to nostalgia through its classic silhouette and utilitarian design details.</p>\n                                <p>- Casual unisex fit</p>\n\n                                <p>- 64% polyester, 36% polyurethane</p>\n\n                                <p>- Water column pressure: 4000 mm</p>\n\n                                <p>- Model is 187cm tall and wearing a size S / M</p>\n\n                                <p>- Unisex fit</p>\n\n                                <p>- Drawstring hood with built-in cap</p>\n\n                                <p>- Front placket with snap buttons</p>\n\n                                <p>- Ventilation under armpit</p>\n\n                                <p>- Adjustable cuffs</p>\n\n                                <p>- Double welted front pockets</p>\n\n                                <p>- Adjustable elastic string at hempen</p>\n\n                                <p>- Ultrasonically welded seams</p>\n\n                                <p>This is a unisex item, please check our clothing &amp; footwear sizing guide for specific Rains jacket sizing information. RAINS comes from the rainy nation of Denmark at the edge of the European continent, close to the ocean and with prevailing westerly winds; all factors that contribute to an average of 121 rain days each year. Arising from these rainy weather conditions comes the attitude that a quick rain shower may be beautiful, as well as moody- but first and foremost requires the right outfit. Rains focus on the whole experience of going outside on rainy days, issuing an invitation to explore even in the most mercurial weather.</p>','published','[\"products\\/19.jpg\",\"products\\/19-1.jpg\",\"products\\/19-2.jpg\",\"products\\/19-3.jpg\"]',NULL,'SW-196-A0',0,15,0,1,'in_stock',0,7,0,0,1167,NULL,NULL,NULL,14,11,12,540,NULL,198360,'2025-01-21 08:51:17','2025-01-21 08:51:26',0,'Botble\\ACL\\Models\\User',NULL,'physical',NULL,NULL,0,0,0,0,1,3,0),(20,'NYX Beauty Couton Pallete Makeup 12','<ul><li> Unrestrained and portable active stereo speaker</li>\n            <li> Free from the confines of wires and chords</li>\n            <li> 20 hours of portable capabilities</li>\n            <li> Double-ended Coil Cord with 3.5mm Stereo Plugs Included</li>\n            <li> 3/4″ Dome Tweeters: 2X and 4″ Woofer: 1X</li></ul>','<p>Short Hooded Coat features a straight body, large pockets with button flaps, ventilation air holes, and a string detail along the hemline. The style is completed with a drawstring hood, featuring Rains’ signature built-in cap. Made from waterproof, matte PU, this lightweight unisex rain jacket is an ode to nostalgia through its classic silhouette and utilitarian design details.</p>\n                                <p>- Casual unisex fit</p>\n\n                                <p>- 64% polyester, 36% polyurethane</p>\n\n                                <p>- Water column pressure: 4000 mm</p>\n\n                                <p>- Model is 187cm tall and wearing a size S / M</p>\n\n                                <p>- Unisex fit</p>\n\n                                <p>- Drawstring hood with built-in cap</p>\n\n                                <p>- Front placket with snap buttons</p>\n\n                                <p>- Ventilation under armpit</p>\n\n                                <p>- Adjustable cuffs</p>\n\n                                <p>- Double welted front pockets</p>\n\n                                <p>- Adjustable elastic string at hempen</p>\n\n                                <p>- Ultrasonically welded seams</p>\n\n                                <p>This is a unisex item, please check our clothing &amp; footwear sizing guide for specific Rains jacket sizing information. RAINS comes from the rainy nation of Denmark at the edge of the European continent, close to the ocean and with prevailing westerly winds; all factors that contribute to an average of 121 rain days each year. Arising from these rainy weather conditions comes the attitude that a quick rain shower may be beautiful, as well as moody- but first and foremost requires the right outfit. Rains focus on the whole experience of going outside on rainy days, issuing an invitation to explore even in the most mercurial weather.</p>','published','[\"products\\/20.jpg\",\"products\\/20-1.jpg\",\"products\\/20-2.jpg\",\"products\\/20-3.jpg\"]',NULL,'SW-127-A0',0,19,0,1,'in_stock',0,6,0,0,944,774.08,NULL,NULL,16,18,20,680,NULL,145204,'2025-01-21 08:51:17','2025-01-21 08:51:26',0,'Botble\\ACL\\Models\\User',NULL,'physical',NULL,NULL,0,0,0,0,2,1,0),(21,'MVMTH Classical Leather Watch In Black (Digital)','<ul><li> Unrestrained and portable active stereo speaker</li>\n            <li> Free from the confines of wires and chords</li>\n            <li> 20 hours of portable capabilities</li>\n            <li> Double-ended Coil Cord with 3.5mm Stereo Plugs Included</li>\n            <li> 3/4″ Dome Tweeters: 2X and 4″ Woofer: 1X</li></ul>','<p>Short Hooded Coat features a straight body, large pockets with button flaps, ventilation air holes, and a string detail along the hemline. The style is completed with a drawstring hood, featuring Rains’ signature built-in cap. Made from waterproof, matte PU, this lightweight unisex rain jacket is an ode to nostalgia through its classic silhouette and utilitarian design details.</p>\n                                <p>- Casual unisex fit</p>\n\n                                <p>- 64% polyester, 36% polyurethane</p>\n\n                                <p>- Water column pressure: 4000 mm</p>\n\n                                <p>- Model is 187cm tall and wearing a size S / M</p>\n\n                                <p>- Unisex fit</p>\n\n                                <p>- Drawstring hood with built-in cap</p>\n\n                                <p>- Front placket with snap buttons</p>\n\n                                <p>- Ventilation under armpit</p>\n\n                                <p>- Adjustable cuffs</p>\n\n                                <p>- Double welted front pockets</p>\n\n                                <p>- Adjustable elastic string at hempen</p>\n\n                                <p>- Ultrasonically welded seams</p>\n\n                                <p>This is a unisex item, please check our clothing &amp; footwear sizing guide for specific Rains jacket sizing information. RAINS comes from the rainy nation of Denmark at the edge of the European continent, close to the ocean and with prevailing westerly winds; all factors that contribute to an average of 121 rain days each year. Arising from these rainy weather conditions comes the attitude that a quick rain shower may be beautiful, as well as moody- but first and foremost requires the right outfit. Rains focus on the whole experience of going outside on rainy days, issuing an invitation to explore even in the most mercurial weather.</p>','published','[\"products\\/21.jpg\",\"products\\/21-1.jpg\",\"products\\/21-2.jpg\"]',NULL,'SW-189-A0',0,16,0,1,'in_stock',0,6,0,0,902,NULL,NULL,NULL,16,16,12,652,NULL,16738,'2025-01-21 08:51:17','2025-01-21 08:51:26',0,'Botble\\ACL\\Models\\User',NULL,'digital',NULL,NULL,0,0,0,0,1,3,0),(22,'Baxter Care Hair Kit For Bearded Mens','<ul><li> Unrestrained and portable active stereo speaker</li>\n            <li> Free from the confines of wires and chords</li>\n            <li> 20 hours of portable capabilities</li>\n            <li> Double-ended Coil Cord with 3.5mm Stereo Plugs Included</li>\n            <li> 3/4″ Dome Tweeters: 2X and 4″ Woofer: 1X</li></ul>','<p>Short Hooded Coat features a straight body, large pockets with button flaps, ventilation air holes, and a string detail along the hemline. The style is completed with a drawstring hood, featuring Rains’ signature built-in cap. Made from waterproof, matte PU, this lightweight unisex rain jacket is an ode to nostalgia through its classic silhouette and utilitarian design details.</p>\n                                <p>- Casual unisex fit</p>\n\n                                <p>- 64% polyester, 36% polyurethane</p>\n\n                                <p>- Water column pressure: 4000 mm</p>\n\n                                <p>- Model is 187cm tall and wearing a size S / M</p>\n\n                                <p>- Unisex fit</p>\n\n                                <p>- Drawstring hood with built-in cap</p>\n\n                                <p>- Front placket with snap buttons</p>\n\n                                <p>- Ventilation under armpit</p>\n\n                                <p>- Adjustable cuffs</p>\n\n                                <p>- Double welted front pockets</p>\n\n                                <p>- Adjustable elastic string at hempen</p>\n\n                                <p>- Ultrasonically welded seams</p>\n\n                                <p>This is a unisex item, please check our clothing &amp; footwear sizing guide for specific Rains jacket sizing information. RAINS comes from the rainy nation of Denmark at the edge of the European continent, close to the ocean and with prevailing westerly winds; all factors that contribute to an average of 121 rain days each year. Arising from these rainy weather conditions comes the attitude that a quick rain shower may be beautiful, as well as moody- but first and foremost requires the right outfit. Rains focus on the whole experience of going outside on rainy days, issuing an invitation to explore even in the most mercurial weather.</p>','published','[\"products\\/22.jpg\",\"products\\/22-1.jpg\",\"products\\/22-2.jpg\",\"products\\/22-3.jpg\"]',NULL,'SW-188-A0',0,15,0,1,'in_stock',0,1,0,0,474,NULL,NULL,NULL,15,20,10,576,NULL,176160,'2025-01-21 08:51:17','2025-01-21 08:51:26',0,'Botble\\ACL\\Models\\User',NULL,'physical',NULL,NULL,0,0,0,0,2,1,0),(23,'Ciate Palemore Lipstick Bold Red Color','<ul><li> Unrestrained and portable active stereo speaker</li>\n            <li> Free from the confines of wires and chords</li>\n            <li> 20 hours of portable capabilities</li>\n            <li> Double-ended Coil Cord with 3.5mm Stereo Plugs Included</li>\n            <li> 3/4″ Dome Tweeters: 2X and 4″ Woofer: 1X</li></ul>','<p>Short Hooded Coat features a straight body, large pockets with button flaps, ventilation air holes, and a string detail along the hemline. The style is completed with a drawstring hood, featuring Rains’ signature built-in cap. Made from waterproof, matte PU, this lightweight unisex rain jacket is an ode to nostalgia through its classic silhouette and utilitarian design details.</p>\n                                <p>- Casual unisex fit</p>\n\n                                <p>- 64% polyester, 36% polyurethane</p>\n\n                                <p>- Water column pressure: 4000 mm</p>\n\n                                <p>- Model is 187cm tall and wearing a size S / M</p>\n\n                                <p>- Unisex fit</p>\n\n                                <p>- Drawstring hood with built-in cap</p>\n\n                                <p>- Front placket with snap buttons</p>\n\n                                <p>- Ventilation under armpit</p>\n\n                                <p>- Adjustable cuffs</p>\n\n                                <p>- Double welted front pockets</p>\n\n                                <p>- Adjustable elastic string at hempen</p>\n\n                                <p>- Ultrasonically welded seams</p>\n\n                                <p>This is a unisex item, please check our clothing &amp; footwear sizing guide for specific Rains jacket sizing information. RAINS comes from the rainy nation of Denmark at the edge of the European continent, close to the ocean and with prevailing westerly winds; all factors that contribute to an average of 121 rain days each year. Arising from these rainy weather conditions comes the attitude that a quick rain shower may be beautiful, as well as moody- but first and foremost requires the right outfit. Rains focus on the whole experience of going outside on rainy days, issuing an invitation to explore even in the most mercurial weather.</p>','published','[\"products\\/23.jpg\",\"products\\/23-1.jpg\",\"products\\/23-2.jpg\",\"products\\/23-3.jpg\"]',NULL,'SW-142-A0',0,13,0,1,'in_stock',0,3,0,0,641,NULL,NULL,NULL,18,20,15,837,NULL,140686,'2025-01-21 08:51:17','2025-01-21 08:51:26',0,'Botble\\ACL\\Models\\User',NULL,'physical',NULL,NULL,0,0,0,0,1,3,0),(24,'Dual Camera 20MP (Digital)',NULL,NULL,'published','[\"products\\/1.jpg\"]',NULL,'SW-192-A0',0,18,0,1,'in_stock',0,6,1,0,80.25,NULL,NULL,NULL,13,10,18,578,NULL,0,'2025-01-21 08:51:17','2025-01-21 08:51:26',0,'Botble\\ACL\\Models\\User',NULL,'digital',NULL,NULL,0,0,0,0,NULL,NULL,0),(25,'Dual Camera 20MP (Digital)',NULL,NULL,'published','[\"products\\/1.jpg\"]',NULL,'SW-192-A0-A1',0,18,0,1,'in_stock',0,6,1,0,80.25,NULL,NULL,NULL,13,10,18,578,NULL,0,'2025-01-21 08:51:17','2025-01-21 08:51:26',0,'Botble\\ACL\\Models\\User',NULL,'digital',NULL,NULL,0,0,0,0,NULL,NULL,0),(26,'Dual Camera 20MP (Digital)',NULL,NULL,'published','[\"products\\/1.jpg\"]',NULL,'SW-192-A0-A2',0,18,0,1,'in_stock',0,6,1,0,80.25,NULL,NULL,NULL,13,10,18,578,NULL,0,'2025-01-21 08:51:17','2025-01-21 08:51:26',0,'Botble\\ACL\\Models\\User',NULL,'digital',NULL,NULL,0,0,0,0,NULL,NULL,0),(27,'Smart Watches',NULL,NULL,'published','[\"products\\/2.jpg\"]',NULL,'SW-172-A0',0,15,0,1,'in_stock',0,1,1,0,40.5,NULL,NULL,NULL,11,16,14,585,NULL,0,'2025-01-21 08:51:17','2025-01-21 08:51:26',0,'Botble\\ACL\\Models\\User',NULL,'physical',NULL,NULL,0,0,0,0,NULL,NULL,0),(28,'Beat Headphone',NULL,NULL,'published','[\"products\\/3.jpg\"]',NULL,'SW-131-A0',0,20,0,1,'in_stock',0,7,1,0,20,NULL,NULL,NULL,17,15,17,616,NULL,0,'2025-01-21 08:51:17','2025-01-21 08:51:26',0,'Botble\\ACL\\Models\\User',NULL,'physical',NULL,NULL,0,0,0,0,NULL,NULL,0),(29,'Beat Headphone',NULL,NULL,'published','[\"products\\/3.jpg\"]',NULL,'SW-131-A0-A1',0,20,0,1,'in_stock',0,7,1,0,20,NULL,NULL,NULL,17,15,17,616,NULL,0,'2025-01-21 08:51:17','2025-01-21 08:51:26',0,'Botble\\ACL\\Models\\User',NULL,'physical',NULL,NULL,0,0,0,0,NULL,NULL,0),(30,'Beat Headphone',NULL,NULL,'published','[\"products\\/3.jpg\"]',NULL,'SW-131-A0-A2',0,20,0,1,'in_stock',0,7,1,0,20,NULL,NULL,NULL,17,15,17,616,NULL,0,'2025-01-21 08:51:17','2025-01-21 08:51:26',0,'Botble\\ACL\\Models\\User',NULL,'physical',NULL,NULL,0,0,0,0,NULL,NULL,0),(31,'Beat Headphone',NULL,NULL,'published','[\"products\\/3.jpg\"]',NULL,'SW-131-A0-A3',0,20,0,1,'in_stock',0,7,1,0,20,NULL,NULL,NULL,17,15,17,616,NULL,0,'2025-01-21 08:51:17','2025-01-21 08:51:26',0,'Botble\\ACL\\Models\\User',NULL,'physical',NULL,NULL,0,0,0,0,NULL,NULL,0),(32,'Red & Black Headphone',NULL,NULL,'published','[\"products\\/4.jpg\"]',NULL,'SW-108-A0',0,18,0,1,'in_stock',0,2,1,0,600,528,NULL,NULL,17,10,16,663,NULL,0,'2025-01-21 08:51:17','2025-01-21 08:51:26',0,'Botble\\ACL\\Models\\User',NULL,'physical',NULL,NULL,0,0,0,0,NULL,NULL,0),(33,'Red & Black Headphone',NULL,NULL,'published','[\"products\\/4-1.jpg\"]',NULL,'SW-108-A0-A1',0,18,0,1,'in_stock',0,2,1,0,600,420,NULL,NULL,17,10,16,663,NULL,0,'2025-01-21 08:51:17','2025-01-21 08:51:26',0,'Botble\\ACL\\Models\\User',NULL,'physical',NULL,NULL,0,0,0,0,NULL,NULL,0),(34,'Red & Black Headphone',NULL,NULL,'published','[\"products\\/4-2.jpg\"]',NULL,'SW-108-A0-A2',0,18,0,1,'in_stock',0,2,1,0,600,528,NULL,NULL,17,10,16,663,NULL,0,'2025-01-21 08:51:17','2025-01-21 08:51:26',0,'Botble\\ACL\\Models\\User',NULL,'physical',NULL,NULL,0,0,0,0,NULL,NULL,0),(35,'Red & Black Headphone',NULL,NULL,'published','[\"products\\/4-3.jpg\"]',NULL,'SW-108-A0-A3',0,18,0,1,'in_stock',0,2,1,0,600,522,NULL,NULL,17,10,16,663,NULL,0,'2025-01-21 08:51:17','2025-01-21 08:51:26',0,'Botble\\ACL\\Models\\User',NULL,'physical',NULL,NULL,0,0,0,0,NULL,NULL,0),(36,'Smart Watch External (Digital)',NULL,NULL,'published','[\"products\\/5.jpg\"]',NULL,'SW-143-A0',0,15,0,1,'in_stock',0,4,1,0,729,NULL,NULL,NULL,10,15,16,572,NULL,0,'2025-01-21 08:51:17','2025-01-21 08:51:26',0,'Botble\\ACL\\Models\\User',NULL,'digital',NULL,NULL,0,0,0,0,NULL,NULL,0),(37,'Smart Watch External (Digital)',NULL,NULL,'published','[\"products\\/5-1.jpg\"]',NULL,'SW-143-A0-A1',0,15,0,1,'in_stock',0,4,1,0,729,NULL,NULL,NULL,10,15,16,572,NULL,0,'2025-01-21 08:51:17','2025-01-21 08:51:26',0,'Botble\\ACL\\Models\\User',NULL,'digital',NULL,NULL,0,0,0,0,NULL,NULL,0),(38,'Smart Watch External (Digital)',NULL,NULL,'published','[\"products\\/5-2.jpg\"]',NULL,'SW-143-A0-A2',0,15,0,1,'in_stock',0,4,1,0,729,NULL,NULL,NULL,10,15,16,572,NULL,0,'2025-01-21 08:51:17','2025-01-21 08:51:26',0,'Botble\\ACL\\Models\\User',NULL,'digital',NULL,NULL,0,0,0,0,NULL,NULL,0),(39,'Nikon HD camera',NULL,NULL,'published','[\"products\\/6.jpg\"]',NULL,'SW-196-A0',0,12,0,1,'in_stock',0,5,1,0,499,NULL,NULL,NULL,19,18,19,564,NULL,0,'2025-01-21 08:51:17','2025-01-21 08:51:26',0,'Botble\\ACL\\Models\\User',NULL,'physical',NULL,NULL,0,0,0,0,NULL,NULL,0),(40,'Nikon HD camera',NULL,NULL,'published','[\"products\\/6.jpg\"]',NULL,'SW-196-A0-A1',0,12,0,1,'in_stock',0,5,1,0,499,NULL,NULL,NULL,19,18,19,564,NULL,0,'2025-01-21 08:51:17','2025-01-21 08:51:26',0,'Botble\\ACL\\Models\\User',NULL,'physical',NULL,NULL,0,0,0,0,NULL,NULL,0),(41,'Nikon HD camera',NULL,NULL,'published','[\"products\\/6.jpg\"]',NULL,'SW-196-A0-A2',0,12,0,1,'in_stock',0,5,1,0,499,NULL,NULL,NULL,19,18,19,564,NULL,0,'2025-01-21 08:51:17','2025-01-21 08:51:26',0,'Botble\\ACL\\Models\\User',NULL,'physical',NULL,NULL,0,0,0,0,NULL,NULL,0),(42,'Nikon HD camera',NULL,NULL,'published','[\"products\\/6.jpg\"]',NULL,'SW-196-A0-A3',0,12,0,1,'in_stock',0,5,1,0,499,NULL,NULL,NULL,19,18,19,564,NULL,0,'2025-01-21 08:51:17','2025-01-21 08:51:26',0,'Botble\\ACL\\Models\\User',NULL,'physical',NULL,NULL,0,0,0,0,NULL,NULL,0),(43,'Audio Equipment',NULL,NULL,'published','[\"products\\/7.jpg\"]',NULL,'SW-146-A0',0,15,0,1,'in_stock',0,5,1,0,519,NULL,NULL,NULL,10,17,10,711,NULL,0,'2025-01-21 08:51:17','2025-01-21 08:51:26',0,'Botble\\ACL\\Models\\User',NULL,'physical',NULL,NULL,0,0,0,0,NULL,NULL,0),(44,'Audio Equipment',NULL,NULL,'published','[\"products\\/7.jpg\"]',NULL,'SW-146-A0-A1',0,15,0,1,'in_stock',0,5,1,0,519,NULL,NULL,NULL,10,17,10,711,NULL,0,'2025-01-21 08:51:17','2025-01-21 08:51:26',0,'Botble\\ACL\\Models\\User',NULL,'physical',NULL,NULL,0,0,0,0,NULL,NULL,0),(45,'Smart Televisions',NULL,NULL,'published','[\"products\\/8.jpg\"]',NULL,'SW-199-A0',0,17,0,1,'in_stock',0,6,1,0,1246,1096.48,NULL,NULL,17,16,10,824,NULL,0,'2025-01-21 08:51:17','2025-01-21 08:51:26',0,'Botble\\ACL\\Models\\User',NULL,'physical',NULL,NULL,0,0,0,0,NULL,NULL,0),(46,'Smart Televisions',NULL,NULL,'published','[\"products\\/8-1.jpg\"]',NULL,'SW-199-A0-A1',0,17,0,1,'in_stock',0,6,1,0,1246,959.42,NULL,NULL,17,16,10,824,NULL,0,'2025-01-21 08:51:17','2025-01-21 08:51:26',0,'Botble\\ACL\\Models\\User',NULL,'physical',NULL,NULL,0,0,0,0,NULL,NULL,0),(47,'Samsung Smart Phone (Digital)',NULL,NULL,'published','[\"products\\/9.jpg\"]',NULL,'SW-190-A0',0,19,0,1,'in_stock',0,6,1,0,571,NULL,NULL,NULL,14,12,18,724,NULL,0,'2025-01-21 08:51:17','2025-01-21 08:51:26',0,'Botble\\ACL\\Models\\User',NULL,'digital',NULL,NULL,0,0,0,0,NULL,NULL,0),(48,'Samsung Smart Phone (Digital)',NULL,NULL,'published','[\"products\\/9-1.jpg\"]',NULL,'SW-190-A0-A1',0,19,0,1,'in_stock',0,6,1,0,571,NULL,NULL,NULL,14,12,18,724,NULL,0,'2025-01-21 08:51:17','2025-01-21 08:51:26',0,'Botble\\ACL\\Models\\User',NULL,'digital',NULL,NULL,0,0,0,0,NULL,NULL,0),(49,'Samsung Smart Phone (Digital)',NULL,NULL,'published','[\"products\\/9-2.jpg\"]',NULL,'SW-190-A0-A2',0,19,0,1,'in_stock',0,6,1,0,571,NULL,NULL,NULL,14,12,18,724,NULL,0,'2025-01-21 08:51:17','2025-01-21 08:51:26',0,'Botble\\ACL\\Models\\User',NULL,'digital',NULL,NULL,0,0,0,0,NULL,NULL,0),(50,'Herschel Leather Duffle Bag In Brown Color',NULL,NULL,'published','[\"products\\/10.jpg\"]',NULL,'SW-134-A0',0,12,0,1,'in_stock',0,1,1,0,1165,NULL,NULL,NULL,15,11,18,669,NULL,0,'2025-01-21 08:51:17','2025-01-21 08:51:26',0,'Botble\\ACL\\Models\\User',NULL,'physical',NULL,NULL,0,0,0,0,NULL,NULL,0),(51,'Herschel Leather Duffle Bag In Brown Color',NULL,NULL,'published','[\"products\\/10-1.jpg\"]',NULL,'SW-134-A0-A1',0,12,0,1,'in_stock',0,1,1,0,1165,NULL,NULL,NULL,15,11,18,669,NULL,0,'2025-01-21 08:51:17','2025-01-21 08:51:26',0,'Botble\\ACL\\Models\\User',NULL,'physical',NULL,NULL,0,0,0,0,NULL,NULL,0),(52,'Herschel Leather Duffle Bag In Brown Color',NULL,NULL,'published','[\"products\\/10-2.jpg\"]',NULL,'SW-134-A0-A2',0,12,0,1,'in_stock',0,1,1,0,1165,NULL,NULL,NULL,15,11,18,669,NULL,0,'2025-01-21 08:51:17','2025-01-21 08:51:26',0,'Botble\\ACL\\Models\\User',NULL,'physical',NULL,NULL,0,0,0,0,NULL,NULL,0),(53,'Xbox One Wireless Controller Black Color',NULL,NULL,'published','[\"products\\/11.jpg\"]',NULL,'SW-115-A0',0,13,0,1,'in_stock',0,7,1,0,1263,NULL,NULL,NULL,20,11,15,832,NULL,0,'2025-01-21 08:51:17','2025-01-21 08:51:26',0,'Botble\\ACL\\Models\\User',NULL,'physical',NULL,NULL,0,0,0,0,NULL,NULL,0),(54,'Xbox One Wireless Controller Black Color',NULL,NULL,'published','[\"products\\/11-1.jpg\"]',NULL,'SW-115-A0-A1',0,13,0,1,'in_stock',0,7,1,0,1263,NULL,NULL,NULL,20,11,15,832,NULL,0,'2025-01-21 08:51:17','2025-01-21 08:51:26',0,'Botble\\ACL\\Models\\User',NULL,'physical',NULL,NULL,0,0,0,0,NULL,NULL,0),(55,'Xbox One Wireless Controller Black Color',NULL,NULL,'published','[\"products\\/11-2.jpg\"]',NULL,'SW-115-A0-A2',0,13,0,1,'in_stock',0,7,1,0,1263,NULL,NULL,NULL,20,11,15,832,NULL,0,'2025-01-21 08:51:17','2025-01-21 08:51:26',0,'Botble\\ACL\\Models\\User',NULL,'physical',NULL,NULL,0,0,0,0,NULL,NULL,0),(56,'Xbox One Wireless Controller Black Color',NULL,NULL,'published','[\"products\\/11-3.jpg\"]',NULL,'SW-115-A0-A3',0,13,0,1,'in_stock',0,7,1,0,1263,NULL,NULL,NULL,20,11,15,832,NULL,0,'2025-01-21 08:51:17','2025-01-21 08:51:26',0,'Botble\\ACL\\Models\\User',NULL,'physical',NULL,NULL,0,0,0,0,NULL,NULL,0),(57,'Xbox One Wireless Controller Black Color',NULL,NULL,'published','[\"products\\/11.jpg\"]',NULL,'SW-115-A0-A4',0,13,0,1,'in_stock',0,7,1,0,1263,NULL,NULL,NULL,20,11,15,832,NULL,0,'2025-01-21 08:51:17','2025-01-21 08:51:26',0,'Botble\\ACL\\Models\\User',NULL,'physical',NULL,NULL,0,0,0,0,NULL,NULL,0),(58,'EPSION Plaster Printer',NULL,NULL,'published','[\"products\\/12.jpg\"]',NULL,'SW-147-A0',0,13,0,1,'in_stock',0,3,1,0,563,456.03,NULL,NULL,16,16,14,881,NULL,0,'2025-01-21 08:51:17','2025-01-21 08:51:26',0,'Botble\\ACL\\Models\\User',NULL,'physical',NULL,NULL,0,0,0,0,NULL,NULL,0),(59,'EPSION Plaster Printer',NULL,NULL,'published','[\"products\\/12-1.jpg\"]',NULL,'SW-147-A0-A1',0,13,0,1,'in_stock',0,3,1,0,563,439.14,NULL,NULL,16,16,14,881,NULL,0,'2025-01-21 08:51:17','2025-01-21 08:51:26',0,'Botble\\ACL\\Models\\User',NULL,'physical',NULL,NULL,0,0,0,0,NULL,NULL,0),(60,'EPSION Plaster Printer',NULL,NULL,'published','[\"products\\/12-2.jpg\"]',NULL,'SW-147-A0-A2',0,13,0,1,'in_stock',0,3,1,0,563,422.25,NULL,NULL,16,16,14,881,NULL,0,'2025-01-21 08:51:17','2025-01-21 08:51:26',0,'Botble\\ACL\\Models\\User',NULL,'physical',NULL,NULL,0,0,0,0,NULL,NULL,0),(61,'Sound Intone I65 Earphone White Version (Digital)',NULL,NULL,'published','[\"products\\/13.jpg\"]',NULL,'SW-157-A0',0,13,0,1,'in_stock',0,6,1,0,587,NULL,NULL,NULL,13,10,16,598,NULL,0,'2025-01-21 08:51:17','2025-01-21 08:51:26',0,'Botble\\ACL\\Models\\User',NULL,'digital',NULL,NULL,0,0,0,0,NULL,NULL,0),(62,'B&O Play Mini Bluetooth Speaker',NULL,NULL,'published','[\"products\\/14.jpg\"]',NULL,'SW-120-A0',0,19,0,1,'in_stock',0,3,1,0,514,NULL,NULL,NULL,20,19,12,852,NULL,0,'2025-01-21 08:51:17','2025-01-21 08:51:26',0,'Botble\\ACL\\Models\\User',NULL,'physical',NULL,NULL,0,0,0,0,NULL,NULL,0),(63,'Apple MacBook Air Retina 13.3-Inch Laptop',NULL,NULL,'published','[\"products\\/15.jpg\"]',NULL,'SW-181-A0',0,19,0,1,'in_stock',0,2,1,0,516,NULL,NULL,NULL,15,11,15,789,NULL,0,'2025-01-21 08:51:17','2025-01-21 08:51:26',0,'Botble\\ACL\\Models\\User',NULL,'physical',NULL,NULL,0,0,0,0,NULL,NULL,0),(64,'Apple MacBook Air Retina 12-Inch Laptop',NULL,NULL,'published','[\"products\\/16.jpg\"]',NULL,'SW-190-A0',0,13,0,1,'in_stock',0,1,1,0,506,430.1,NULL,NULL,18,12,20,859,NULL,0,'2025-01-21 08:51:17','2025-01-21 08:51:26',0,'Botble\\ACL\\Models\\User',NULL,'physical',NULL,NULL,0,0,0,0,NULL,NULL,0),(65,'Apple MacBook Air Retina 12-Inch Laptop',NULL,NULL,'published','[\"products\\/16.jpg\"]',NULL,'SW-190-A0-A1',0,13,0,1,'in_stock',0,1,1,0,506,359.26,NULL,NULL,18,12,20,859,NULL,0,'2025-01-21 08:51:17','2025-01-21 08:51:26',0,'Botble\\ACL\\Models\\User',NULL,'physical',NULL,NULL,0,0,0,0,NULL,NULL,0),(66,'Samsung Gear VR Virtual Reality Headset (Digital)',NULL,NULL,'published','[\"products\\/17.jpg\"]',NULL,'SW-134-A0',0,11,0,1,'in_stock',0,3,1,0,535,NULL,NULL,NULL,20,16,15,818,NULL,0,'2025-01-21 08:51:17','2025-01-21 08:51:26',0,'Botble\\ACL\\Models\\User',NULL,'digital',NULL,NULL,0,0,0,0,NULL,NULL,0),(67,'Samsung Gear VR Virtual Reality Headset (Digital)',NULL,NULL,'published','[\"products\\/17-1.jpg\"]',NULL,'SW-134-A0-A1',0,11,0,1,'in_stock',0,3,1,0,535,NULL,NULL,NULL,20,16,15,818,NULL,0,'2025-01-21 08:51:17','2025-01-21 08:51:26',0,'Botble\\ACL\\Models\\User',NULL,'digital',NULL,NULL,0,0,0,0,NULL,NULL,0),(68,'Aveeno Moisturizing Body Shower 450ml',NULL,NULL,'published','[\"products\\/18.jpg\"]',NULL,'SW-191-A0',0,20,0,1,'in_stock',0,3,1,0,1034,NULL,NULL,NULL,14,11,19,845,NULL,0,'2025-01-21 08:51:17','2025-01-21 08:51:26',0,'Botble\\ACL\\Models\\User',NULL,'physical',NULL,NULL,0,0,0,0,NULL,NULL,0),(69,'Aveeno Moisturizing Body Shower 450ml',NULL,NULL,'published','[\"products\\/18-1.jpg\"]',NULL,'SW-191-A0-A1',0,20,0,1,'in_stock',0,3,1,0,1034,NULL,NULL,NULL,14,11,19,845,NULL,0,'2025-01-21 08:51:17','2025-01-21 08:51:26',0,'Botble\\ACL\\Models\\User',NULL,'physical',NULL,NULL,0,0,0,0,NULL,NULL,0),(70,'Aveeno Moisturizing Body Shower 450ml',NULL,NULL,'published','[\"products\\/18-2.jpg\"]',NULL,'SW-191-A0-A2',0,20,0,1,'in_stock',0,3,1,0,1034,NULL,NULL,NULL,14,11,19,845,NULL,0,'2025-01-21 08:51:17','2025-01-21 08:51:26',0,'Botble\\ACL\\Models\\User',NULL,'physical',NULL,NULL,0,0,0,0,NULL,NULL,0),(71,'NYX Beauty Couton Pallete Makeup 12',NULL,NULL,'published','[\"products\\/19.jpg\"]',NULL,'SW-196-A0',0,15,0,1,'in_stock',0,7,1,0,1167,NULL,NULL,NULL,14,11,12,540,NULL,0,'2025-01-21 08:51:17','2025-01-21 08:51:26',0,'Botble\\ACL\\Models\\User',NULL,'physical',NULL,NULL,0,0,0,0,NULL,NULL,0),(72,'NYX Beauty Couton Pallete Makeup 12',NULL,NULL,'published','[\"products\\/20.jpg\"]',NULL,'SW-127-A0',0,19,0,1,'in_stock',0,6,1,0,944,774.08,NULL,NULL,16,18,20,680,NULL,0,'2025-01-21 08:51:17','2025-01-21 08:51:26',0,'Botble\\ACL\\Models\\User',NULL,'physical',NULL,NULL,0,0,0,0,NULL,NULL,0),(73,'NYX Beauty Couton Pallete Makeup 12',NULL,NULL,'published','[\"products\\/20-1.jpg\"]',NULL,'SW-127-A0-A1',0,19,0,1,'in_stock',0,6,1,0,944,708,NULL,NULL,16,18,20,680,NULL,0,'2025-01-21 08:51:17','2025-01-21 08:51:26',0,'Botble\\ACL\\Models\\User',NULL,'physical',NULL,NULL,0,0,0,0,NULL,NULL,0),(74,'NYX Beauty Couton Pallete Makeup 12',NULL,NULL,'published','[\"products\\/20-2.jpg\"]',NULL,'SW-127-A0-A2',0,19,0,1,'in_stock',0,6,1,0,944,736.32,NULL,NULL,16,18,20,680,NULL,0,'2025-01-21 08:51:17','2025-01-21 08:51:26',0,'Botble\\ACL\\Models\\User',NULL,'physical',NULL,NULL,0,0,0,0,NULL,NULL,0),(75,'NYX Beauty Couton Pallete Makeup 12',NULL,NULL,'published','[\"products\\/20-3.jpg\"]',NULL,'SW-127-A0-A3',0,19,0,1,'in_stock',0,6,1,0,944,745.76,NULL,NULL,16,18,20,680,NULL,0,'2025-01-21 08:51:17','2025-01-21 08:51:26',0,'Botble\\ACL\\Models\\User',NULL,'physical',NULL,NULL,0,0,0,0,NULL,NULL,0),(76,'MVMTH Classical Leather Watch In Black (Digital)',NULL,NULL,'published','[\"products\\/21.jpg\"]',NULL,'SW-189-A0',0,16,0,1,'in_stock',0,6,1,0,902,NULL,NULL,NULL,16,16,12,652,NULL,0,'2025-01-21 08:51:17','2025-01-21 08:51:26',0,'Botble\\ACL\\Models\\User',NULL,'digital',NULL,NULL,0,0,0,0,NULL,NULL,0),(77,'MVMTH Classical Leather Watch In Black (Digital)',NULL,NULL,'published','[\"products\\/21-1.jpg\"]',NULL,'SW-189-A0-A1',0,16,0,1,'in_stock',0,6,1,0,902,NULL,NULL,NULL,16,16,12,652,NULL,0,'2025-01-21 08:51:17','2025-01-21 08:51:26',0,'Botble\\ACL\\Models\\User',NULL,'digital',NULL,NULL,0,0,0,0,NULL,NULL,0),(78,'MVMTH Classical Leather Watch In Black (Digital)',NULL,NULL,'published','[\"products\\/21-2.jpg\"]',NULL,'SW-189-A0-A2',0,16,0,1,'in_stock',0,6,1,0,902,NULL,NULL,NULL,16,16,12,652,NULL,0,'2025-01-21 08:51:17','2025-01-21 08:51:26',0,'Botble\\ACL\\Models\\User',NULL,'digital',NULL,NULL,0,0,0,0,NULL,NULL,0),(79,'Baxter Care Hair Kit For Bearded Mens',NULL,NULL,'published','[\"products\\/22.jpg\"]',NULL,'SW-188-A0',0,15,0,1,'in_stock',0,1,1,0,474,NULL,NULL,NULL,15,20,10,576,NULL,0,'2025-01-21 08:51:17','2025-01-21 08:51:26',0,'Botble\\ACL\\Models\\User',NULL,'physical',NULL,NULL,0,0,0,0,NULL,NULL,0),(80,'Baxter Care Hair Kit For Bearded Mens',NULL,NULL,'published','[\"products\\/22-1.jpg\"]',NULL,'SW-188-A0-A1',0,15,0,1,'in_stock',0,1,1,0,474,NULL,NULL,NULL,15,20,10,576,NULL,0,'2025-01-21 08:51:17','2025-01-21 08:51:26',0,'Botble\\ACL\\Models\\User',NULL,'physical',NULL,NULL,0,0,0,0,NULL,NULL,0),(81,'Baxter Care Hair Kit For Bearded Mens',NULL,NULL,'published','[\"products\\/22-2.jpg\"]',NULL,'SW-188-A0-A2',0,15,0,1,'in_stock',0,1,1,0,474,NULL,NULL,NULL,15,20,10,576,NULL,0,'2025-01-21 08:51:17','2025-01-21 08:51:26',0,'Botble\\ACL\\Models\\User',NULL,'physical',NULL,NULL,0,0,0,0,NULL,NULL,0),(82,'Baxter Care Hair Kit For Bearded Mens',NULL,NULL,'published','[\"products\\/22-3.jpg\"]',NULL,'SW-188-A0-A3',0,15,0,1,'in_stock',0,1,1,0,474,NULL,NULL,NULL,15,20,10,576,NULL,0,'2025-01-21 08:51:17','2025-01-21 08:51:26',0,'Botble\\ACL\\Models\\User',NULL,'physical',NULL,NULL,0,0,0,0,NULL,NULL,0),(83,'Ciate Palemore Lipstick Bold Red Color',NULL,NULL,'published','[\"products\\/23.jpg\"]',NULL,'SW-142-A0',0,13,0,1,'in_stock',0,3,1,0,641,NULL,NULL,NULL,18,20,15,837,NULL,0,'2025-01-21 08:51:17','2025-01-21 08:51:26',0,'Botble\\ACL\\Models\\User',NULL,'physical',NULL,NULL,0,0,0,0,NULL,NULL,0),(84,'Ciate Palemore Lipstick Bold Red Color',NULL,NULL,'published','[\"products\\/23-1.jpg\"]',NULL,'SW-142-A0-A1',0,13,0,1,'in_stock',0,3,1,0,641,NULL,NULL,NULL,18,20,15,837,NULL,0,'2025-01-21 08:51:17','2025-01-21 08:51:26',0,'Botble\\ACL\\Models\\User',NULL,'physical',NULL,NULL,0,0,0,0,NULL,NULL,0),(85,'Ciate Palemore Lipstick Bold Red Color',NULL,NULL,'published','[\"products\\/23-2.jpg\"]',NULL,'SW-142-A0-A2',0,13,0,1,'in_stock',0,3,1,0,641,NULL,NULL,NULL,18,20,15,837,NULL,0,'2025-01-21 08:51:17','2025-01-21 08:51:26',0,'Botble\\ACL\\Models\\User',NULL,'physical',NULL,NULL,0,0,0,0,NULL,NULL,0);

--
-- Table structure for table `ec_products_translations`
--

CREATE TABLE `ec_products_translations` (
  `lang_code` varchar(191) COLLATE utf8mb4_unicode_ci NOT NULL,
  `ec_products_id` bigint unsigned NOT NULL,
  `name` varchar(191) COLLATE utf8mb4_unicode_ci DEFAULT NULL,
  `description` text COLLATE utf8mb4_unicode_ci,
  `content` text COLLATE utf8mb4_unicode_ci,
  PRIMARY KEY (`lang_code`,`ec_products_id`)
) ENGINE=InnoDB DEFAULT CHARSET=utf8mb4 COLLATE=utf8mb4_unicode_ci;

--
-- Dumping data for table `ec_products_translations`
--


--
-- Table structure for table `ec_review_replies`
--

CREATE TABLE `ec_review_replies` (
  `id` bigint unsigned NOT NULL AUTO_INCREMENT,
  `user_id` bigint unsigned NOT NULL,
  `review_id` bigint unsigned NOT NULL,
  `message` text COLLATE utf8mb4_unicode_ci NOT NULL,
  `created_at` timestamp NULL DEFAULT NULL,
  `updated_at` timestamp NULL DEFAULT NULL,
  PRIMARY KEY (`id`),
  UNIQUE KEY `ec_review_replies_review_id_user_id_unique` (`review_id`,`user_id`)
) ENGINE=InnoDB DEFAULT CHARSET=utf8mb4 COLLATE=utf8mb4_unicode_ci;

--
-- Dumping data for table `ec_review_replies`
--


--
-- Table structure for table `ec_reviews`
--

CREATE TABLE `ec_reviews` (
  `id` bigint unsigned NOT NULL AUTO_INCREMENT,
  `customer_id` bigint unsigned DEFAULT NULL,
  `customer_name` varchar(191) COLLATE utf8mb4_unicode_ci DEFAULT NULL,
  `customer_email` varchar(191) COLLATE utf8mb4_unicode_ci DEFAULT NULL,
  `product_id` bigint unsigned NOT NULL,
  `star` double NOT NULL,
  `comment` text COLLATE utf8mb4_unicode_ci NOT NULL,
  `status` varchar(60) COLLATE utf8mb4_unicode_ci NOT NULL DEFAULT 'published',
  `created_at` timestamp NULL DEFAULT NULL,
  `updated_at` timestamp NULL DEFAULT NULL,
  `images` text COLLATE utf8mb4_unicode_ci,
  PRIMARY KEY (`id`),
  UNIQUE KEY `ec_reviews_product_id_customer_id_unique` (`product_id`,`customer_id`),
  KEY `ec_reviews_product_id_customer_id_status_created_at_index` (`product_id`,`customer_id`,`status`,`created_at`),
  KEY `review_relation_index` (`product_id`,`customer_id`,`status`)
) ENGINE=InnoDB AUTO_INCREMENT=1001 DEFAULT CHARSET=utf8mb4 COLLATE=utf8mb4_unicode_ci;

--
-- Dumping data for table `ec_reviews`
--

INSERT INTO `ec_reviews` VALUES (1,7,NULL,NULL,13,4,'Cool template. Excellent code quality. The support responds very quickly, which is very rare on themeforest and codecanyon.net, I buy a lot of templates, and everyone will have a response from technical support for two or three days. Thanks to tech support. I recommend to buy.','published','2025-01-21 08:51:21','2025-01-21 08:51:21','[\"products\\/8.jpg\",\"products\\/9-1.jpg\",\"products\\/19-2.jpg\",\"products\\/23.jpg\"]'),(2,5,NULL,NULL,18,4,'Very enthusiastic support! Excellent code is written. It\'s a true pleasure working with.','published','2025-01-21 08:51:21','2025-01-21 08:51:21','[\"products\\/23-2.jpg\"]'),(3,6,NULL,NULL,9,2,'It\'s not my first experience here on Codecanyon and I can honestly tell you all that Botble puts a LOT of effort into the support. They answer so fast, they helped me tons of times. REALLY by far THE BEST EXPERIENCE on Codecanyon. Those guys at Botble are so good that they deserve 5 stars. I recommend them, I trust them and I can\'t wait to see what they will sell in a near future. Thank you Botble :)','published','2025-01-21 08:51:21','2025-01-21 08:51:21','[\"products\\/9-1.jpg\",\"products\\/23-2.jpg\"]'),(4,8,NULL,NULL,11,3,'Customer Support are grade (A*), however the code is a way too over engineered for it\'s purpose.','published','2025-01-21 08:51:21','2025-01-21 08:51:21','[\"products\\/9-1.jpg\",\"products\\/10-2.jpg\",\"products\\/17-2.jpg\",\"products\\/19-3.jpg\"]'),(5,2,NULL,NULL,8,5,'This script is well coded and is super fast. The support is pretty quick. Very patient and helpful team. I strongly recommend it and they deserve more than 5 stars.','published','2025-01-21 08:51:21','2025-01-21 08:51:21','[\"products\\/2-3.jpg\"]'),(6,8,NULL,NULL,13,5,'The best ecommerce CMS! Excellent coding! best support service! Thank you so much..... I really like your hard work.','published','2025-01-21 08:51:21','2025-01-21 08:51:21','[\"products\\/11-1.jpg\",\"products\\/18.jpg\"]'),(7,5,NULL,NULL,7,2,'Great system, great support, good job Botble. I\'m looking forward to more great functional plugins.','published','2025-01-21 08:51:21','2025-01-21 08:51:21','[\"products\\/4.jpg\",\"products\\/10-2.jpg\",\"products\\/19.jpg\"]'),(8,6,NULL,NULL,15,2,'Customer Support are grade (A*), however the code is a way too over engineered for it\'s purpose.','published','2025-01-21 08:51:21','2025-01-21 08:51:21','[\"products\\/5-1.jpg\"]'),(9,1,NULL,NULL,22,1,'Great E-commerce system. And much more : Wonderful Customer Support.','published','2025-01-21 08:51:21','2025-01-21 08:51:21','[\"products\\/5-1.jpg\",\"products\\/5.jpg\",\"products\\/18-2.jpg\",\"products\\/21-2.jpg\"]'),(10,8,NULL,NULL,14,5,'Clean & perfect source code','published','2025-01-21 08:51:21','2025-01-21 08:51:21','[\"products\\/5-2.jpg\",\"products\\/8.jpg\",\"products\\/13.jpg\",\"products\\/18-3.jpg\"]'),(11,5,NULL,NULL,20,2,'Best ecommerce CMS online store!','published','2025-01-21 08:51:21','2025-01-21 08:51:21','[\"products\\/1.jpg\",\"products\\/22-2.jpg\"]'),(12,1,NULL,NULL,4,4,'The best store template! Excellent coding! Very good support! Thank you so much for all the help, I really appreciated.','published','2025-01-21 08:51:21','2025-01-21 08:51:21','[\"products\\/4.jpg\",\"products\\/11.jpg\",\"products\\/19-3.jpg\"]'),(13,8,NULL,NULL,22,2,'Amazing code, amazing support. Overall, im really confident in Botble and im happy I made the right choice! Thank you so much guys for coding this masterpiece','published','2025-01-21 08:51:21','2025-01-21 08:51:21','[\"products\\/10.jpg\",\"products\\/12-1.jpg\",\"products\\/12-2.jpg\"]'),(14,1,NULL,NULL,7,3,'This script is well coded and is super fast. The support is pretty quick. Very patient and helpful team. I strongly recommend it and they deserve more than 5 stars.','published','2025-01-21 08:51:21','2025-01-21 08:51:21','[\"products\\/14.jpg\",\"products\\/17-3.jpg\",\"products\\/18.jpg\"]'),(15,8,NULL,NULL,3,3,'It\'s not my first experience here on Codecanyon and I can honestly tell you all that Botble puts a LOT of effort into the support. They answer so fast, they helped me tons of times. REALLY by far THE BEST EXPERIENCE on Codecanyon. Those guys at Botble are so good that they deserve 5 stars. I recommend them, I trust them and I can\'t wait to see what they will sell in a near future. Thank you Botble :)','published','2025-01-21 08:51:21','2025-01-21 08:51:21','[\"products\\/20.jpg\",\"products\\/23-2.jpg\"]'),(16,10,NULL,NULL,10,3,'Second or third time that I buy a Botble product, happy with the products and support. You guys do a good job :)','published','2025-01-21 08:51:21','2025-01-21 08:51:21','[\"products\\/15.jpg\",\"products\\/18-3.jpg\",\"products\\/20.jpg\"]'),(17,1,NULL,NULL,16,5,'As a developer I reviewed this script. This is really awesome ecommerce script. I have convinced when I noticed that it\'s built on fully WordPress concept.','published','2025-01-21 08:51:21','2025-01-21 08:51:21','[\"products\\/5.jpg\",\"products\\/12-3.jpg\"]'),(18,5,NULL,NULL,11,2,'Best ecommerce CMS online store!','published','2025-01-21 08:51:21','2025-01-21 08:51:21','[\"products\\/17-1.jpg\",\"products\\/18-1.jpg\"]'),(19,2,NULL,NULL,9,4,'Best ecommerce CMS online store!','published','2025-01-21 08:51:21','2025-01-21 08:51:21','[\"products\\/5-1.jpg\",\"products\\/20-3.jpg\",\"products\\/22-1.jpg\"]'),(20,5,NULL,NULL,14,1,'Amazing code, amazing support. Overall, im really confident in Botble and im happy I made the right choice! Thank you so much guys for coding this masterpiece','published','2025-01-21 08:51:21','2025-01-21 08:51:21','[\"products\\/23-3.jpg\"]'),(21,7,NULL,NULL,15,2,'The script is the best of its class, fast, easy to implement and work with , and the most important thing is the great support team , Recommend with no doubt.','published','2025-01-21 08:51:21','2025-01-21 08:51:21','[\"products\\/12.jpg\"]'),(22,6,NULL,NULL,1,2,'Ok good product. I have some issues in customizations. But its not correct to blame the developer. The product is good. Good luck for your business.','published','2025-01-21 08:51:21','2025-01-21 08:51:21','[\"products\\/11-2.jpg\",\"products\\/21-2.jpg\",\"products\\/22-1.jpg\"]'),(23,7,NULL,NULL,7,4,'Perfect +++++++++ i love it really also i get to fast ticket answers... Thanks Lot BOTBLE Teams','published','2025-01-21 08:51:21','2025-01-21 08:51:21','[\"products\\/9-1.jpg\",\"products\\/23.jpg\"]'),(24,1,NULL,NULL,23,4,'This script is well coded and is super fast. The support is pretty quick. Very patient and helpful team. I strongly recommend it and they deserve more than 5 stars.','published','2025-01-21 08:51:21','2025-01-21 08:51:21','[\"products\\/8-3.jpg\",\"products\\/14.jpg\",\"products\\/21.jpg\"]'),(25,6,NULL,NULL,7,1,'It\'s not my first experience here on Codecanyon and I can honestly tell you all that Botble puts a LOT of effort into the support. They answer so fast, they helped me tons of times. REALLY by far THE BEST EXPERIENCE on Codecanyon. Those guys at Botble are so good that they deserve 5 stars. I recommend them, I trust them and I can\'t wait to see what they will sell in a near future. Thank you Botble :)','published','2025-01-21 08:51:21','2025-01-21 08:51:21','[\"products\\/8.jpg\",\"products\\/18-1.jpg\",\"products\\/20-1.jpg\",\"products\\/23.jpg\"]'),(27,7,NULL,NULL,5,2,'Best ecommerce CMS online store!','published','2025-01-21 08:51:21','2025-01-21 08:51:21','[\"products\\/11-3.jpg\",\"products\\/13.jpg\",\"products\\/23-1.jpg\",\"products\\/23.jpg\"]'),(29,1,NULL,NULL,20,4,'Solution is too robust for our purpose so we didn\'t use it at the end. But I appreciate customer support during initial configuration.','published','2025-01-21 08:51:21','2025-01-21 08:51:21','[\"products\\/2-3.jpg\",\"products\\/12.jpg\"]'),(30,5,NULL,NULL,1,4,'The best ecommerce CMS! Excellent coding! best support service! Thank you so much..... I really like your hard work.','published','2025-01-21 08:51:21','2025-01-21 08:51:21','[\"products\\/6.jpg\",\"products\\/8.jpg\",\"products\\/11-2.jpg\"]'),(31,4,NULL,NULL,14,5,'For me the best eCommerce script on Envato at this moment: modern, clean code, a lot of great features. The customer support is great too: I always get an answer within hours!','published','2025-01-21 08:51:21','2025-01-21 08:51:21','[\"products\\/7.jpg\",\"products\\/10-2.jpg\",\"products\\/19.jpg\"]'),(32,10,NULL,NULL,9,3,'Cool template. Excellent code quality. The support responds very quickly, which is very rare on themeforest and codecanyon.net, I buy a lot of templates, and everyone will have a response from technical support for two or three days. Thanks to tech support. I recommend to buy.','published','2025-01-21 08:51:21','2025-01-21 08:51:21','[\"products\\/15-1.jpg\",\"products\\/20-3.jpg\"]'),(34,5,NULL,NULL,12,4,'The code is good, in general, if you like it, can you give it 5 stars?','published','2025-01-21 08:51:21','2025-01-21 08:51:21','[\"products\\/23-2.jpg\"]'),(35,1,NULL,NULL,12,5,'The script is the best of its class, fast, easy to implement and work with , and the most important thing is the great support team , Recommend with no doubt.','published','2025-01-21 08:51:21','2025-01-21 08:51:21','[\"products\\/5-3.jpg\",\"products\\/7.jpg\",\"products\\/20-3.jpg\",\"products\\/22-3.jpg\"]'),(38,7,NULL,NULL,1,2,'These guys are amazing! Responses immediately, amazing support and help... I immediately feel at ease after Purchasing..','published','2025-01-21 08:51:21','2025-01-21 08:51:21','[\"products\\/6.jpg\",\"products\\/12-1.jpg\"]'),(39,5,NULL,NULL,10,3,'Great system, great support, good job Botble. I\'m looking forward to more great functional plugins.','published','2025-01-21 08:51:21','2025-01-21 08:51:21','[\"products\\/1.jpg\",\"products\\/9.jpg\",\"products\\/19-1.jpg\",\"products\\/22.jpg\"]'),(40,10,NULL,NULL,4,5,'Clean & perfect source code','published','2025-01-21 08:51:21','2025-01-21 08:51:21','[\"products\\/6.jpg\"]'),(43,1,NULL,NULL,1,3,'The code is good, in general, if you like it, can you give it 5 stars?','published','2025-01-21 08:51:21','2025-01-21 08:51:21','[\"products\\/5.jpg\"]'),(44,7,NULL,NULL,11,1,'Great E-commerce system. And much more : Wonderful Customer Support.','published','2025-01-21 08:51:21','2025-01-21 08:51:21','[\"products\\/3.jpg\",\"products\\/17.jpg\",\"products\\/18-1.jpg\",\"products\\/23-1.jpg\"]'),(45,3,NULL,NULL,17,1,'Clean & perfect source code','published','2025-01-21 08:51:21','2025-01-21 08:51:21','[\"products\\/5-3.jpg\"]'),(46,10,NULL,NULL,5,1,'Very enthusiastic support! Excellent code is written. It\'s a true pleasure working with.','published','2025-01-21 08:51:21','2025-01-21 08:51:21','[\"products\\/14.jpg\",\"products\\/16.jpg\"]'),(47,4,NULL,NULL,18,4,'Second or third time that I buy a Botble product, happy with the products and support. You guys do a good job :)','published','2025-01-21 08:51:21','2025-01-21 08:51:21','[\"products\\/4.jpg\",\"products\\/7.jpg\",\"products\\/9-2.jpg\",\"products\\/12-1.jpg\"]'),(48,6,NULL,NULL,10,5,'As a developer I reviewed this script. This is really awesome ecommerce script. I have convinced when I noticed that it\'s built on fully WordPress concept.','published','2025-01-21 08:51:21','2025-01-21 08:51:21','[\"products\\/11.jpg\",\"products\\/21-2.jpg\",\"products\\/23-3.jpg\",\"products\\/23.jpg\"]'),(49,8,NULL,NULL,2,5,'Clean & perfect source code','published','2025-01-21 08:51:21','2025-01-21 08:51:21','[\"products\\/2-1.jpg\",\"products\\/4.jpg\",\"products\\/12-3.jpg\",\"products\\/22-3.jpg\"]'),(50,3,NULL,NULL,11,3,'It\'s not my first experience here on Codecanyon and I can honestly tell you all that Botble puts a LOT of effort into the support. They answer so fast, they helped me tons of times. REALLY by far THE BEST EXPERIENCE on Codecanyon. Those guys at Botble are so good that they deserve 5 stars. I recommend them, I trust them and I can\'t wait to see what they will sell in a near future. Thank you Botble :)','published','2025-01-21 08:51:21','2025-01-21 08:51:21','[\"products\\/2.jpg\",\"products\\/15.jpg\",\"products\\/17-1.jpg\",\"products\\/20.jpg\"]'),(51,10,NULL,NULL,12,2,'Cool template. Excellent code quality. The support responds very quickly, which is very rare on themeforest and codecanyon.net, I buy a lot of templates, and everyone will have a response from technical support for two or three days. Thanks to tech support. I recommend to buy.','published','2025-01-21 08:51:21','2025-01-21 08:51:21','[\"products\\/11.jpg\"]'),(52,5,NULL,NULL,3,4,'I Love this Script. I also found how to add other fees. Now I just wait the BIG update for the Marketplace with the Bulk Import. Just do not forget to make it to be Multi-language for us the Botble Fans.','published','2025-01-21 08:51:21','2025-01-21 08:51:21','[\"products\\/12-1.jpg\",\"products\\/17-1.jpg\",\"products\\/22-3.jpg\",\"products\\/23-2.jpg\"]'),(53,4,NULL,NULL,12,5,'The best ecommerce CMS! Excellent coding! best support service! Thank you so much..... I really like your hard work.','published','2025-01-21 08:51:21','2025-01-21 08:51:21','[\"products\\/21.jpg\"]'),(54,2,NULL,NULL,17,3,'Ok good product. I have some issues in customizations. But its not correct to blame the developer. The product is good. Good luck for your business.','published','2025-01-21 08:51:21','2025-01-21 08:51:21','[\"products\\/11-1.jpg\",\"products\\/19-2.jpg\"]'),(55,5,NULL,NULL,6,1,'It\'s not my first experience here on Codecanyon and I can honestly tell you all that Botble puts a LOT of effort into the support. They answer so fast, they helped me tons of times. REALLY by far THE BEST EXPERIENCE on Codecanyon. Those guys at Botble are so good that they deserve 5 stars. I recommend them, I trust them and I can\'t wait to see what they will sell in a near future. Thank you Botble :)','published','2025-01-21 08:51:21','2025-01-21 08:51:21','[\"products\\/10.jpg\",\"products\\/18.jpg\",\"products\\/22-1.jpg\"]'),(56,10,NULL,NULL,23,2,'Cool template. Excellent code quality. The support responds very quickly, which is very rare on themeforest and codecanyon.net, I buy a lot of templates, and everyone will have a response from technical support for two or three days. Thanks to tech support. I recommend to buy.','published','2025-01-21 08:51:21','2025-01-21 08:51:21','[\"products\\/17-1.jpg\"]'),(57,3,NULL,NULL,5,1,'Cool template. Excellent code quality. The support responds very quickly, which is very rare on themeforest and codecanyon.net, I buy a lot of templates, and everyone will have a response from technical support for two or three days. Thanks to tech support. I recommend to buy.','published','2025-01-21 08:51:21','2025-01-21 08:51:21','[\"products\\/9-1.jpg\",\"products\\/11-2.jpg\",\"products\\/12-3.jpg\",\"products\\/16.jpg\"]'),(60,8,NULL,NULL,17,2,'This script is well coded and is super fast. The support is pretty quick. Very patient and helpful team. I strongly recommend it and they deserve more than 5 stars.','published','2025-01-21 08:51:21','2025-01-21 08:51:21','[\"products\\/5-1.jpg\",\"products\\/11-1.jpg\",\"products\\/12-3.jpg\",\"products\\/17-2.jpg\"]'),(63,7,NULL,NULL,3,2,'Very enthusiastic support! Excellent code is written. It\'s a true pleasure working with.','published','2025-01-21 08:51:21','2025-01-21 08:51:21','[\"products\\/16.jpg\"]'),(64,7,NULL,NULL,18,3,'This script is well coded and is super fast. The support is pretty quick. Very patient and helpful team. I strongly recommend it and they deserve more than 5 stars.','published','2025-01-21 08:51:21','2025-01-21 08:51:21','[\"products\\/2-3.jpg\",\"products\\/18.jpg\",\"products\\/19-1.jpg\",\"products\\/21.jpg\"]'),(65,10,NULL,NULL,22,1,'Cool template. Excellent code quality. The support responds very quickly, which is very rare on themeforest and codecanyon.net, I buy a lot of templates, and everyone will have a response from technical support for two or three days. Thanks to tech support. I recommend to buy.','published','2025-01-21 08:51:21','2025-01-21 08:51:21','[\"products\\/5-1.jpg\",\"products\\/12-3.jpg\",\"products\\/23-3.jpg\"]'),(66,6,NULL,NULL,4,5,'Ok good product. I have some issues in customizations. But its not correct to blame the developer. The product is good. Good luck for your business.','published','2025-01-21 08:51:21','2025-01-21 08:51:21','[\"products\\/2.jpg\",\"products\\/12.jpg\",\"products\\/19.jpg\"]'),(67,4,NULL,NULL,19,1,'I Love this Script. I also found how to add other fees. Now I just wait the BIG update for the Marketplace with the Bulk Import. Just do not forget to make it to be Multi-language for us the Botble Fans.','published','2025-01-21 08:51:21','2025-01-21 08:51:21','[\"products\\/13-1.jpg\"]'),(68,8,NULL,NULL,12,4,'Customer Support are grade (A*), however the code is a way too over engineered for it\'s purpose.','published','2025-01-21 08:51:21','2025-01-21 08:51:21','[\"products\\/19.jpg\"]'),(69,2,NULL,NULL,7,4,'Those guys now what they are doing, the release such a good product that it\'s a pleasure to work with ! Even when I was stuck on the project, I created a ticket and the next day it was replied by the team. GOOD JOB guys. I love working with them :)','published','2025-01-21 08:51:21','2025-01-21 08:51:21','[\"products\\/19.jpg\",\"products\\/23-1.jpg\"]'),(71,7,NULL,NULL,23,3,'Customer Support are grade (A*), however the code is a way too over engineered for it\'s purpose.','published','2025-01-21 08:51:21','2025-01-21 08:51:21','[\"products\\/21.jpg\"]'),(72,3,NULL,NULL,1,3,'Great system, great support, good job Botble. I\'m looking forward to more great functional plugins.','published','2025-01-21 08:51:21','2025-01-21 08:51:21','[\"products\\/19-2.jpg\"]'),(73,6,NULL,NULL,20,4,'Great E-commerce system. And much more : Wonderful Customer Support.','published','2025-01-21 08:51:21','2025-01-21 08:51:21','[\"products\\/4-2.jpg\",\"products\\/5-3.jpg\",\"products\\/11-1.jpg\",\"products\\/22-1.jpg\"]'),(76,10,NULL,NULL,7,1,'Perfect +++++++++ i love it really also i get to fast ticket answers... Thanks Lot BOTBLE Teams','published','2025-01-21 08:51:21','2025-01-21 08:51:21','[\"products\\/4.jpg\",\"products\\/10.jpg\",\"products\\/11-2.jpg\",\"products\\/12-1.jpg\"]'),(78,8,NULL,NULL,16,4,'Clean & perfect source code','published','2025-01-21 08:51:21','2025-01-21 08:51:21','[\"products\\/2.jpg\",\"products\\/4.jpg\"]'),(80,6,NULL,NULL,14,4,'This script is well coded and is super fast. The support is pretty quick. Very patient and helpful team. I strongly recommend it and they deserve more than 5 stars.','published','2025-01-21 08:51:21','2025-01-21 08:51:21','[\"products\\/2-3.jpg\",\"products\\/7.jpg\"]'),(81,3,NULL,NULL,10,4,'Second or third time that I buy a Botble product, happy with the products and support. You guys do a good job :)','published','2025-01-21 08:51:21','2025-01-21 08:51:21','[\"products\\/12.jpg\",\"products\\/23-1.jpg\"]'),(84,10,NULL,NULL,15,2,'Second or third time that I buy a Botble product, happy with the products and support. You guys do a good job :)','published','2025-01-21 08:51:21','2025-01-21 08:51:21','[\"products\\/8-2.jpg\",\"products\\/13-1.jpg\"]'),(85,6,NULL,NULL,12,1,'The code is good, in general, if you like it, can you give it 5 stars?','published','2025-01-21 08:51:21','2025-01-21 08:51:21','[\"products\\/8-1.jpg\",\"products\\/22.jpg\"]'),(86,8,NULL,NULL,5,4,'This script is well coded and is super fast. The support is pretty quick. Very patient and helpful team. I strongly recommend it and they deserve more than 5 stars.','published','2025-01-21 08:51:21','2025-01-21 08:51:21','[\"products\\/2.jpg\",\"products\\/8.jpg\",\"products\\/10.jpg\",\"products\\/23-3.jpg\"]'),(87,7,NULL,NULL,17,1,'These guys are amazing! Responses immediately, amazing support and help... I immediately feel at ease after Purchasing..','published','2025-01-21 08:51:21','2025-01-21 08:51:21','[\"products\\/10.jpg\",\"products\\/16.jpg\"]'),(89,4,NULL,NULL,10,1,'I Love this Script. I also found how to add other fees. Now I just wait the BIG update for the Marketplace with the Bulk Import. Just do not forget to make it to be Multi-language for us the Botble Fans.','published','2025-01-21 08:51:21','2025-01-21 08:51:21','[\"products\\/17-2.jpg\"]'),(91,5,NULL,NULL,2,3,'The best store template! Excellent coding! Very good support! Thank you so much for all the help, I really appreciated.','published','2025-01-21 08:51:21','2025-01-21 08:51:21','[\"products\\/19-1.jpg\"]'),(92,9,NULL,NULL,20,5,'This web app is really good in design, code quality & features. Besides, the customer support provided by the Botble team was really fast & helpful. You guys are awesome!','published','2025-01-21 08:51:21','2025-01-21 08:51:21','[\"products\\/12-1.jpg\"]'),(94,5,NULL,NULL,9,1,'Cool template. Excellent code quality. The support responds very quickly, which is very rare on themeforest and codecanyon.net, I buy a lot of templates, and everyone will have a response from technical support for two or three days. Thanks to tech support. I recommend to buy.','published','2025-01-21 08:51:21','2025-01-21 08:51:21','[\"products\\/5-1.jpg\"]'),(95,8,NULL,NULL,4,4,'Second or third time that I buy a Botble product, happy with the products and support. You guys do a good job :)','published','2025-01-21 08:51:21','2025-01-21 08:51:21','[\"products\\/10-1.jpg\",\"products\\/11.jpg\",\"products\\/21-1.jpg\",\"products\\/23-3.jpg\"]'),(96,4,NULL,NULL,13,2,'Very enthusiastic support! Excellent code is written. It\'s a true pleasure working with.','published','2025-01-21 08:51:21','2025-01-21 08:51:21','[\"products\\/4.jpg\",\"products\\/19-2.jpg\",\"products\\/21-1.jpg\"]'),(97,6,NULL,NULL,8,3,'Best ecommerce CMS online store!','published','2025-01-21 08:51:21','2025-01-21 08:51:21','[\"products\\/5.jpg\",\"products\\/9.jpg\",\"products\\/17-1.jpg\",\"products\\/23-3.jpg\"]'),(98,9,NULL,NULL,23,1,'It\'s not my first experience here on Codecanyon and I can honestly tell you all that Botble puts a LOT of effort into the support. They answer so fast, they helped me tons of times. REALLY by far THE BEST EXPERIENCE on Codecanyon. Those guys at Botble are so good that they deserve 5 stars. I recommend them, I trust them and I can\'t wait to see what they will sell in a near future. Thank you Botble :)','published','2025-01-21 08:51:21','2025-01-21 08:51:21','[\"products\\/2.jpg\",\"products\\/4.jpg\",\"products\\/7.jpg\",\"products\\/22-1.jpg\"]'),(100,7,NULL,NULL,6,2,'Good app, good backup service and support. Good documentation.','published','2025-01-21 08:51:21','2025-01-21 08:51:21','[\"products\\/19-2.jpg\",\"products\\/20.jpg\"]'),(101,8,NULL,NULL,6,5,'Good app, good backup service and support. Good documentation.','published','2025-01-21 08:51:21','2025-01-21 08:51:21','[\"products\\/11-2.jpg\",\"products\\/17-2.jpg\",\"products\\/17-3.jpg\",\"products\\/20-1.jpg\"]'),(102,1,NULL,NULL,3,1,'The best store template! Excellent coding! Very good support! Thank you so much for all the help, I really appreciated.','published','2025-01-21 08:51:21','2025-01-21 08:51:21','[\"products\\/11.jpg\",\"products\\/17-2.jpg\",\"products\\/18-2.jpg\"]'),(103,3,NULL,NULL,7,4,'Best ecommerce CMS online store!','published','2025-01-21 08:51:21','2025-01-21 08:51:21','[\"products\\/6.jpg\",\"products\\/14.jpg\",\"products\\/22-2.jpg\"]'),(106,7,NULL,NULL,16,1,'The script is the best of its class, fast, easy to implement and work with , and the most important thing is the great support team , Recommend with no doubt.','published','2025-01-21 08:51:21','2025-01-21 08:51:21','[\"products\\/12-2.jpg\",\"products\\/19-2.jpg\",\"products\\/20-1.jpg\",\"products\\/21.jpg\"]'),(107,9,NULL,NULL,8,2,'It\'s not my first experience here on Codecanyon and I can honestly tell you all that Botble puts a LOT of effort into the support. They answer so fast, they helped me tons of times. REALLY by far THE BEST EXPERIENCE on Codecanyon. Those guys at Botble are so good that they deserve 5 stars. I recommend them, I trust them and I can\'t wait to see what they will sell in a near future. Thank you Botble :)','published','2025-01-21 08:51:21','2025-01-21 08:51:21','[\"products\\/5.jpg\",\"products\\/11-1.jpg\",\"products\\/15.jpg\",\"products\\/21-2.jpg\"]'),(108,7,NULL,NULL,12,1,'Solution is too robust for our purpose so we didn\'t use it at the end. But I appreciate customer support during initial configuration.','published','2025-01-21 08:51:21','2025-01-21 08:51:21','[\"products\\/11-3.jpg\",\"products\\/12-1.jpg\",\"products\\/17-1.jpg\"]'),(110,10,NULL,NULL,8,1,'These guys are amazing! Responses immediately, amazing support and help... I immediately feel at ease after Purchasing..','published','2025-01-21 08:51:21','2025-01-21 08:51:21','[\"products\\/2-3.jpg\",\"products\\/19-2.jpg\"]'),(111,6,NULL,NULL,6,2,'Amazing code, amazing support. Overall, im really confident in Botble and im happy I made the right choice! Thank you so much guys for coding this masterpiece','published','2025-01-21 08:51:21','2025-01-21 08:51:21','[\"products\\/19.jpg\",\"products\\/22-1.jpg\"]'),(113,2,NULL,NULL,14,2,'I Love this Script. I also found how to add other fees. Now I just wait the BIG update for the Marketplace with the Bulk Import. Just do not forget to make it to be Multi-language for us the Botble Fans.','published','2025-01-21 08:51:21','2025-01-21 08:51:21','[\"products\\/2.jpg\",\"products\\/10.jpg\",\"products\\/17-2.jpg\",\"products\\/22-1.jpg\"]'),(114,4,NULL,NULL,6,3,'I Love this Script. I also found how to add other fees. Now I just wait the BIG update for the Marketplace with the Bulk Import. Just do not forget to make it to be Multi-language for us the Botble Fans.','published','2025-01-21 08:51:21','2025-01-21 08:51:21','[\"products\\/4-2.jpg\",\"products\\/11-1.jpg\",\"products\\/19.jpg\"]'),(116,6,NULL,NULL,2,4,'These guys are amazing! Responses immediately, amazing support and help... I immediately feel at ease after Purchasing..','published','2025-01-21 08:51:21','2025-01-21 08:51:21','[\"products\\/19-1.jpg\"]'),(118,4,NULL,NULL,7,4,'Perfect +++++++++ i love it really also i get to fast ticket answers... Thanks Lot BOTBLE Teams','published','2025-01-21 08:51:21','2025-01-21 08:51:21','[\"products\\/2.jpg\",\"products\\/7.jpg\",\"products\\/10.jpg\"]'),(119,2,NULL,NULL,2,2,'Good app, good backup service and support. Good documentation.','published','2025-01-21 08:51:21','2025-01-21 08:51:21','[\"products\\/9-2.jpg\",\"products\\/12.jpg\"]'),(120,8,NULL,NULL,21,3,'It\'s not my first experience here on Codecanyon and I can honestly tell you all that Botble puts a LOT of effort into the support. They answer so fast, they helped me tons of times. REALLY by far THE BEST EXPERIENCE on Codecanyon. Those guys at Botble are so good that they deserve 5 stars. I recommend them, I trust them and I can\'t wait to see what they will sell in a near future. Thank you Botble :)','published','2025-01-21 08:51:21','2025-01-21 08:51:21','[\"products\\/2.jpg\",\"products\\/20.jpg\"]'),(122,7,NULL,NULL,4,5,'I Love this Script. I also found how to add other fees. Now I just wait the BIG update for the Marketplace with the Bulk Import. Just do not forget to make it to be Multi-language for us the Botble Fans.','published','2025-01-21 08:51:21','2025-01-21 08:51:21','[\"products\\/2-3.jpg\",\"products\\/19-1.jpg\",\"products\\/20-1.jpg\",\"products\\/21-2.jpg\"]'),(125,9,NULL,NULL,3,2,'Clean & perfect source code','published','2025-01-21 08:51:21','2025-01-21 08:51:21','[\"products\\/11-2.jpg\"]'),(126,1,NULL,NULL,8,2,'As a developer I reviewed this script. This is really awesome ecommerce script. I have convinced when I noticed that it\'s built on fully WordPress concept.','published','2025-01-21 08:51:21','2025-01-21 08:51:21','[\"products\\/6.jpg\",\"products\\/21.jpg\"]'),(127,5,NULL,NULL,21,1,'We have received brilliant service support and will be expanding the features with the developer. Nice product!','published','2025-01-21 08:51:21','2025-01-21 08:51:21','[\"products\\/2.jpg\",\"products\\/12-1.jpg\",\"products\\/19.jpg\",\"products\\/20-2.jpg\"]'),(128,4,NULL,NULL,5,2,'Very enthusiastic support! Excellent code is written. It\'s a true pleasure working with.','published','2025-01-21 08:51:21','2025-01-21 08:51:21','[\"products\\/8-1.jpg\",\"products\\/17-3.jpg\",\"products\\/21-1.jpg\",\"products\\/22.jpg\"]'),(129,10,NULL,NULL,14,5,'For me the best eCommerce script on Envato at this moment: modern, clean code, a lot of great features. The customer support is great too: I always get an answer within hours!','published','2025-01-21 08:51:21','2025-01-21 08:51:21','[\"products\\/1.jpg\"]'),(130,8,NULL,NULL,18,5,'We have received brilliant service support and will be expanding the features with the developer. Nice product!','published','2025-01-21 08:51:21','2025-01-21 08:51:21','[\"products\\/19-2.jpg\",\"products\\/20.jpg\"]'),(131,2,NULL,NULL,12,4,'Ok good product. I have some issues in customizations. But its not correct to blame the developer. The product is good. Good luck for your business.','published','2025-01-21 08:51:21','2025-01-21 08:51:21','[\"products\\/9-1.jpg\"]'),(132,8,NULL,NULL,9,3,'Great E-commerce system. And much more : Wonderful Customer Support.','published','2025-01-21 08:51:21','2025-01-21 08:51:21','[\"products\\/9-2.jpg\",\"products\\/11-1.jpg\"]'),(133,1,NULL,NULL,13,4,'It\'s not my first experience here on Codecanyon and I can honestly tell you all that Botble puts a LOT of effort into the support. They answer so fast, they helped me tons of times. REALLY by far THE BEST EXPERIENCE on Codecanyon. Those guys at Botble are so good that they deserve 5 stars. I recommend them, I trust them and I can\'t wait to see what they will sell in a near future. Thank you Botble :)','published','2025-01-21 08:51:21','2025-01-21 08:51:21','[\"products\\/15.jpg\",\"products\\/17-2.jpg\"]'),(134,4,NULL,NULL,21,4,'We have received brilliant service support and will be expanding the features with the developer. Nice product!','published','2025-01-21 08:51:21','2025-01-21 08:51:21','[\"products\\/22-1.jpg\"]'),(138,9,NULL,NULL,22,1,'Solution is too robust for our purpose so we didn\'t use it at the end. But I appreciate customer support during initial configuration.','published','2025-01-21 08:51:21','2025-01-21 08:51:21','[\"products\\/9.jpg\",\"products\\/17-3.jpg\"]'),(139,9,NULL,NULL,10,3,'Great system, great support, good job Botble. I\'m looking forward to more great functional plugins.','published','2025-01-21 08:51:21','2025-01-21 08:51:21','[\"products\\/2-1.jpg\",\"products\\/13-1.jpg\",\"products\\/18-2.jpg\",\"products\\/18-3.jpg\"]'),(140,9,NULL,NULL,7,2,'Great system, great support, good job Botble. I\'m looking forward to more great functional plugins.','published','2025-01-21 08:51:21','2025-01-21 08:51:21','[\"products\\/5-3.jpg\"]'),(141,4,NULL,NULL,8,5,'Perfect +++++++++ i love it really also i get to fast ticket answers... Thanks Lot BOTBLE Teams','published','2025-01-21 08:51:21','2025-01-21 08:51:21','[\"products\\/5-3.jpg\",\"products\\/22-3.jpg\",\"products\\/23.jpg\"]'),(142,10,NULL,NULL,19,2,'Best ecommerce CMS online store!','published','2025-01-21 08:51:21','2025-01-21 08:51:21','[\"products\\/8.jpg\",\"products\\/16.jpg\",\"products\\/22-1.jpg\",\"products\\/22-3.jpg\"]'),(143,6,NULL,NULL,22,5,'Cool template. Excellent code quality. The support responds very quickly, which is very rare on themeforest and codecanyon.net, I buy a lot of templates, and everyone will have a response from technical support for two or three days. Thanks to tech support. I recommend to buy.','published','2025-01-21 08:51:21','2025-01-21 08:51:21','[\"products\\/8-1.jpg\",\"products\\/10.jpg\",\"products\\/22-3.jpg\",\"products\\/23-3.jpg\"]'),(144,7,NULL,NULL,20,5,'These guys are amazing! Responses immediately, amazing support and help... I immediately feel at ease after Purchasing..','published','2025-01-21 08:51:21','2025-01-21 08:51:21','[\"products\\/19-3.jpg\"]'),(149,7,NULL,NULL,21,1,'For me the best eCommerce script on Envato at this moment: modern, clean code, a lot of great features. The customer support is great too: I always get an answer within hours!','published','2025-01-21 08:51:21','2025-01-21 08:51:21','[\"products\\/8-1.jpg\",\"products\\/17.jpg\"]'),(151,2,NULL,NULL,11,5,'Second or third time that I buy a Botble product, happy with the products and support. You guys do a good job :)','published','2025-01-21 08:51:21','2025-01-21 08:51:21','[\"products\\/9-1.jpg\",\"products\\/12-1.jpg\",\"products\\/22-2.jpg\"]'),(152,3,NULL,NULL,21,1,'Amazing code, amazing support. Overall, im really confident in Botble and im happy I made the right choice! Thank you so much guys for coding this masterpiece','published','2025-01-21 08:51:21','2025-01-21 08:51:21','[\"products\\/8-2.jpg\",\"products\\/8-3.jpg\",\"products\\/10-2.jpg\",\"products\\/11-1.jpg\"]'),(154,9,NULL,NULL,14,4,'It\'s not my first experience here on Codecanyon and I can honestly tell you all that Botble puts a LOT of effort into the support. They answer so fast, they helped me tons of times. REALLY by far THE BEST EXPERIENCE on Codecanyon. Those guys at Botble are so good that they deserve 5 stars. I recommend them, I trust them and I can\'t wait to see what they will sell in a near future. Thank you Botble :)','published','2025-01-21 08:51:21','2025-01-21 08:51:21','[\"products\\/8.jpg\",\"products\\/9.jpg\",\"products\\/20-1.jpg\"]'),(155,3,NULL,NULL,13,4,'We have received brilliant service support and will be expanding the features with the developer. Nice product!','published','2025-01-21 08:51:21','2025-01-21 08:51:21','[\"products\\/17-2.jpg\",\"products\\/18-1.jpg\"]'),(156,1,NULL,NULL,21,2,'Good app, good backup service and support. Good documentation.','published','2025-01-21 08:51:21','2025-01-21 08:51:21','[\"products\\/21-1.jpg\",\"products\\/23-1.jpg\"]'),(159,4,NULL,NULL,11,5,'Clean & perfect source code','published','2025-01-21 08:51:21','2025-01-21 08:51:21','[\"products\\/9.jpg\",\"products\\/18.jpg\"]'),(160,6,NULL,NULL,13,5,'We have received brilliant service support and will be expanding the features with the developer. Nice product!','published','2025-01-21 08:51:21','2025-01-21 08:51:21','[\"products\\/4.jpg\",\"products\\/12-3.jpg\",\"products\\/19.jpg\"]'),(166,7,NULL,NULL,10,2,'Great E-commerce system. And much more : Wonderful Customer Support.','published','2025-01-21 08:51:21','2025-01-21 08:51:21','[\"products\\/18-1.jpg\"]'),(167,10,NULL,NULL,18,4,'Very enthusiastic support! Excellent code is written. It\'s a true pleasure working with.','published','2025-01-21 08:51:21','2025-01-21 08:51:21','[\"products\\/18-1.jpg\",\"products\\/18-3.jpg\",\"products\\/20-2.jpg\",\"products\\/22-1.jpg\"]'),(170,4,NULL,NULL,4,5,'Very enthusiastic support! Excellent code is written. It\'s a true pleasure working with.','published','2025-01-21 08:51:21','2025-01-21 08:51:21','[\"products\\/4-2.jpg\",\"products\\/9-2.jpg\",\"products\\/18.jpg\",\"products\\/19.jpg\"]'),(171,6,NULL,NULL,16,2,'The code is good, in general, if you like it, can you give it 5 stars?','published','2025-01-21 08:51:21','2025-01-21 08:51:21','[\"products\\/11-2.jpg\",\"products\\/11.jpg\",\"products\\/16.jpg\"]'),(175,8,NULL,NULL,8,4,'Very enthusiastic support! Excellent code is written. It\'s a true pleasure working with.','published','2025-01-21 08:51:21','2025-01-21 08:51:21','[\"products\\/1.jpg\",\"products\\/9-2.jpg\"]'),(176,8,NULL,NULL,7,4,'As a developer I reviewed this script. This is really awesome ecommerce script. I have convinced when I noticed that it\'s built on fully WordPress concept.','published','2025-01-21 08:51:21','2025-01-21 08:51:21','[\"products\\/8-1.jpg\",\"products\\/22-2.jpg\",\"products\\/23-3.jpg\"]'),(177,2,NULL,NULL,10,5,'Great system, great support, good job Botble. I\'m looking forward to more great functional plugins.','published','2025-01-21 08:51:21','2025-01-21 08:51:21','[\"products\\/20-3.jpg\"]'),(180,2,NULL,NULL,16,4,'The code is good, in general, if you like it, can you give it 5 stars?','published','2025-01-21 08:51:21','2025-01-21 08:51:21','[\"products\\/6.jpg\",\"products\\/12-3.jpg\",\"products\\/20-1.jpg\"]'),(182,1,NULL,NULL,2,1,'The script is the best of its class, fast, easy to implement and work with , and the most important thing is the great support team , Recommend with no doubt.','published','2025-01-21 08:51:21','2025-01-21 08:51:21','[\"products\\/5-3.jpg\",\"products\\/12.jpg\",\"products\\/20.jpg\",\"products\\/21-2.jpg\"]'),(184,5,NULL,NULL,4,1,'Good app, good backup service and support. Good documentation.','published','2025-01-21 08:51:21','2025-01-21 08:51:21','[\"products\\/9-2.jpg\"]'),(186,6,NULL,NULL,18,4,'The script is the best of its class, fast, easy to implement and work with , and the most important thing is the great support team , Recommend with no doubt.','published','2025-01-21 08:51:21','2025-01-21 08:51:21','[\"products\\/2-2.jpg\",\"products\\/11.jpg\",\"products\\/14.jpg\",\"products\\/22-3.jpg\"]'),(190,6,NULL,NULL,3,2,'Second or third time that I buy a Botble product, happy with the products and support. You guys do a good job :)','published','2025-01-21 08:51:21','2025-01-21 08:51:21','[\"products\\/15-1.jpg\"]'),(191,3,NULL,NULL,18,3,'As a developer I reviewed this script. This is really awesome ecommerce script. I have convinced when I noticed that it\'s built on fully WordPress concept.','published','2025-01-21 08:51:21','2025-01-21 08:51:21','[\"products\\/2-2.jpg\",\"products\\/5-2.jpg\",\"products\\/21-1.jpg\",\"products\\/23-1.jpg\"]'),(192,10,NULL,NULL,1,5,'Customer Support are grade (A*), however the code is a way too over engineered for it\'s purpose.','published','2025-01-21 08:51:21','2025-01-21 08:51:21','[\"products\\/1.jpg\",\"products\\/9-2.jpg\",\"products\\/12-3.jpg\",\"products\\/21-1.jpg\"]'),(193,9,NULL,NULL,5,2,'We have received brilliant service support and will be expanding the features with the developer. Nice product!','published','2025-01-21 08:51:21','2025-01-21 08:51:21','[\"products\\/4.jpg\",\"products\\/12-3.jpg\",\"products\\/18-1.jpg\",\"products\\/22-2.jpg\"]'),(196,4,NULL,NULL,15,2,'Ok good product. I have some issues in customizations. But its not correct to blame the developer. The product is good. Good luck for your business.','published','2025-01-21 08:51:21','2025-01-21 08:51:21','[\"products\\/5-1.jpg\",\"products\\/11.jpg\",\"products\\/19.jpg\",\"products\\/22-2.jpg\"]'),(198,9,NULL,NULL,2,5,'Those guys now what they are doing, the release such a good product that it\'s a pleasure to work with ! Even when I was stuck on the project, I created a ticket and the next day it was replied by the team. GOOD JOB guys. I love working with them :)','published','2025-01-21 08:51:21','2025-01-21 08:51:21','[\"products\\/7.jpg\",\"products\\/13.jpg\",\"products\\/17-3.jpg\"]'),(199,9,NULL,NULL,17,4,'The best store template! Excellent coding! Very good support! Thank you so much for all the help, I really appreciated.','published','2025-01-21 08:51:21','2025-01-21 08:51:21','[\"products\\/2.jpg\",\"products\\/7.jpg\",\"products\\/17-2.jpg\"]'),(203,3,NULL,NULL,20,3,'It\'s not my first experience here on Codecanyon and I can honestly tell you all that Botble puts a LOT of effort into the support. They answer so fast, they helped me tons of times. REALLY by far THE BEST EXPERIENCE on Codecanyon. Those guys at Botble are so good that they deserve 5 stars. I recommend them, I trust them and I can\'t wait to see what they will sell in a near future. Thank you Botble :)','published','2025-01-21 08:51:21','2025-01-21 08:51:21','[\"products\\/2-3.jpg\",\"products\\/11-1.jpg\",\"products\\/23-2.jpg\"]'),(207,4,NULL,NULL,22,4,'This script is well coded and is super fast. The support is pretty quick. Very patient and helpful team. I strongly recommend it and they deserve more than 5 stars.','published','2025-01-21 08:51:21','2025-01-21 08:51:21','[\"products\\/3.jpg\"]'),(210,2,NULL,NULL,19,3,'Clean & perfect source code','published','2025-01-21 08:51:21','2025-01-21 08:51:21','[\"products\\/13.jpg\",\"products\\/14.jpg\"]'),(212,2,NULL,NULL,4,1,'The code is good, in general, if you like it, can you give it 5 stars?','published','2025-01-21 08:51:21','2025-01-21 08:51:21','[\"products\\/2-1.jpg\",\"products\\/6.jpg\",\"products\\/18-2.jpg\",\"products\\/20-2.jpg\"]'),(213,4,NULL,NULL,16,1,'Clean & perfect source code','published','2025-01-21 08:51:21','2025-01-21 08:51:21','[\"products\\/18-1.jpg\",\"products\\/20-2.jpg\"]'),(216,3,NULL,NULL,3,4,'Best ecommerce CMS online store!','published','2025-01-21 08:51:21','2025-01-21 08:51:21','[\"products\\/9.jpg\"]'),(221,7,NULL,NULL,2,1,'Second or third time that I buy a Botble product, happy with the products and support. You guys do a good job :)','published','2025-01-21 08:51:21','2025-01-21 08:51:21','[\"products\\/3.jpg\",\"products\\/5.jpg\",\"products\\/18-1.jpg\",\"products\\/19-2.jpg\"]'),(223,9,NULL,NULL,13,2,'Cool template. Excellent code quality. The support responds very quickly, which is very rare on themeforest and codecanyon.net, I buy a lot of templates, and everyone will have a response from technical support for two or three days. Thanks to tech support. I recommend to buy.','published','2025-01-21 08:51:21','2025-01-21 08:51:21','[\"products\\/10.jpg\",\"products\\/13-1.jpg\",\"products\\/18.jpg\",\"products\\/20-2.jpg\"]'),(228,10,NULL,NULL,3,3,'Perfect +++++++++ i love it really also i get to fast ticket answers... Thanks Lot BOTBLE Teams','published','2025-01-21 08:51:21','2025-01-21 08:51:21','[\"products\\/2-3.jpg\",\"products\\/11-3.jpg\",\"products\\/17-3.jpg\",\"products\\/20-2.jpg\"]'),(230,2,NULL,NULL,20,2,'Perfect +++++++++ i love it really also i get to fast ticket answers... Thanks Lot BOTBLE Teams','published','2025-01-21 08:51:21','2025-01-21 08:51:21','[\"products\\/7.jpg\",\"products\\/12.jpg\",\"products\\/17-3.jpg\",\"products\\/18-2.jpg\"]'),(233,9,NULL,NULL,16,3,'This web app is really good in design, code quality & features. Besides, the customer support provided by the Botble team was really fast & helpful. You guys are awesome!','published','2025-01-21 08:51:21','2025-01-21 08:51:21','[\"products\\/10-2.jpg\",\"products\\/10.jpg\"]'),(235,10,NULL,NULL,11,1,'This web app is really good in design, code quality & features. Besides, the customer support provided by the Botble team was really fast & helpful. You guys are awesome!','published','2025-01-21 08:51:21','2025-01-21 08:51:21','[\"products\\/2.jpg\",\"products\\/23.jpg\"]'),(237,9,NULL,NULL,19,1,'Perfect +++++++++ i love it really also i get to fast ticket answers... Thanks Lot BOTBLE Teams','published','2025-01-21 08:51:21','2025-01-21 08:51:21','[\"products\\/17-3.jpg\",\"products\\/18-3.jpg\"]'),(238,10,NULL,NULL,13,1,'Best ecommerce CMS online store!','published','2025-01-21 08:51:21','2025-01-21 08:51:21','[\"products\\/4-2.jpg\",\"products\\/18-3.jpg\",\"products\\/18.jpg\",\"products\\/23-2.jpg\"]'),(240,5,NULL,NULL,23,2,'Perfect +++++++++ i love it really also i get to fast ticket answers... Thanks Lot BOTBLE Teams','published','2025-01-21 08:51:21','2025-01-21 08:51:21','[\"products\\/18.jpg\",\"products\\/23-3.jpg\"]'),(245,3,NULL,NULL,12,5,'This script is well coded and is super fast. The support is pretty quick. Very patient and helpful team. I strongly recommend it and they deserve more than 5 stars.','published','2025-01-21 08:51:21','2025-01-21 08:51:21','[\"products\\/4-1.jpg\",\"products\\/16.jpg\"]'),(248,4,NULL,NULL,2,4,'The best store template! Excellent coding! Very good support! Thank you so much for all the help, I really appreciated.','published','2025-01-21 08:51:21','2025-01-21 08:51:21','[\"products\\/4.jpg\",\"products\\/19-1.jpg\",\"products\\/20-3.jpg\"]'),(253,5,NULL,NULL,22,5,'Best ecommerce CMS online store!','published','2025-01-21 08:51:21','2025-01-21 08:51:21','[\"products\\/4.jpg\"]'),(254,3,NULL,NULL,23,5,'We have received brilliant service support and will be expanding the features with the developer. Nice product!','published','2025-01-21 08:51:21','2025-01-21 08:51:21','[\"products\\/10-1.jpg\",\"products\\/11.jpg\",\"products\\/22.jpg\"]'),(258,8,NULL,NULL,23,1,'It\'s not my first experience here on Codecanyon and I can honestly tell you all that Botble puts a LOT of effort into the support. They answer so fast, they helped me tons of times. REALLY by far THE BEST EXPERIENCE on Codecanyon. Those guys at Botble are so good that they deserve 5 stars. I recommend them, I trust them and I can\'t wait to see what they will sell in a near future. Thank you Botble :)','published','2025-01-21 08:51:21','2025-01-21 08:51:21','[\"products\\/15-1.jpg\",\"products\\/18.jpg\"]'),(262,3,NULL,NULL,6,4,'These guys are amazing! Responses immediately, amazing support and help... I immediately feel at ease after Purchasing..','published','2025-01-21 08:51:21','2025-01-21 08:51:21','[\"products\\/9.jpg\",\"products\\/10-2.jpg\",\"products\\/10.jpg\",\"products\\/15.jpg\"]'),(265,9,NULL,NULL,18,4,'I Love this Script. I also found how to add other fees. Now I just wait the BIG update for the Marketplace with the Bulk Import. Just do not forget to make it to be Multi-language for us the Botble Fans.','published','2025-01-21 08:51:21','2025-01-21 08:51:21','[\"products\\/8-3.jpg\",\"products\\/17.jpg\",\"products\\/21.jpg\",\"products\\/22-1.jpg\"]'),(269,3,NULL,NULL,15,4,'This web app is really good in design, code quality & features. Besides, the customer support provided by the Botble team was really fast & helpful. You guys are awesome!','published','2025-01-21 08:51:21','2025-01-21 08:51:21','[\"products\\/23-3.jpg\"]'),(273,3,NULL,NULL,8,4,'The best store template! Excellent coding! Very good support! Thank you so much for all the help, I really appreciated.','published','2025-01-21 08:51:21','2025-01-21 08:51:21','[\"products\\/19-2.jpg\"]'),(274,1,NULL,NULL,6,1,'The code is good, in general, if you like it, can you give it 5 stars?','published','2025-01-21 08:51:21','2025-01-21 08:51:21','[\"products\\/5-3.jpg\",\"products\\/9-2.jpg\",\"products\\/10.jpg\",\"products\\/21-2.jpg\"]'),(278,5,NULL,NULL,8,2,'Those guys now what they are doing, the release such a good product that it\'s a pleasure to work with ! Even when I was stuck on the project, I created a ticket and the next day it was replied by the team. GOOD JOB guys. I love working with them :)','published','2025-01-21 08:51:21','2025-01-21 08:51:21','[\"products\\/1.jpg\"]'),(289,2,NULL,NULL,5,2,'Great E-commerce system. And much more : Wonderful Customer Support.','published','2025-01-21 08:51:21','2025-01-21 08:51:21','[\"products\\/18.jpg\",\"products\\/21-1.jpg\"]'),(294,1,NULL,NULL,14,3,'This web app is really good in design, code quality & features. Besides, the customer support provided by the Botble team was really fast & helpful. You guys are awesome!','published','2025-01-21 08:51:21','2025-01-21 08:51:21','[\"products\\/11.jpg\",\"products\\/17-1.jpg\"]'),(297,9,NULL,NULL,9,5,'Second or third time that I buy a Botble product, happy with the products and support. You guys do a good job :)','published','2025-01-21 08:51:21','2025-01-21 08:51:21','[\"products\\/13.jpg\",\"products\\/15-1.jpg\"]'),(312,9,NULL,NULL,11,3,'Customer Support are grade (A*), however the code is a way too over engineered for it\'s purpose.','published','2025-01-21 08:51:21','2025-01-21 08:51:21','[\"products\\/5.jpg\",\"products\\/8-3.jpg\",\"products\\/12-1.jpg\",\"products\\/21.jpg\"]'),(317,8,NULL,NULL,19,3,'Best ecommerce CMS online store!','published','2025-01-21 08:51:21','2025-01-21 08:51:21','[\"products\\/7.jpg\",\"products\\/18-2.jpg\",\"products\\/22.jpg\"]'),(318,2,NULL,NULL,18,5,'It\'s not my first experience here on Codecanyon and I can honestly tell you all that Botble puts a LOT of effort into the support. They answer so fast, they helped me tons of times. REALLY by far THE BEST EXPERIENCE on Codecanyon. Those guys at Botble are so good that they deserve 5 stars. I recommend them, I trust them and I can\'t wait to see what they will sell in a near future. Thank you Botble :)','published','2025-01-21 08:51:21','2025-01-21 08:51:21','[\"products\\/1.jpg\",\"products\\/10.jpg\",\"products\\/13.jpg\",\"products\\/21.jpg\"]'),(320,4,NULL,NULL,20,5,'Good app, good backup service and support. Good documentation.','published','2025-01-21 08:51:21','2025-01-21 08:51:21','[\"products\\/4-2.jpg\",\"products\\/9-2.jpg\",\"products\\/10-2.jpg\",\"products\\/23-1.jpg\"]'),(333,2,NULL,NULL,22,2,'Perfect +++++++++ i love it really also i get to fast ticket answers... Thanks Lot BOTBLE Teams','published','2025-01-21 08:51:21','2025-01-21 08:51:21','[\"products\\/4-3.jpg\",\"products\\/6.jpg\",\"products\\/17-1.jpg\",\"products\\/23-1.jpg\"]'),(334,5,NULL,NULL,19,5,'This script is well coded and is super fast. The support is pretty quick. Very patient and helpful team. I strongly recommend it and they deserve more than 5 stars.','published','2025-01-21 08:51:21','2025-01-21 08:51:21','[\"products\\/5.jpg\",\"products\\/6.jpg\"]'),(336,10,NULL,NULL,21,2,'Great E-commerce system. And much more : Wonderful Customer Support.','published','2025-01-21 08:51:21','2025-01-21 08:51:21','[\"products\\/6.jpg\",\"products\\/15-1.jpg\",\"products\\/20.jpg\"]'),(339,3,NULL,NULL,14,5,'Great E-commerce system. And much more : Wonderful Customer Support.','published','2025-01-21 08:51:21','2025-01-21 08:51:21','[\"products\\/12-3.jpg\",\"products\\/22-1.jpg\"]'),(340,10,NULL,NULL,6,4,'As a developer I reviewed this script. This is really awesome ecommerce script. I have convinced when I noticed that it\'s built on fully WordPress concept.','published','2025-01-21 08:51:21','2025-01-21 08:51:21','[\"products\\/2-2.jpg\"]'),(342,2,NULL,NULL,1,5,'The code is good, in general, if you like it, can you give it 5 stars?','published','2025-01-21 08:51:21','2025-01-21 08:51:21','[\"products\\/1.jpg\",\"products\\/4.jpg\",\"products\\/8.jpg\",\"products\\/12.jpg\"]'),(346,5,NULL,NULL,16,5,'Customer Support are grade (A*), however the code is a way too over engineered for it\'s purpose.','published','2025-01-21 08:51:21','2025-01-21 08:51:21','[\"products\\/1.jpg\",\"products\\/18-2.jpg\",\"products\\/20.jpg\"]'),(348,2,NULL,NULL,15,2,'Second or third time that I buy a Botble product, happy with the products and support. You guys do a good job :)','published','2025-01-21 08:51:21','2025-01-21 08:51:21','[\"products\\/3.jpg\",\"products\\/17-2.jpg\",\"products\\/19-2.jpg\"]'),(357,1,NULL,NULL,15,3,'Good app, good backup service and support. Good documentation.','published','2025-01-21 08:51:21','2025-01-21 08:51:21','[\"products\\/6.jpg\",\"products\\/11-1.jpg\",\"products\\/17-1.jpg\",\"products\\/21.jpg\"]'),(358,3,NULL,NULL,4,1,'I Love this Script. I also found how to add other fees. Now I just wait the BIG update for the Marketplace with the Bulk Import. Just do not forget to make it to be Multi-language for us the Botble Fans.','published','2025-01-21 08:51:21','2025-01-21 08:51:21','[\"products\\/2-3.jpg\",\"products\\/4.jpg\",\"products\\/18-2.jpg\",\"products\\/20.jpg\"]'),(366,3,NULL,NULL,22,5,'Good app, good backup service and support. Good documentation.','published','2025-01-21 08:51:21','2025-01-21 08:51:21','[\"products\\/12-1.jpg\",\"products\\/13-1.jpg\",\"products\\/18-2.jpg\",\"products\\/18-3.jpg\"]'),(368,1,NULL,NULL,9,5,'Best ecommerce CMS online store!','published','2025-01-21 08:51:21','2025-01-21 08:51:21','[\"products\\/5-2.jpg\",\"products\\/9-2.jpg\",\"products\\/21-2.jpg\"]'),(374,8,NULL,NULL,20,4,'The best ecommerce CMS! Excellent coding! best support service! Thank you so much..... I really like your hard work.','published','2025-01-21 08:51:21','2025-01-21 08:51:21','[\"products\\/2-3.jpg\",\"products\\/23-3.jpg\"]'),(380,4,NULL,NULL,17,2,'This script is well coded and is super fast. The support is pretty quick. Very patient and helpful team. I strongly recommend it and they deserve more than 5 stars.','published','2025-01-21 08:51:21','2025-01-21 08:51:21','[\"products\\/4-1.jpg\",\"products\\/18-3.jpg\"]'),(386,4,NULL,NULL,23,1,'For me the best eCommerce script on Envato at this moment: modern, clean code, a lot of great features. The customer support is great too: I always get an answer within hours!','published','2025-01-21 08:51:21','2025-01-21 08:51:21','[\"products\\/5.jpg\",\"products\\/9-2.jpg\",\"products\\/20.jpg\"]'),(392,4,NULL,NULL,1,2,'It\'s not my first experience here on Codecanyon and I can honestly tell you all that Botble puts a LOT of effort into the support. They answer so fast, they helped me tons of times. REALLY by far THE BEST EXPERIENCE on Codecanyon. Those guys at Botble are so good that they deserve 5 stars. I recommend them, I trust them and I can\'t wait to see what they will sell in a near future. Thank you Botble :)','published','2025-01-21 08:51:21','2025-01-21 08:51:21','[\"products\\/4-3.jpg\",\"products\\/18-2.jpg\",\"products\\/22-3.jpg\",\"products\\/23.jpg\"]'),(393,6,NULL,NULL,21,4,'Very enthusiastic support! Excellent code is written. It\'s a true pleasure working with.','published','2025-01-21 08:51:21','2025-01-21 08:51:21','[\"products\\/23-1.jpg\"]'),(395,5,NULL,NULL,15,4,'Clean & perfect source code','published','2025-01-21 08:51:21','2025-01-21 08:51:21','[\"products\\/12.jpg\",\"products\\/13-1.jpg\",\"products\\/20-2.jpg\"]'),(402,1,NULL,NULL,17,1,'The code is good, in general, if you like it, can you give it 5 stars?','published','2025-01-21 08:51:21','2025-01-21 08:51:21','[\"products\\/11-2.jpg\",\"products\\/19.jpg\"]'),(404,1,NULL,NULL,10,3,'Good app, good backup service and support. Good documentation.','published','2025-01-21 08:51:21','2025-01-21 08:51:21','[\"products\\/5-2.jpg\",\"products\\/9.jpg\",\"products\\/12-2.jpg\"]'),(410,8,NULL,NULL,1,4,'We have received brilliant service support and will be expanding the features with the developer. Nice product!','published','2025-01-21 08:51:21','2025-01-21 08:51:21','[\"products\\/13-1.jpg\",\"products\\/20-1.jpg\"]'),(411,6,NULL,NULL,19,1,'This script is well coded and is super fast. The support is pretty quick. Very patient and helpful team. I strongly recommend it and they deserve more than 5 stars.','published','2025-01-21 08:51:21','2025-01-21 08:51:21','[\"products\\/13-1.jpg\",\"products\\/19-3.jpg\"]'),(414,3,NULL,NULL,9,3,'These guys are amazing! Responses immediately, amazing support and help... I immediately feel at ease after Purchasing..','published','2025-01-21 08:51:21','2025-01-21 08:51:21','[\"products\\/4-1.jpg\",\"products\\/13.jpg\",\"products\\/17-3.jpg\"]'),(418,1,NULL,NULL,11,3,'Cool template. Excellent code quality. The support responds very quickly, which is very rare on themeforest and codecanyon.net, I buy a lot of templates, and everyone will have a response from technical support for two or three days. Thanks to tech support. I recommend to buy.','published','2025-01-21 08:51:21','2025-01-21 08:51:21','[\"products\\/2.jpg\",\"products\\/18-3.jpg\",\"products\\/19.jpg\"]'),(419,9,NULL,NULL,1,3,'These guys are amazing! Responses immediately, amazing support and help... I immediately feel at ease after Purchasing..','published','2025-01-21 08:51:21','2025-01-21 08:51:21','[\"products\\/10-1.jpg\",\"products\\/21-2.jpg\",\"products\\/22.jpg\"]'),(421,5,NULL,NULL,13,1,'The code is good, in general, if you like it, can you give it 5 stars?','published','2025-01-21 08:51:21','2025-01-21 08:51:21','[\"products\\/11-2.jpg\",\"products\\/19-3.jpg\"]'),(422,6,NULL,NULL,23,2,'Very enthusiastic support! Excellent code is written. It\'s a true pleasure working with.','published','2025-01-21 08:51:21','2025-01-21 08:51:21','[\"products\\/5.jpg\",\"products\\/8-1.jpg\",\"products\\/9-2.jpg\",\"products\\/22-2.jpg\"]'),(436,9,NULL,NULL,4,1,'The code is good, in general, if you like it, can you give it 5 stars?','published','2025-01-21 08:51:21','2025-01-21 08:51:21','[\"products\\/11-2.jpg\",\"products\\/17-3.jpg\",\"products\\/22-1.jpg\"]'),(447,2,NULL,NULL,23,1,'Best ecommerce CMS online store!','published','2025-01-21 08:51:21','2025-01-21 08:51:21','[\"products\\/6.jpg\",\"products\\/8.jpg\",\"products\\/23-1.jpg\"]'),(460,6,NULL,NULL,5,4,'This web app is really good in design, code quality & features. Besides, the customer support provided by the Botble team was really fast & helpful. You guys are awesome!','published','2025-01-21 08:51:21','2025-01-21 08:51:21','[\"products\\/5.jpg\",\"products\\/13.jpg\",\"products\\/18.jpg\"]'),(463,2,NULL,NULL,21,3,'We have received brilliant service support and will be expanding the features with the developer. Nice product!','published','2025-01-21 08:51:21','2025-01-21 08:51:21','[\"products\\/4.jpg\",\"products\\/9-1.jpg\",\"products\\/10-1.jpg\",\"products\\/22.jpg\"]'),(468,9,NULL,NULL,21,5,'As a developer I reviewed this script. This is really awesome ecommerce script. I have convinced when I noticed that it\'s built on fully WordPress concept.','published','2025-01-21 08:51:21','2025-01-21 08:51:21','[\"products\\/18-1.jpg\"]'),(471,3,NULL,NULL,19,3,'Second or third time that I buy a Botble product, happy with the products and support. You guys do a good job :)','published','2025-01-21 08:51:21','2025-01-21 08:51:21','[\"products\\/9.jpg\",\"products\\/16.jpg\",\"products\\/19-1.jpg\"]'),(481,2,NULL,NULL,13,1,'Great E-commerce system. And much more : Wonderful Customer Support.','published','2025-01-21 08:51:21','2025-01-21 08:51:21','[\"products\\/19.jpg\"]'),(491,7,NULL,NULL,22,1,'Amazing code, amazing support. Overall, im really confident in Botble and im happy I made the right choice! Thank you so much guys for coding this masterpiece','published','2025-01-21 08:51:21','2025-01-21 08:51:21','[\"products\\/4-1.jpg\",\"products\\/6.jpg\",\"products\\/10.jpg\"]'),(501,10,NULL,NULL,17,1,'Amazing code, amazing support. Overall, im really confident in Botble and im happy I made the right choice! Thank you so much guys for coding this masterpiece','published','2025-01-21 08:51:21','2025-01-21 08:51:21','[\"products\\/8-3.jpg\",\"products\\/11-3.jpg\",\"products\\/18-2.jpg\"]'),(509,6,NULL,NULL,11,3,'Amazing code, amazing support. Overall, im really confident in Botble and im happy I made the right choice! Thank you so much guys for coding this masterpiece','published','2025-01-21 08:51:21','2025-01-21 08:51:21','[\"products\\/4-2.jpg\",\"products\\/10.jpg\",\"products\\/19-2.jpg\"]'),(514,8,NULL,NULL,10,5,'These guys are amazing! Responses immediately, amazing support and help... I immediately feel at ease after Purchasing..','published','2025-01-21 08:51:21','2025-01-21 08:51:21','[\"products\\/17.jpg\"]'),(519,2,NULL,NULL,3,5,'Clean & perfect source code','published','2025-01-21 08:51:21','2025-01-21 08:51:21','[\"products\\/12-1.jpg\",\"products\\/17-2.jpg\",\"products\\/17-3.jpg\"]'),(522,1,NULL,NULL,18,1,'The best ecommerce CMS! Excellent coding! best support service! Thank you so much..... I really like your hard work.','published','2025-01-21 08:51:21','2025-01-21 08:51:21','[\"products\\/1.jpg\",\"products\\/13.jpg\",\"products\\/19.jpg\"]'),(534,7,NULL,NULL,9,5,'This script is well coded and is super fast. The support is pretty quick. Very patient and helpful team. I strongly recommend it and they deserve more than 5 stars.','published','2025-01-21 08:51:21','2025-01-21 08:51:21','[\"products\\/5-2.jpg\",\"products\\/8.jpg\",\"products\\/12-2.jpg\",\"products\\/18-3.jpg\"]'),(540,10,NULL,NULL,2,3,'Clean & perfect source code','published','2025-01-21 08:51:21','2025-01-21 08:51:21','[\"products\\/2-1.jpg\"]'),(547,3,NULL,NULL,2,3,'Best ecommerce CMS online store!','published','2025-01-21 08:51:21','2025-01-21 08:51:21','[\"products\\/23-3.jpg\"]'),(562,5,NULL,NULL,17,4,'Great system, great support, good job Botble. I\'m looking forward to more great functional plugins.','published','2025-01-21 08:51:21','2025-01-21 08:51:21','[\"products\\/10-1.jpg\"]'),(607,10,NULL,NULL,16,3,'Great E-commerce system. And much more : Wonderful Customer Support.','published','2025-01-21 08:51:21','2025-01-21 08:51:21','[\"products\\/4-3.jpg\",\"products\\/9-2.jpg\",\"products\\/17-2.jpg\",\"products\\/17-3.jpg\"]'),(625,7,NULL,NULL,19,5,'The code is good, in general, if you like it, can you give it 5 stars?','published','2025-01-21 08:51:21','2025-01-21 08:51:21','[\"products\\/4.jpg\",\"products\\/5-1.jpg\",\"products\\/10-1.jpg\",\"products\\/20.jpg\"]'),(631,2,NULL,NULL,6,1,'Customer Support are grade (A*), however the code is a way too over engineered for it\'s purpose.','published','2025-01-21 08:51:21','2025-01-21 08:51:21','[\"products\\/4-2.jpg\"]'),(633,6,NULL,NULL,17,2,'Customer Support are grade (A*), however the code is a way too over engineered for it\'s purpose.','published','2025-01-21 08:51:21','2025-01-21 08:51:21','[\"products\\/10-1.jpg\"]'),(647,9,NULL,NULL,15,5,'Second or third time that I buy a Botble product, happy with the products and support. You guys do a good job :)','published','2025-01-21 08:51:21','2025-01-21 08:51:21','[\"products\\/6.jpg\",\"products\\/17-2.jpg\",\"products\\/21.jpg\"]'),(660,9,NULL,NULL,6,2,'For me the best eCommerce script on Envato at this moment: modern, clean code, a lot of great features. The customer support is great too: I always get an answer within hours!','published','2025-01-21 08:51:21','2025-01-21 08:51:21','[\"products\\/3.jpg\",\"products\\/17-3.jpg\",\"products\\/18-1.jpg\"]'),(664,1,NULL,NULL,5,4,'Customer Support are grade (A*), however the code is a way too over engineered for it\'s purpose.','published','2025-01-21 08:51:21','2025-01-21 08:51:21','[\"products\\/8.jpg\",\"products\\/14.jpg\",\"products\\/15.jpg\",\"products\\/20.jpg\"]'),(822,3,NULL,NULL,16,1,'Ok good product. I have some issues in customizations. But its not correct to blame the developer. The product is good. Good luck for your business.','published','2025-01-21 08:51:21','2025-01-21 08:51:21','[\"products\\/5.jpg\",\"products\\/22-2.jpg\"]'),(834,4,NULL,NULL,3,4,'The best store template! Excellent coding! Very good support! Thank you so much for all the help, I really appreciated.','published','2025-01-21 08:51:21','2025-01-21 08:51:21','[\"products\\/10.jpg\",\"products\\/13.jpg\",\"products\\/17.jpg\"]'),(845,5,NULL,NULL,5,1,'Very enthusiastic support! Excellent code is written. It\'s a true pleasure working with.','published','2025-01-21 08:51:21','2025-01-21 08:51:21','[\"products\\/12-3.jpg\"]'),(913,10,NULL,NULL,20,3,'As a developer I reviewed this script. This is really awesome ecommerce script. I have convinced when I noticed that it\'s built on fully WordPress concept.','published','2025-01-21 08:51:21','2025-01-21 08:51:21','[\"products\\/12-3.jpg\",\"products\\/19-2.jpg\"]'),(931,1,NULL,NULL,19,4,'Best ecommerce CMS online store!','published','2025-01-21 08:51:21','2025-01-21 08:51:21','[\"products\\/4-3.jpg\",\"products\\/8-3.jpg\",\"products\\/10-1.jpg\"]'),(967,8,NULL,NULL,15,5,'Second or third time that I buy a Botble product, happy with the products and support. You guys do a good job :)','published','2025-01-21 08:51:21','2025-01-21 08:51:21','[\"products\\/5-3.jpg\",\"products\\/8-2.jpg\",\"products\\/18-2.jpg\"]');

--
